INSERT INTO `roster_templates` (`id`, `start_time`, `end_time`, `color_code`, `break_minutes`, `shift_notes`, `repeat_shift`, `end_date`, `is_saved`, `created_by`, `created_at`, `updated_at`, `repeat_every`, `working_hours`) VALUES
(1462, '06:30:00', '15:15:00', '#87c256', 0, 'Welcome', '0', '2024-04-18', 0, 1, NULL, NULL, '0', 525),
(1463, '06:30:00', '15:15:00', '#87c256', 0, 'Welcome', '0', '2024-04-18', 0, 1, NULL, NULL, '0', 525),
(1464, '06:30:00', '15:15:00', '#87c256', 0, 'Welcome', '0', '2024-04-18', 0, 1, NULL, NULL, '0', 525),
(1465, '06:30:00', '15:15:00', '#87c256', 0, 'Welcome', '0', '2024-04-18', 0, 1, NULL, NULL, '0', 525),
(1466, '06:30:00', '15:15:00', '#87c256', 0, 'Welcome', '0', '2024-04-18', 0, 1, NULL, NULL, '0', 525),
(1467, '06:30:00', '15:15:00', '#87c256', 0, 'Welcome', '0', '2024-04-19', 0, 1, NULL, NULL, '0', 525),
(1468, '06:30:00', '15:15:00', '#87c256', 0, 'Welcome', '0', '2024-04-19', 0, 1, NULL, NULL, '0', 525),
(1469, '06:30:00', '15:15:00', '#87c256', 0, 'Welcome', '0', '2024-04-19', 0, 1, NULL, NULL, '0', 525),
(1470, '06:30:00', '15:15:00', '#87c256', 0, 'Welcome', '0', '2024-04-19', 0, 1, NULL, NULL, '0', 525),
(1471, '06:30:00', '15:15:00', '#87c256', 0, 'Welcome', '0', '2024-04-19', 0, 1, NULL, NULL, '0', 525),
(1472, '06:30:00', '15:15:00', '#87c256', 0, 'Welcome', '0', '2024-04-19', 0, 1, NULL, NULL, '0', 525),
(1473, '06:30:00', '15:15:00', '#87c256', 0, 'Welcome', '0', '2024-04-19', 0, 1, NULL, NULL, '0', 525),
(1474, '06:30:00', '15:15:00', '#87c256', 0, 'Welcome', '0', '2024-04-19', 0, 1, NULL, NULL, '0', 525),
(1475, '06:30:00', '15:15:00', '#87c256', 0, 'Welcome', '0', '2024-04-19', 0, 1, NULL, NULL, '0', 525),
(1476, '06:30:00', '15:15:00', '#87c256', 0, 'Welcome', '0', '2024-04-19', 0, 1, NULL, NULL, '0', 525),
(1477, '06:30:00', '15:15:00', '#87c256', 0, 'Welcome', '0', '2024-04-19', 0, 1, NULL, NULL, '0', 525),
(1478, '06:30:00', '15:15:00', '#87c256', 0, 'Welcome', '0', '2024-04-19', 0, 1, NULL, NULL, '0', 525),
(1479, '06:30:00', '15:15:00', '#87c256', 0, 'Welcome', '0', '2024-04-19', 0, 1, NULL, NULL, '0', 525),
(1480, '06:30:00', '15:15:00', '#87c256', 0, 'Welcome', '0', '2024-04-19', 0, 1, NULL, NULL, '0', 525),
(1481, '06:30:00', '15:15:00', '#87c256', 0, 'Welcome', '0', '2024-04-19', 0, 1, NULL, NULL, '0', 525),
(1482, '06:30:00', '15:15:00', '#87c256', 0, 'Welcome', '0', '2024-04-19', 0, 1, NULL, NULL, '0', 525),
(1483, '06:30:00', '15:15:00', '#87c256', 0, 'Welcome', '0', '2024-04-19', 0, 1, NULL, NULL, '0', 525),
(1484, '06:30:00', '15:15:00', '#87c256', 0, 'Welcome', '0', '2024-04-19', 0, 1, NULL, NULL, '0', 525),
(1485, '06:30:00', '15:15:00', '#87c256', 0, 'Welcome', '0', '2024-04-19', 0, 1, NULL, NULL, '0', 525),
(1486, '06:30:00', '15:15:00', '#87c256', 0, 'Welcome', '0', '2024-04-19', 0, 1, NULL, NULL, '0', 525),
(1487, '06:30:00', '15:15:00', '#87c256', 0, 'Welcome', '0', '2024-04-19', 0, 1, NULL, NULL, '0', 525),
(1488, '06:30:00', '15:15:00', '#87c256', 0, 'Welcome', '0', '2024-04-19', 0, 1, NULL, NULL, '0', 525),
(1489, '06:30:00', '15:15:00', '#87c256', 0, 'Welcome', '0', '2024-04-19', 0, 1, NULL, NULL, '0', 525),
(1490, '06:30:00', '15:15:00', '#87c256', 0, 'Welcome', '0', '2024-04-19', 0, 1, NULL, NULL, '0', 525),
(1491, '06:30:00', '15:15:00', '#87c256', 0, 'Welcome', '0', '2024-04-19', 0, 1, NULL, NULL, '0', 525),
(1492, '06:30:00', '15:15:00', '#87c256', 0, 'Welcome', '0', '2024-04-19', 0, 1, NULL, NULL, '0', 525),
(1493, '06:30:00', '15:15:00', '#87c256', 0, 'Welcome', '0', '2024-04-19', 0, 1, NULL, NULL, '0', 525),
(1494, '06:30:00', '15:15:00', '#87c256', 0, 'Welcome', '0', '2024-04-19', 0, 1, NULL, NULL, '0', 525),
(1495, '06:30:00', '15:15:00', '#87c256', 0, 'Welcome', '0', '2024-04-19', 0, 1, NULL, NULL, '0', 525),
(1496, '06:30:00', '15:15:00', '#87c256', 0, 'Welcome', '0', '2024-04-19', 0, 1, NULL, NULL, '0', 525),
(1497, '06:30:00', '15:15:00', '#87c256', 0, 'Welcome', '0', '2024-04-19', 0, 1, NULL, NULL, '0', 525),
(1498, '06:30:00', '15:15:00', '#87c256', 0, 'Welcome', '0', '2024-04-19', 0, 1, NULL, NULL, '0', 525),
(1499, '06:30:00', '15:15:00', '#87c256', 0, 'Welcome', '0', '2024-04-19', 0, 1, NULL, NULL, '0', 525),
(1500, '06:30:00', '15:15:00', '#87c256', 0, 'Welcome', '0', '2024-04-19', 0, 1, NULL, NULL, '0', 525),
(1501, '06:30:00', '15:15:00', '#87c256', 0, 'Welcome', '0', '2024-04-19', 0, 1, NULL, NULL, '0', 525),
(1502, '06:30:00', '15:15:00', '#87c256', 0, 'Welcome', '0', '2024-04-19', 0, 1, NULL, NULL, '0', 525),
(1503, '06:30:00', '15:15:00', '#87c256', 0, 'Welcome', '0', '2024-04-19', 0, 1, NULL, NULL, '0', 525),
(1504, '06:30:00', '15:15:00', '#87c256', 0, 'Welcome', '0', '2024-04-19', 0, 1, NULL, NULL, '0', 525),
(1505, '06:30:00', '15:15:00', '#87c256', 0, 'Welcome', '0', '2024-04-19', 0, 1, NULL, NULL, '0', 525),
(1506, '06:30:00', '15:15:00', '#87c256', 0, 'Welcome', '0', '2024-04-19', 0, 1, NULL, NULL, '0', 525),
(1507, '06:30:00', '15:15:00', '#87c256', 0, 'Welcome', '0', '2024-04-19', 0, 1, NULL, NULL, '0', 525),
(1508, '06:30:00', '15:15:00', '#87c256', 0, 'Welcome', '0', '2024-04-19', 0, 1, NULL, NULL, '0', 525),
(1509, '06:30:00', '15:15:00', '#87c256', 0, 'Welcome', '0', '2024-04-19', 0, 1, NULL, NULL, '0', 525),
(1510, '06:30:00', '15:15:00', '#87c256', 0, 'Welcome', '0', '2024-04-19', 0, 1, NULL, NULL, '0', 525),
(1511, '06:30:00', '15:15:00', '#87c256', 0, 'Welcome', '0', '2024-04-19', 0, 1, NULL, NULL, '0', 525),
(1512, '06:30:00', '15:15:00', '#87c256', 0, 'Welcome', '0', '2024-04-19', 0, 1, NULL, NULL, '0', 525),
(1513, '06:30:00', '15:15:00', '#87c256', 0, 'Welcome', '0', '2024-04-19', 0, 1, NULL, NULL, '0', 525),
(1514, '06:30:00', '15:15:00', '#87c256', 0, 'Welcome', '0', '2024-04-19', 0, 1, NULL, NULL, '0', 525),
(1515, '06:30:00', '15:15:00', '#87c256', 0, 'Welcome', '0', '2024-04-19', 0, 1, NULL, NULL, '0', 525),
(1516, '06:30:00', '15:15:00', '#87c256', 0, 'Welcome', '0', '2024-04-19', 0, 1, NULL, NULL, '0', 525),
(1517, '06:30:00', '15:15:00', '#87c256', 0, 'Welcome', '0', '2024-04-19', 0, 1, NULL, NULL, '0', 525),
(1518, '06:30:00', '15:15:00', '#87c256', 0, 'Welcome', '0', '2024-04-19', 0, 1, NULL, NULL, '0', 525),
(1519, '06:30:00', '15:15:00', '#87c256', 0, 'Welcome', '0', '2024-04-19', 0, 1, NULL, NULL, '0', 525),
(1520, '06:30:00', '15:15:00', '#87c256', 0, 'Welcome', '0', '2024-04-19', 0, 1, NULL, NULL, '0', 525),
(1521, '06:30:00', '15:15:00', '#87c256', 0, 'Welcome', '0', '2024-04-19', 0, 1, NULL, NULL, '0', 525),
(1522, '06:30:00', '15:15:00', '#87c256', 0, 'Welcome', '0', '2024-04-19', 0, 1, NULL, NULL, '0', 525),
(1523, '06:30:00', '15:15:00', '#87c256', 0, 'Welcome', '0', '2024-04-19', 0, 1, NULL, NULL, '0', 525),
(1524, '06:30:00', '15:15:00', '#87c256', 0, 'Welcome', '0', '2024-04-19', 0, 1, NULL, NULL, '0', 525),
(1525, '06:30:00', '15:15:00', '#87c256', 0, 'Welcome', '0', '2024-04-19', 0, 1, NULL, NULL, '0', 525),
(1526, '06:30:00', '15:15:00', '#87c256', 0, 'Welcome', '0', '2024-04-19', 0, 1, NULL, NULL, '0', 525),
(1527, '06:30:00', '15:15:00', '#87c256', 0, 'Welcome', '0', '2024-04-19', 0, 1, NULL, NULL, '0', 525),
(1528, '06:30:00', '15:15:00', '#87c256', 0, 'Welcome', '0', '2024-04-19', 0, 1, NULL, NULL, '0', 525),
(1529, '06:30:00', '15:15:00', '#87c256', 0, 'Welcome', '0', '2024-04-19', 0, 1, NULL, NULL, '0', 525),
(1530, '06:30:00', '15:15:00', '#87c256', 0, 'Welcome', '0', '2024-04-19', 0, 1, NULL, NULL, '0', 525),
(1531, '06:30:00', '15:15:00', '#87c256', 0, 'Welcome', '0', '2024-04-19', 0, 1, NULL, NULL, '0', 525),
(1532, '06:30:00', '15:15:00', '#87c256', 0, 'Welcome', '0', '2024-04-20', 0, 1, NULL, NULL, '0', 525),
(1533, '06:30:00', '15:15:00', '#87c256', 0, 'Welcome', '0', '2024-04-20', 0, 1, NULL, NULL, '0', 525),
(1534, '06:30:00', '15:15:00', '#87c256', 0, 'Welcome', '0', '2024-04-20', 0, 1, NULL, NULL, '0', 525),
(1535, '06:30:00', '15:15:00', '#87c256', 0, 'Welcome', '0', '2024-04-20', 0, 1, NULL, NULL, '0', 525),
(1536, '06:30:00', '15:15:00', '#87c256', 0, 'Welcome', '0', '2024-04-20', 0, 1, NULL, NULL, '0', 525),
(1537, '06:30:00', '15:15:00', '#87c256', 0, 'Welcome', '0', '2024-04-20', 0, 1, NULL, NULL, '0', 525),
(1538, '06:30:00', '15:15:00', '#87c256', 0, 'Welcome', '0', '2024-04-20', 0, 1, NULL, NULL, '0', 525),
(1539, '06:30:00', '15:15:00', '#87c256', 0, 'Welcome', '0', '2024-04-20', 0, 1, NULL, NULL, '0', 525),
(1540, '06:30:00', '15:15:00', '#87c256', 0, 'Welcome', '0', '2024-04-20', 0, 1, NULL, NULL, '0', 525),
(1541, '06:30:00', '15:15:00', '#87c256', 0, 'Welcome', '0', '2024-04-20', 0, 1, NULL, NULL, '0', 525),
(1542, '06:30:00', '15:15:00', '#87c256', 0, 'Welcome', '0', '2024-04-20', 0, 1, NULL, NULL, '0', 525),
(1543, '06:30:00', '15:15:00', '#87c256', 0, 'Welcome', '0', '2024-04-20', 0, 1, NULL, NULL, '0', 525),
(1544, '06:30:00', '15:15:00', '#87c256', 0, 'Welcome', '0', '2024-04-20', 0, 1, NULL, NULL, '0', 525),
(1545, '06:30:00', '15:15:00', '#87c256', 0, 'Welcome', '0', '2024-04-20', 0, 1, NULL, NULL, '0', 525),
(1546, '06:30:00', '15:15:00', '#87c256', 0, 'Welcome', '0', '2024-04-20', 0, 1, NULL, NULL, '0', 525),
(1547, '06:30:00', '15:15:00', '#87c256', 0, 'Welcome', '0', '2024-04-20', 0, 1, NULL, NULL, '0', 525),
(1548, '06:30:00', '15:15:00', '#87c256', 0, 'Welcome', '0', '2024-04-20', 0, 1, NULL, NULL, '0', 525),
(1549, '06:30:00', '15:15:00', '#87c256', 0, 'Welcome', '0', '2024-04-20', 0, 1, NULL, NULL, '0', 525),
(1550, '06:30:00', '15:15:00', '#87c256', 0, 'Welcome', '0', '2024-04-20', 0, 1, NULL, NULL, '0', 525),
(1551, '06:30:00', '15:15:00', '#87c256', 0, 'Welcome', '0', '2024-04-20', 0, 1, NULL, NULL, '0', 525),
(1552, '06:30:00', '15:15:00', '#87c256', 0, 'Welcome', '0', '2024-04-20', 0, 1, NULL, NULL, '0', 525),
(1553, '06:30:00', '15:15:00', '#87c256', 0, 'Welcome', '0', '2024-04-20', 0, 1, NULL, NULL, '0', 525),
(1554, '06:30:00', '15:15:00', '#87c256', 0, 'Welcome', '0', '2024-04-20', 0, 1, NULL, NULL, '0', 525),
(1555, '06:30:00', '15:15:00', '#87c256', 0, 'Welcome', '0', '2024-04-20', 0, 1, NULL, NULL, '0', 525),
(1556, '06:30:00', '15:15:00', '#87c256', 0, 'Welcome', '0', '2024-04-20', 0, 1, NULL, NULL, '0', 525),
(1557, '06:30:00', '15:15:00', '#87c256', 0, 'Welcome', '0', '2024-04-20', 0, 1, NULL, NULL, '0', 525),
(1558, '06:30:00', '15:15:00', '#87c256', 0, 'Welcome', '0', '2024-04-20', 0, 1, NULL, NULL, '0', 525),
(1559, '06:30:00', '15:15:00', '#87c256', 0, 'Welcome', '0', '2024-04-20', 0, 1, NULL, NULL, '0', 525),
(1560, '06:30:00', '15:15:00', '#87c256', 0, 'Welcome', '0', '2024-04-20', 0, 1, NULL, NULL, '0', 525),
(1561, '06:30:00', '15:15:00', '#87c256', 0, 'Welcome', '0', '2024-04-20', 0, 1, NULL, NULL, '0', 525),
(1562, '06:30:00', '15:15:00', '#87c256', 0, 'Welcome', '0', '2024-04-20', 0, 1, NULL, NULL, '0', 525),
(1563, '06:30:00', '15:15:00', '#87c256', 0, 'Welcome', '0', '2024-04-20', 0, 1, NULL, NULL, '0', 525),
(1564, '06:30:00', '15:15:00', '#87c256', 0, 'Welcome', '0', '2024-04-20', 0, 1, NULL, NULL, '0', 525),
(1565, '06:30:00', '15:15:00', '#87c256', 0, 'Welcome', '0', '2024-04-20', 0, 1, NULL, NULL, '0', 525),
(1566, '06:30:00', '15:15:00', '#87c256', 0, 'Welcome', '0', '2024-04-20', 0, 1, NULL, NULL, '0', 525),
(1567, '06:30:00', '15:15:00', '#87c256', 0, 'Welcome', '0', '2024-04-20', 0, 1, NULL, NULL, '0', 525),
(1568, '06:30:00', '15:15:00', '#87c256', 0, 'Welcome', '0', '2024-04-20', 0, 1, NULL, NULL, '0', 525),
(1569, '06:30:00', '15:15:00', '#87c256', 0, 'Welcome', '0', '2024-04-20', 0, 1, NULL, NULL, '0', 525),
(1570, '06:30:00', '15:15:00', '#87c256', 0, 'Welcome', '0', '2024-04-20', 0, 1, NULL, NULL, '0', 525),
(1571, '06:30:00', '15:15:00', '#87c256', 0, 'Welcome', '0', '2024-04-20', 0, 1, NULL, NULL, '0', 525),
(1572, '06:30:00', '15:15:00', '#87c256', 0, 'Welcome', '0', '2024-04-20', 0, 1, NULL, NULL, '0', 525),
(1573, '06:30:00', '15:15:00', '#87c256', 0, 'Welcome', '0', '2024-04-20', 0, 1, NULL, NULL, '0', 525),
(1574, '06:30:00', '15:15:00', '#87c256', 0, 'Welcome', '0', '2024-04-20', 0, 1, NULL, NULL, '0', 525),
(1575, '06:30:00', '15:15:00', '#87c256', 0, 'Welcome', '0', '2024-04-20', 0, 1, NULL, NULL, '0', 525),
(1576, '06:30:00', '15:15:00', '#87c256', 0, 'Welcome', '0', '2024-04-20', 0, 1, NULL, NULL, '0', 525),
(1577, '06:30:00', '15:15:00', '#87c256', 0, 'Welcome', '0', '2024-04-20', 0, 1, NULL, NULL, '0', 525),
(1578, '06:30:00', '15:15:00', '#87c256', 0, 'Welcome', '0', '2024-04-20', 0, 1, NULL, NULL, '0', 525),
(1579, '06:30:00', '15:15:00', '#87c256', 0, 'Welcome', '0', '2024-04-20', 0, 1, NULL, NULL, '0', 525),
(1580, '06:30:00', '15:15:00', '#87c256', 0, 'Welcome', '0', '2024-04-20', 0, 1, NULL, NULL, '0', 525),
(1581, '06:30:00', '15:15:00', '#87c256', 0, 'Welcome', '0', '2024-04-20', 0, 1, NULL, NULL, '0', 525),
(1582, '06:30:00', '15:15:00', '#87c256', 0, 'Welcome', '0', '2024-04-20', 0, 1, NULL, NULL, '0', 525),
(1583, '06:30:00', '15:15:00', '#87c256', 0, 'Welcome', '0', '2024-04-20', 0, 1, NULL, NULL, '0', 525),
(1584, '06:30:00', '15:15:00', '#87c256', 0, 'Welcome', '0', '2024-04-20', 0, 1, NULL, NULL, '0', 525),
(1585, '06:30:00', '15:15:00', '#87c256', 0, 'Welcome', '0', '2024-04-20', 0, 1, NULL, NULL, '0', 525),
(1586, '06:30:00', '15:15:00', '#87c256', 0, 'Welcome', '0', '2024-04-20', 0, 1, NULL, NULL, '0', 525),
(1587, '06:30:00', '15:15:00', '#87c256', 0, 'Welcome', '0', '2024-04-20', 0, 1, NULL, NULL, '0', 525),
(1588, '06:30:00', '15:15:00', '#87c256', 0, 'Welcome', '0', '2024-04-20', 0, 1, NULL, NULL, '0', 525),
(1589, '06:30:00', '15:15:00', '#87c256', 0, 'Welcome', '0', '2024-04-20', 0, 1, NULL, NULL, '0', 525),
(1590, '06:30:00', '15:15:00', '#87c256', 0, 'Welcome', '0', '2024-04-20', 0, 1, NULL, NULL, '0', 525),
(1591, '06:30:00', '15:15:00', '#87c256', 0, 'Welcome', '0', '2024-04-20', 0, 1, NULL, NULL, '0', 525),
(1592, '06:30:00', '15:15:00', '#87c256', 0, 'Welcome', '0', '2024-04-20', 0, 1, NULL, NULL, '0', 525),
(1593, '06:30:00', '15:15:00', '#87c256', 0, 'Welcome', '0', '2024-04-20', 0, 1, NULL, NULL, '0', 525),
(1594, '06:30:00', '15:15:00', '#87c256', 0, 'Welcome', '0', '2024-04-20', 0, 1, NULL, NULL, '0', 525),
(1595, '06:30:00', '15:15:00', '#87c256', 0, 'Welcome', '0', '2024-04-20', 0, 1, NULL, NULL, '0', 525),
(1596, '06:30:00', '15:15:00', '#87c256', 0, 'Welcome', '0', '2024-04-20', 0, 1, NULL, NULL, '0', 525),
(1597, '06:30:00', '15:15:00', '#87c256', 0, 'Welcome', '0', '2024-04-21', 0, 1, NULL, NULL, '0', 525),
(1598, '06:30:00', '15:15:00', '#87c256', 0, 'Welcome', '0', '2024-04-21', 0, 1, NULL, NULL, '0', 525),
(1599, '06:30:00', '15:15:00', '#87c256', 0, 'Welcome', '0', '2024-04-21', 0, 1, NULL, NULL, '0', 525),
(1600, '06:30:00', '15:15:00', '#87c256', 0, 'Welcome', '0', '2024-04-21', 0, 1, NULL, NULL, '0', 525),
(1601, '06:30:00', '15:15:00', '#87c256', 0, 'Welcome', '0', '2024-04-21', 0, 1, NULL, NULL, '0', 525),
(1602, '06:30:00', '15:15:00', '#87c256', 0, 'Welcome', '0', '2024-04-21', 0, 1, NULL, NULL, '0', 525),
(1603, '06:30:00', '15:15:00', '#87c256', 0, 'Welcome', '0', '2024-04-21', 0, 1, NULL, NULL, '0', 525),
(1604, '06:30:00', '15:15:00', '#87c256', 0, 'Welcome', '0', '2024-04-21', 0, 1, NULL, NULL, '0', 525),
(1605, '06:30:00', '15:15:00', '#87c256', 0, 'Welcome', '0', '2024-04-21', 0, 1, NULL, NULL, '0', 525),
(1606, '06:30:00', '15:15:00', '#87c256', 0, 'Welcome', '0', '2024-04-21', 0, 1, NULL, NULL, '0', 525),
(1607, '06:30:00', '15:15:00', '#87c256', 0, 'Welcome', '0', '2024-04-21', 0, 1, NULL, NULL, '0', 525),
(1608, '06:30:00', '15:15:00', '#87c256', 0, 'Welcome', '0', '2024-04-21', 0, 1, NULL, NULL, '0', 525),
(1609, '06:30:00', '15:15:00', '#87c256', 0, 'Welcome', '0', '2024-04-21', 0, 1, NULL, NULL, '0', 525),
(1610, '06:30:00', '15:15:00', '#87c256', 0, 'Welcome', '0', '2024-04-21', 0, 1, NULL, NULL, '0', 525),
(1611, '06:30:00', '15:15:00', '#87c256', 0, 'Welcome', '0', '2024-04-21', 0, 1, NULL, NULL, '0', 525),
(1612, '06:30:00', '15:15:00', '#87c256', 0, 'Welcome', '0', '2024-04-21', 0, 1, NULL, NULL, '0', 525),
(1613, '06:30:00', '15:15:00', '#87c256', 0, 'Welcome', '0', '2024-04-21', 0, 1, NULL, NULL, '0', 525),
(1614, '06:30:00', '15:15:00', '#87c256', 0, 'Welcome', '0', '2024-04-21', 0, 1, NULL, NULL, '0', 525),
(1615, '06:30:00', '15:15:00', '#87c256', 0, 'Welcome', '0', '2024-04-21', 0, 1, NULL, NULL, '0', 525),
(1616, '06:30:00', '15:15:00', '#87c256', 0, 'Welcome', '0', '2024-04-21', 0, 1, NULL, NULL, '0', 525),
(1617, '06:30:00', '15:15:00', '#87c256', 0, 'Welcome', '0', '2024-04-21', 0, 1, NULL, NULL, '0', 525),
(1618, '06:30:00', '15:15:00', '#87c256', 0, 'Welcome', '0', '2024-04-21', 0, 1, NULL, NULL, '0', 525),
(1619, '06:30:00', '15:15:00', '#87c256', 0, 'Welcome', '0', '2024-04-21', 0, 1, NULL, NULL, '0', 525),
(1620, '06:30:00', '15:15:00', '#87c256', 0, 'Welcome', '0', '2024-04-21', 0, 1, NULL, NULL, '0', 525),
(1621, '06:30:00', '15:15:00', '#87c256', 0, 'Welcome', '0', '2024-04-21', 0, 1, NULL, NULL, '0', 525),
(1622, '06:30:00', '15:15:00', '#87c256', 0, 'Welcome', '0', '2024-04-21', 0, 1, NULL, NULL, '0', 525),
(1623, '06:30:00', '15:15:00', '#87c256', 0, 'Welcome', '0', '2024-04-21', 0, 1, NULL, NULL, '0', 525),
(1624, '06:30:00', '15:15:00', '#87c256', 0, 'Welcome', '0', '2024-04-21', 0, 1, NULL, NULL, '0', 525),
(1625, '06:30:00', '15:15:00', '#87c256', 0, 'Welcome', '0', '2024-04-21', 0, 1, NULL, NULL, '0', 525),
(1626, '06:30:00', '15:15:00', '#87c256', 0, 'Welcome', '0', '2024-04-21', 0, 1, NULL, NULL, '0', 525),
(1627, '06:30:00', '15:15:00', '#87c256', 0, 'Welcome', '0', '2024-04-21', 0, 1, NULL, NULL, '0', 525),
(1628, '06:30:00', '15:15:00', '#87c256', 0, 'Welcome', '0', '2024-04-21', 0, 1, NULL, NULL, '0', 525),
(1629, '06:30:00', '15:15:00', '#87c256', 0, 'Welcome', '0', '2024-04-21', 0, 1, NULL, NULL, '0', 525),
(1630, '06:30:00', '15:15:00', '#87c256', 0, 'Welcome', '0', '2024-04-21', 0, 1, NULL, NULL, '0', 525),
(1631, '06:30:00', '15:15:00', '#87c256', 0, 'Welcome', '0', '2024-04-21', 0, 1, NULL, NULL, '0', 525),
(1632, '06:30:00', '15:15:00', '#87c256', 0, 'Welcome', '0', '2024-04-21', 0, 1, NULL, NULL, '0', 525),
(1633, '06:30:00', '15:15:00', '#87c256', 0, 'Welcome', '0', '2024-04-21', 0, 1, NULL, NULL, '0', 525),
(1634, '06:30:00', '15:15:00', '#87c256', 0, 'Welcome', '0', '2024-04-21', 0, 1, NULL, NULL, '0', 525),
(1635, '06:30:00', '15:15:00', '#87c256', 0, 'Welcome', '0', '2024-04-21', 0, 1, NULL, NULL, '0', 525),
(1636, '06:30:00', '15:15:00', '#87c256', 0, 'Welcome', '0', '2024-04-21', 0, 1, NULL, NULL, '0', 525),
(1637, '06:30:00', '15:15:00', '#87c256', 0, 'Welcome', '0', '2024-04-21', 0, 1, NULL, NULL, '0', 525),
(1638, '06:30:00', '15:15:00', '#87c256', 0, 'Welcome', '0', '2024-04-21', 0, 1, NULL, NULL, '0', 525),
(1639, '06:30:00', '15:15:00', '#87c256', 0, 'Welcome', '0', '2024-04-21', 0, 1, NULL, NULL, '0', 525),
(1640, '06:30:00', '15:15:00', '#87c256', 0, 'Welcome', '0', '2024-04-21', 0, 1, NULL, NULL, '0', 525),
(1641, '06:30:00', '15:15:00', '#87c256', 0, 'Welcome', '0', '2024-04-21', 0, 1, NULL, NULL, '0', 525),
(1642, '06:30:00', '15:15:00', '#87c256', 0, 'Welcome', '0', '2024-04-21', 0, 1, NULL, NULL, '0', 525),
(1643, '06:30:00', '15:15:00', '#87c256', 0, 'Welcome', '0', '2024-04-21', 0, 1, NULL, NULL, '0', 525),
(1644, '06:30:00', '15:15:00', '#87c256', 0, 'Welcome', '0', '2024-04-21', 0, 1, NULL, NULL, '0', 525),
(1645, '06:30:00', '15:15:00', '#87c256', 0, 'Welcome', '0', '2024-04-21', 0, 1, NULL, NULL, '0', 525),
(1646, '06:30:00', '15:15:00', '#87c256', 0, 'Welcome', '0', '2024-04-21', 0, 1, NULL, NULL, '0', 525),
(1647, '06:30:00', '15:15:00', '#87c256', 0, 'Welcome', '0', '2024-04-21', 0, 1, NULL, NULL, '0', 525),
(1648, '06:30:00', '15:15:00', '#87c256', 0, 'Welcome', '0', '2024-04-21', 0, 1, NULL, NULL, '0', 525),
(1649, '06:30:00', '15:15:00', '#87c256', 0, 'Welcome', '0', '2024-04-21', 0, 1, NULL, NULL, '0', 525),
(1650, '06:30:00', '15:15:00', '#87c256', 0, 'Welcome', '0', '2024-04-21', 0, 1, NULL, NULL, '0', 525),
(1651, '06:30:00', '15:15:00', '#87c256', 0, 'Welcome', '0', '2024-04-21', 0, 1, NULL, NULL, '0', 525),
(1652, '06:30:00', '15:15:00', '#87c256', 0, 'Welcome', '0', '2024-04-21', 0, 1, NULL, NULL, '0', 525),
(1653, '06:30:00', '15:15:00', '#87c256', 0, 'Welcome', '0', '2024-04-21', 0, 1, NULL, NULL, '0', 525),
(1654, '06:30:00', '15:15:00', '#87c256', 0, 'Welcome', '0', '2024-04-21', 0, 1, NULL, NULL, '0', 525),
(1655, '06:30:00', '15:15:00', '#87c256', 0, 'Welcome', '0', '2024-04-21', 0, 1, NULL, NULL, '0', 525),
(1656, '06:30:00', '15:15:00', '#87c256', 0, 'Welcome', '0', '2024-04-21', 0, 1, NULL, NULL, '0', 525),
(1657, '06:30:00', '15:15:00', '#87c256', 0, 'Welcome', '0', '2024-04-21', 0, 1, NULL, NULL, '0', 525),
(1658, '06:30:00', '15:15:00', '#87c256', 0, 'Welcome', '0', '2024-04-21', 0, 1, NULL, NULL, '0', 525),
(1659, '06:30:00', '15:15:00', '#87c256', 0, 'Welcome', '0', '2024-04-21', 0, 1, NULL, NULL, '0', 525),
(1660, '06:30:00', '15:15:00', '#87c256', 0, 'Welcome', '0', '2024-04-21', 0, 1, NULL, NULL, '0', 525),
(1661, '06:30:00', '15:15:00', '#87c256', 0, 'Welcome', '0', '2024-04-21', 0, 1, NULL, NULL, '0', 525),
(1662, '06:30:00', '15:15:00', '#87c256', 0, 'Welcome', '0', '2024-04-22', 0, 1, NULL, NULL, '0', 525),
(1663, '06:30:00', '15:15:00', '#87c256', 0, 'Welcome', '0', '2024-04-22', 0, 1, NULL, NULL, '0', 525),
(1664, '06:30:00', '15:15:00', '#87c256', 0, 'Welcome', '0', '2024-04-22', 0, 1, NULL, NULL, '0', 525),
(1665, '06:30:00', '15:15:00', '#87c256', 0, 'Welcome', '0', '2024-04-22', 0, 1, NULL, NULL, '0', 525),
(1666, '06:30:00', '15:15:00', '#87c256', 0, 'Welcome', '0', '2024-04-22', 0, 1, NULL, NULL, '0', 525),
(1667, '06:30:00', '15:15:00', '#87c256', 0, 'Welcome', '0', '2024-04-22', 0, 1, NULL, NULL, '0', 525),
(1668, '06:30:00', '15:15:00', '#87c256', 0, 'Welcome', '0', '2024-04-22', 0, 1, NULL, NULL, '0', 525),
(1669, '06:30:00', '15:15:00', '#87c256', 0, 'Welcome', '0', '2024-04-22', 0, 1, NULL, NULL, '0', 525),
(1670, '06:30:00', '15:15:00', '#87c256', 0, 'Welcome', '0', '2024-04-22', 0, 1, NULL, NULL, '0', 525),
(1671, '06:30:00', '15:15:00', '#87c256', 0, 'Welcome', '0', '2024-04-22', 0, 1, NULL, NULL, '0', 525),
(1672, '06:30:00', '15:15:00', '#87c256', 0, 'Welcome', '0', '2024-04-22', 0, 1, NULL, NULL, '0', 525),
(1673, '06:30:00', '15:15:00', '#87c256', 0, 'Welcome', '0', '2024-04-22', 0, 1, NULL, NULL, '0', 525),
(1674, '06:30:00', '15:15:00', '#87c256', 0, 'Welcome', '0', '2024-04-22', 0, 1, NULL, NULL, '0', 525),
(1675, '06:30:00', '15:15:00', '#87c256', 0, 'Welcome', '0', '2024-04-22', 0, 1, NULL, NULL, '0', 525),
(1676, '06:30:00', '15:15:00', '#87c256', 0, 'Welcome', '0', '2024-04-22', 0, 1, NULL, NULL, '0', 525),
(1677, '06:30:00', '15:15:00', '#87c256', 0, 'Welcome', '0', '2024-04-22', 0, 1, NULL, NULL, '0', 525),
(1678, '06:30:00', '15:15:00', '#87c256', 0, 'Welcome', '0', '2024-04-22', 0, 1, NULL, NULL, '0', 525),
(1679, '06:30:00', '15:15:00', '#87c256', 0, 'Welcome', '0', '2024-04-22', 0, 1, NULL, NULL, '0', 525),
(1680, '06:30:00', '15:15:00', '#87c256', 0, 'Welcome', '0', '2024-04-22', 0, 1, NULL, NULL, '0', 525),
(1681, '06:30:00', '15:15:00', '#87c256', 0, 'Welcome', '0', '2024-04-22', 0, 1, NULL, NULL, '0', 525),
(1682, '06:30:00', '15:15:00', '#87c256', 0, 'Welcome', '0', '2024-04-22', 0, 1, NULL, NULL, '0', 525),
(1683, '06:30:00', '15:15:00', '#87c256', 0, 'Welcome', '0', '2024-04-22', 0, 1, NULL, NULL, '0', 525),
(1684, '06:30:00', '15:15:00', '#87c256', 0, 'Welcome', '0', '2024-04-22', 0, 1, NULL, NULL, '0', 525),
(1685, '06:30:00', '15:15:00', '#87c256', 0, 'Welcome', '0', '2024-04-22', 0, 1, NULL, NULL, '0', 525),
(1686, '06:30:00', '15:15:00', '#87c256', 0, 'Welcome', '0', '2024-04-22', 0, 1, NULL, NULL, '0', 525),
(1687, '06:30:00', '15:15:00', '#87c256', 0, 'Welcome', '0', '2024-04-22', 0, 1, NULL, NULL, '0', 525),
(1688, '06:30:00', '15:15:00', '#87c256', 0, 'Welcome', '0', '2024-04-22', 0, 1, NULL, NULL, '0', 525),
(1689, '06:30:00', '15:15:00', '#87c256', 0, 'Welcome', '0', '2024-04-22', 0, 1, NULL, NULL, '0', 525),
(1690, '06:30:00', '15:15:00', '#87c256', 0, 'Welcome', '0', '2024-04-22', 0, 1, NULL, NULL, '0', 525),
(1691, '06:30:00', '15:15:00', '#87c256', 0, 'Welcome', '0', '2024-04-22', 0, 1, NULL, NULL, '0', 525),
(1692, '06:30:00', '15:15:00', '#87c256', 0, 'Welcome', '0', '2024-04-22', 0, 1, NULL, NULL, '0', 525),
(1693, '06:30:00', '15:15:00', '#87c256', 0, 'Welcome', '0', '2024-04-22', 0, 1, NULL, NULL, '0', 525),
(1694, '06:30:00', '15:15:00', '#87c256', 0, 'Welcome', '0', '2024-04-22', 0, 1, NULL, NULL, '0', 525),
(1695, '06:30:00', '15:15:00', '#87c256', 0, 'Welcome', '0', '2024-04-22', 0, 1, NULL, NULL, '0', 525),
(1696, '06:30:00', '15:15:00', '#87c256', 0, 'Welcome', '0', '2024-04-22', 0, 1, NULL, NULL, '0', 525),
(1697, '06:30:00', '15:15:00', '#87c256', 0, 'Welcome', '0', '2024-04-22', 0, 1, NULL, NULL, '0', 525),
(1698, '06:30:00', '15:15:00', '#87c256', 0, 'Welcome', '0', '2024-04-22', 0, 1, NULL, NULL, '0', 525),
(1699, '06:30:00', '15:15:00', '#87c256', 0, 'Welcome', '0', '2024-04-22', 0, 1, NULL, NULL, '0', 525),
(1700, '06:30:00', '15:15:00', '#87c256', 0, 'Welcome', '0', '2024-04-22', 0, 1, NULL, NULL, '0', 525),
(1701, '06:30:00', '15:15:00', '#87c256', 0, 'Welcome', '0', '2024-04-22', 0, 1, NULL, NULL, '0', 525),
(1702, '06:30:00', '15:15:00', '#87c256', 0, 'Welcome', '0', '2024-04-22', 0, 1, NULL, NULL, '0', 525),
(1703, '06:30:00', '15:15:00', '#87c256', 0, 'Welcome', '0', '2024-04-22', 0, 1, NULL, NULL, '0', 525),
(1704, '06:30:00', '15:15:00', '#87c256', 0, 'Welcome', '0', '2024-04-22', 0, 1, NULL, NULL, '0', 525),
(1705, '06:30:00', '15:15:00', '#87c256', 0, 'Welcome', '0', '2024-04-22', 0, 1, NULL, NULL, '0', 525),
(1706, '06:30:00', '15:15:00', '#87c256', 0, 'Welcome', '0', '2024-04-22', 0, 1, NULL, NULL, '0', 525),
(1707, '06:30:00', '15:15:00', '#87c256', 0, 'Welcome', '0', '2024-04-22', 0, 1, NULL, NULL, '0', 525),
(1708, '06:30:00', '15:15:00', '#87c256', 0, 'Welcome', '0', '2024-04-22', 0, 1, NULL, NULL, '0', 525),
(1709, '06:30:00', '15:15:00', '#87c256', 0, 'Welcome', '0', '2024-04-22', 0, 1, NULL, NULL, '0', 525),
(1710, '06:30:00', '15:15:00', '#87c256', 0, 'Welcome', '0', '2024-04-22', 0, 1, NULL, NULL, '0', 525),
(1711, '06:30:00', '15:15:00', '#87c256', 0, 'Welcome', '0', '2024-04-22', 0, 1, NULL, NULL, '0', 525),
(1712, '06:30:00', '15:15:00', '#87c256', 0, 'Welcome', '0', '2024-04-22', 0, 1, NULL, NULL, '0', 525),
(1713, '06:30:00', '15:15:00', '#87c256', 0, 'Welcome', '0', '2024-04-22', 0, 1, NULL, NULL, '0', 525),
(1714, '06:30:00', '15:15:00', '#87c256', 0, 'Welcome', '0', '2024-04-22', 0, 1, NULL, NULL, '0', 525),
(1715, '06:30:00', '15:15:00', '#87c256', 0, 'Welcome', '0', '2024-04-22', 0, 1, NULL, NULL, '0', 525),
(1716, '06:30:00', '15:15:00', '#87c256', 0, 'Welcome', '0', '2024-04-22', 0, 1, NULL, NULL, '0', 525),
(1717, '06:30:00', '15:15:00', '#87c256', 0, 'Welcome', '0', '2024-04-22', 0, 1, NULL, NULL, '0', 525),
(1718, '06:30:00', '15:15:00', '#87c256', 0, 'Welcome', '0', '2024-04-22', 0, 1, NULL, NULL, '0', 525),
(1719, '06:30:00', '15:15:00', '#87c256', 0, 'Welcome', '0', '2024-04-22', 0, 1, NULL, NULL, '0', 525),
(1720, '06:30:00', '15:15:00', '#87c256', 0, 'Welcome', '0', '2024-04-22', 0, 1, NULL, NULL, '0', 525),
(1721, '06:30:00', '15:15:00', '#87c256', 0, 'Welcome', '0', '2024-04-22', 0, 1, NULL, NULL, '0', 525),
(1722, '06:30:00', '15:15:00', '#87c256', 0, 'Welcome', '0', '2024-04-22', 0, 1, NULL, NULL, '0', 525),
(1723, '06:30:00', '15:15:00', '#87c256', 0, 'Welcome', '0', '2024-04-22', 0, 1, NULL, NULL, '0', 525),
(1724, '06:30:00', '15:15:00', '#87c256', 0, 'Welcome', '0', '2024-04-22', 0, 1, NULL, NULL, '0', 525),
(1725, '06:30:00', '15:15:00', '#87c256', 0, 'Welcome', '0', '2024-04-22', 0, 1, NULL, NULL, '0', 525),
(1726, '06:30:00', '15:15:00', '#87c256', 0, 'Welcome', '0', '2024-04-22', 0, 1, NULL, NULL, '0', 525),
(1727, '06:30:00', '15:15:00', '#87c256', 0, 'Welcome', '0', '2024-04-23', 0, 1, NULL, NULL, '0', 525),
(1728, '06:30:00', '15:15:00', '#87c256', 0, 'Welcome', '0', '2024-04-23', 0, 1, NULL, NULL, '0', 525),
(1729, '06:30:00', '15:15:00', '#87c256', 0, 'Welcome', '0', '2024-04-23', 0, 1, NULL, NULL, '0', 525),
(1730, '06:30:00', '15:15:00', '#87c256', 0, 'Welcome', '0', '2024-04-23', 0, 1, NULL, NULL, '0', 525),
(1731, '06:30:00', '15:15:00', '#87c256', 0, 'Welcome', '0', '2024-04-23', 0, 1, NULL, NULL, '0', 525),
(1732, '06:30:00', '15:15:00', '#87c256', 0, 'Welcome', '0', '2024-04-23', 0, 1, NULL, NULL, '0', 525),
(1733, '06:30:00', '15:15:00', '#87c256', 0, 'Welcome', '0', '2024-04-23', 0, 1, NULL, NULL, '0', 525),
(1734, '06:30:00', '15:15:00', '#87c256', 0, 'Welcome', '0', '2024-04-23', 0, 1, NULL, NULL, '0', 525),
(1735, '06:30:00', '15:15:00', '#87c256', 0, 'Welcome', '0', '2024-04-23', 0, 1, NULL, NULL, '0', 525),
(1736, '06:30:00', '15:15:00', '#87c256', 0, 'Welcome', '0', '2024-04-23', 0, 1, NULL, NULL, '0', 525),
(1737, '06:30:00', '15:15:00', '#87c256', 0, 'Welcome', '0', '2024-04-23', 0, 1, NULL, NULL, '0', 525),
(1738, '06:30:00', '15:15:00', '#87c256', 0, 'Welcome', '0', '2024-04-23', 0, 1, NULL, NULL, '0', 525),
(1739, '06:30:00', '15:15:00', '#87c256', 0, 'Welcome', '0', '2024-04-23', 0, 1, NULL, NULL, '0', 525),
(1740, '06:30:00', '15:15:00', '#87c256', 0, 'Welcome', '0', '2024-04-23', 0, 1, NULL, NULL, '0', 525),
(1741, '06:30:00', '15:15:00', '#87c256', 0, 'Welcome', '0', '2024-04-23', 0, 1, NULL, NULL, '0', 525),
(1742, '06:30:00', '15:15:00', '#87c256', 0, 'Welcome', '0', '2024-04-23', 0, 1, NULL, NULL, '0', 525),
(1743, '06:30:00', '15:15:00', '#87c256', 0, 'Welcome', '0', '2024-04-23', 0, 1, NULL, NULL, '0', 525),
(1744, '06:30:00', '15:15:00', '#87c256', 0, 'Welcome', '0', '2024-04-23', 0, 1, NULL, NULL, '0', 525),
(1745, '06:30:00', '15:15:00', '#87c256', 0, 'Welcome', '0', '2024-04-23', 0, 1, NULL, NULL, '0', 525),
(1746, '06:30:00', '15:15:00', '#87c256', 0, 'Welcome', '0', '2024-04-23', 0, 1, NULL, NULL, '0', 525),
(1747, '06:30:00', '15:15:00', '#87c256', 0, 'Welcome', '0', '2024-04-23', 0, 1, NULL, NULL, '0', 525),
(1748, '06:30:00', '15:15:00', '#87c256', 0, 'Welcome', '0', '2024-04-23', 0, 1, NULL, NULL, '0', 525),
(1749, '06:30:00', '15:15:00', '#87c256', 0, 'Welcome', '0', '2024-04-23', 0, 1, NULL, NULL, '0', 525),
(1750, '06:30:00', '15:15:00', '#87c256', 0, 'Welcome', '0', '2024-04-23', 0, 1, NULL, NULL, '0', 525),
(1751, '06:30:00', '15:15:00', '#87c256', 0, 'Welcome', '0', '2024-04-23', 0, 1, NULL, NULL, '0', 525),
(1752, '06:30:00', '15:15:00', '#87c256', 0, 'Welcome', '0', '2024-04-23', 0, 1, NULL, NULL, '0', 525),
(1753, '06:30:00', '15:15:00', '#87c256', 0, 'Welcome', '0', '2024-04-23', 0, 1, NULL, NULL, '0', 525),
(1754, '06:30:00', '15:15:00', '#87c256', 0, 'Welcome', '0', '2024-04-23', 0, 1, NULL, NULL, '0', 525),
(1755, '06:30:00', '15:15:00', '#87c256', 0, 'Welcome', '0', '2024-04-23', 0, 1, NULL, NULL, '0', 525),
(1756, '06:30:00', '15:15:00', '#87c256', 0, 'Welcome', '0', '2024-04-23', 0, 1, NULL, NULL, '0', 525),
(1757, '06:30:00', '15:15:00', '#87c256', 0, 'Welcome', '0', '2024-04-23', 0, 1, NULL, NULL, '0', 525),
(1758, '06:30:00', '15:15:00', '#87c256', 0, 'Welcome', '0', '2024-04-23', 0, 1, NULL, NULL, '0', 525),
(1759, '06:30:00', '15:15:00', '#87c256', 0, 'Welcome', '0', '2024-04-23', 0, 1, NULL, NULL, '0', 525),
(1760, '06:30:00', '15:15:00', '#87c256', 0, 'Welcome', '0', '2024-04-23', 0, 1, NULL, NULL, '0', 525),
(1761, '06:30:00', '15:15:00', '#87c256', 0, 'Welcome', '0', '2024-04-23', 0, 1, NULL, NULL, '0', 525),
(1762, '06:30:00', '15:15:00', '#87c256', 0, 'Welcome', '0', '2024-04-23', 0, 1, NULL, NULL, '0', 525),
(1763, '06:30:00', '15:15:00', '#87c256', 0, 'Welcome', '0', '2024-04-23', 0, 1, NULL, NULL, '0', 525),
(1764, '06:30:00', '15:15:00', '#87c256', 0, 'Welcome', '0', '2024-04-23', 0, 1, NULL, NULL, '0', 525),
(1765, '06:30:00', '15:15:00', '#87c256', 0, 'Welcome', '0', '2024-04-23', 0, 1, NULL, NULL, '0', 525),
(1766, '06:30:00', '15:15:00', '#87c256', 0, 'Welcome', '0', '2024-04-23', 0, 1, NULL, NULL, '0', 525),
(1767, '06:30:00', '15:15:00', '#87c256', 0, 'Welcome', '0', '2024-04-23', 0, 1, NULL, NULL, '0', 525),
(1768, '06:30:00', '15:15:00', '#87c256', 0, 'Welcome', '0', '2024-04-23', 0, 1, NULL, NULL, '0', 525),
(1769, '06:30:00', '15:15:00', '#87c256', 0, 'Welcome', '0', '2024-04-23', 0, 1, NULL, NULL, '0', 525),
(1770, '06:30:00', '15:15:00', '#87c256', 0, 'Welcome', '0', '2024-04-23', 0, 1, NULL, NULL, '0', 525),
(1771, '06:30:00', '15:15:00', '#87c256', 0, 'Welcome', '0', '2024-04-23', 0, 1, NULL, NULL, '0', 525),
(1772, '06:30:00', '15:15:00', '#87c256', 0, 'Welcome', '0', '2024-04-23', 0, 1, NULL, NULL, '0', 525),
(1773, '06:30:00', '15:15:00', '#87c256', 0, 'Welcome', '0', '2024-04-23', 0, 1, NULL, NULL, '0', 525),
(1774, '06:30:00', '15:15:00', '#87c256', 0, 'Welcome', '0', '2024-04-23', 0, 1, NULL, NULL, '0', 525),
(1775, '06:30:00', '15:15:00', '#87c256', 0, 'Welcome', '0', '2024-04-23', 0, 1, NULL, NULL, '0', 525),
(1776, '06:30:00', '15:15:00', '#87c256', 0, 'Welcome', '0', '2024-04-23', 0, 1, NULL, NULL, '0', 525),
(1777, '06:30:00', '15:15:00', '#87c256', 0, 'Welcome', '0', '2024-04-23', 0, 1, NULL, NULL, '0', 525),
(1778, '06:30:00', '15:15:00', '#87c256', 0, 'Welcome', '0', '2024-04-23', 0, 1, NULL, NULL, '0', 525),
(1779, '06:30:00', '15:15:00', '#87c256', 0, 'Welcome', '0', '2024-04-23', 0, 1, NULL, NULL, '0', 525),
(1780, '06:30:00', '15:15:00', '#87c256', 0, 'Welcome', '0', '2024-04-23', 0, 1, NULL, NULL, '0', 525),
(1781, '06:30:00', '15:15:00', '#87c256', 0, 'Welcome', '0', '2024-04-23', 0, 1, NULL, NULL, '0', 525),
(1782, '06:30:00', '15:15:00', '#87c256', 0, 'Welcome', '0', '2024-04-23', 0, 1, NULL, NULL, '0', 525),
(1783, '06:30:00', '15:15:00', '#87c256', 0, 'Welcome', '0', '2024-04-23', 0, 1, NULL, NULL, '0', 525),
(1784, '06:30:00', '15:15:00', '#87c256', 0, 'Welcome', '0', '2024-04-23', 0, 1, NULL, NULL, '0', 525),
(1785, '06:30:00', '15:15:00', '#87c256', 0, 'Welcome', '0', '2024-04-23', 0, 1, NULL, NULL, '0', 525),
(1786, '06:30:00', '15:15:00', '#87c256', 0, 'Welcome', '0', '2024-04-23', 0, 1, NULL, NULL, '0', 525),
(1787, '06:30:00', '15:15:00', '#87c256', 0, 'Welcome', '0', '2024-04-23', 0, 1, NULL, NULL, '0', 525),
(1788, '06:30:00', '15:15:00', '#87c256', 0, 'Welcome', '0', '2024-04-23', 0, 1, NULL, NULL, '0', 525),
(1789, '06:30:00', '15:15:00', '#87c256', 0, 'Welcome', '0', '2024-04-23', 0, 1, NULL, NULL, '0', 525),
(1790, '06:30:00', '15:15:00', '#87c256', 0, 'Welcome', '0', '2024-04-23', 0, 1, NULL, NULL, '0', 525),
(1791, '06:30:00', '15:15:00', '#87c256', 0, 'Welcome', '0', '2024-04-23', 0, 1, NULL, NULL, '0', 525),
(1792, '06:30:00', '15:15:00', '#87c256', 0, 'Welcome', '0', '2024-04-24', 0, 1, NULL, NULL, '0', 525),
(1793, '06:30:00', '15:15:00', '#87c256', 0, 'Welcome', '0', '2024-04-24', 0, 1, NULL, NULL, '0', 525),
(1794, '06:30:00', '15:15:00', '#87c256', 0, 'Welcome', '0', '2024-04-24', 0, 1, NULL, NULL, '0', 525),
(1795, '06:30:00', '15:15:00', '#87c256', 0, 'Welcome', '0', '2024-04-24', 0, 1, NULL, NULL, '0', 525),
(1796, '06:30:00', '15:15:00', '#87c256', 0, 'Welcome', '0', '2024-04-24', 0, 1, NULL, NULL, '0', 525),
(1797, '06:30:00', '15:15:00', '#87c256', 0, 'Welcome', '0', '2024-04-24', 0, 1, NULL, NULL, '0', 525),
(1798, '06:30:00', '15:15:00', '#87c256', 0, 'Welcome', '0', '2024-04-24', 0, 1, NULL, NULL, '0', 525),
(1799, '06:30:00', '15:15:00', '#87c256', 0, 'Welcome', '0', '2024-04-24', 0, 1, NULL, NULL, '0', 525),
(1800, '06:30:00', '15:15:00', '#87c256', 0, 'Welcome', '0', '2024-04-24', 0, 1, NULL, NULL, '0', 525),
(1801, '06:30:00', '15:15:00', '#87c256', 0, 'Welcome', '0', '2024-04-24', 0, 1, NULL, NULL, '0', 525),
(1802, '06:30:00', '15:15:00', '#87c256', 0, 'Welcome', '0', '2024-04-24', 0, 1, NULL, NULL, '0', 525),
(1803, '06:30:00', '15:15:00', '#87c256', 0, 'Welcome', '0', '2024-04-24', 0, 1, NULL, NULL, '0', 525),
(1804, '06:30:00', '15:15:00', '#87c256', 0, 'Welcome', '0', '2024-04-24', 0, 1, NULL, NULL, '0', 525),
(1805, '06:30:00', '15:15:00', '#87c256', 0, 'Welcome', '0', '2024-04-24', 0, 1, NULL, NULL, '0', 525),
(1806, '06:30:00', '15:15:00', '#87c256', 0, 'Welcome', '0', '2024-04-24', 0, 1, NULL, NULL, '0', 525),
(1807, '06:30:00', '15:15:00', '#87c256', 0, 'Welcome', '0', '2024-04-24', 0, 1, NULL, NULL, '0', 525),
(1808, '06:30:00', '15:15:00', '#87c256', 0, 'Welcome', '0', '2024-04-24', 0, 1, NULL, NULL, '0', 525),
(1809, '06:30:00', '15:15:00', '#87c256', 0, 'Welcome', '0', '2024-04-24', 0, 1, NULL, NULL, '0', 525),
(1810, '06:30:00', '15:15:00', '#87c256', 0, 'Welcome', '0', '2024-04-24', 0, 1, NULL, NULL, '0', 525),
(1811, '06:30:00', '15:15:00', '#87c256', 0, 'Welcome', '0', '2024-04-24', 0, 1, NULL, NULL, '0', 525),
(1812, '06:30:00', '15:15:00', '#87c256', 0, 'Welcome', '0', '2024-04-24', 0, 1, NULL, NULL, '0', 525),
(1813, '06:30:00', '15:15:00', '#87c256', 0, 'Welcome', '0', '2024-04-24', 0, 1, NULL, NULL, '0', 525),
(1814, '06:30:00', '15:15:00', '#87c256', 0, 'Welcome', '0', '2024-04-24', 0, 1, NULL, NULL, '0', 525),
(1815, '06:30:00', '15:15:00', '#87c256', 0, 'Welcome', '0', '2024-04-24', 0, 1, NULL, NULL, '0', 525),
(1816, '06:30:00', '15:15:00', '#87c256', 0, 'Welcome', '0', '2024-04-24', 0, 1, NULL, NULL, '0', 525),
(1817, '06:30:00', '15:15:00', '#87c256', 0, 'Welcome', '0', '2024-04-24', 0, 1, NULL, NULL, '0', 525),
(1818, '06:30:00', '15:15:00', '#87c256', 0, 'Welcome', '0', '2024-04-24', 0, 1, NULL, NULL, '0', 525),
(1819, '06:30:00', '15:15:00', '#87c256', 0, 'Welcome', '0', '2024-04-24', 0, 1, NULL, NULL, '0', 525),
(1820, '06:30:00', '15:15:00', '#87c256', 0, 'Welcome', '0', '2024-04-24', 0, 1, NULL, NULL, '0', 525),
(1821, '06:30:00', '15:15:00', '#87c256', 0, 'Welcome', '0', '2024-04-24', 0, 1, NULL, NULL, '0', 525),
(1822, '06:30:00', '15:15:00', '#87c256', 0, 'Welcome', '0', '2024-04-24', 0, 1, NULL, NULL, '0', 525),
(1823, '06:30:00', '15:15:00', '#87c256', 0, 'Welcome', '0', '2024-04-24', 0, 1, NULL, NULL, '0', 525),
(1824, '06:30:00', '15:15:00', '#87c256', 0, 'Welcome', '0', '2024-04-24', 0, 1, NULL, NULL, '0', 525),
(1825, '06:30:00', '15:15:00', '#87c256', 0, 'Welcome', '0', '2024-04-24', 0, 1, NULL, NULL, '0', 525),
(1826, '06:30:00', '15:15:00', '#87c256', 0, 'Welcome', '0', '2024-04-24', 0, 1, NULL, NULL, '0', 525),
(1827, '06:30:00', '15:15:00', '#87c256', 0, 'Welcome', '0', '2024-04-24', 0, 1, NULL, NULL, '0', 525),
(1828, '06:30:00', '15:15:00', '#87c256', 0, 'Welcome', '0', '2024-04-24', 0, 1, NULL, NULL, '0', 525),
(1829, '06:30:00', '15:15:00', '#87c256', 0, 'Welcome', '0', '2024-04-24', 0, 1, NULL, NULL, '0', 525),
(1830, '06:30:00', '15:15:00', '#87c256', 0, 'Welcome', '0', '2024-04-24', 0, 1, NULL, NULL, '0', 525),
(1831, '06:30:00', '15:15:00', '#87c256', 0, 'Welcome', '0', '2024-04-24', 0, 1, NULL, NULL, '0', 525),
(1832, '06:30:00', '15:15:00', '#87c256', 0, 'Welcome', '0', '2024-04-24', 0, 1, NULL, NULL, '0', 525),
(1833, '06:30:00', '15:15:00', '#87c256', 0, 'Welcome', '0', '2024-04-24', 0, 1, NULL, NULL, '0', 525),
(1834, '06:30:00', '15:15:00', '#87c256', 0, 'Welcome', '0', '2024-04-24', 0, 1, NULL, NULL, '0', 525),
(1835, '06:30:00', '15:15:00', '#87c256', 0, 'Welcome', '0', '2024-04-24', 0, 1, NULL, NULL, '0', 525),
(1836, '06:30:00', '15:15:00', '#87c256', 0, 'Welcome', '0', '2024-04-24', 0, 1, NULL, NULL, '0', 525),
(1837, '06:30:00', '15:15:00', '#87c256', 0, 'Welcome', '0', '2024-04-24', 0, 1, NULL, NULL, '0', 525),
(1838, '06:30:00', '15:15:00', '#87c256', 0, 'Welcome', '0', '2024-04-24', 0, 1, NULL, NULL, '0', 525),
(1839, '06:30:00', '15:15:00', '#87c256', 0, 'Welcome', '0', '2024-04-24', 0, 1, NULL, NULL, '0', 525),
(1840, '06:30:00', '15:15:00', '#87c256', 0, 'Welcome', '0', '2024-04-24', 0, 1, NULL, NULL, '0', 525),
(1841, '06:30:00', '15:15:00', '#87c256', 0, 'Welcome', '0', '2024-04-24', 0, 1, NULL, NULL, '0', 525),
(1842, '06:30:00', '15:15:00', '#87c256', 0, 'Welcome', '0', '2024-04-24', 0, 1, NULL, NULL, '0', 525),
(1843, '06:30:00', '15:15:00', '#87c256', 0, 'Welcome', '0', '2024-04-24', 0, 1, NULL, NULL, '0', 525),
(1844, '06:30:00', '15:15:00', '#87c256', 0, 'Welcome', '0', '2024-04-24', 0, 1, NULL, NULL, '0', 525),
(1845, '06:30:00', '15:15:00', '#87c256', 0, 'Welcome', '0', '2024-04-24', 0, 1, NULL, NULL, '0', 525),
(1846, '06:30:00', '15:15:00', '#87c256', 0, 'Welcome', '0', '2024-04-24', 0, 1, NULL, NULL, '0', 525),
(1847, '06:30:00', '15:15:00', '#87c256', 0, 'Welcome', '0', '2024-04-24', 0, 1, NULL, NULL, '0', 525),
(1848, '06:30:00', '15:15:00', '#87c256', 0, 'Welcome', '0', '2024-04-24', 0, 1, NULL, NULL, '0', 525),
(1849, '06:30:00', '15:15:00', '#87c256', 0, 'Welcome', '0', '2024-04-24', 0, 1, NULL, NULL, '0', 525),
(1850, '06:30:00', '15:15:00', '#87c256', 0, 'Welcome', '0', '2024-04-24', 0, 1, NULL, NULL, '0', 525),
(1851, '06:30:00', '15:15:00', '#87c256', 0, 'Welcome', '0', '2024-04-24', 0, 1, NULL, NULL, '0', 525),
(1852, '06:30:00', '15:15:00', '#87c256', 0, 'Welcome', '0', '2024-04-24', 0, 1, NULL, NULL, '0', 525),
(1853, '06:30:00', '15:15:00', '#87c256', 0, 'Welcome', '0', '2024-04-24', 0, 1, NULL, NULL, '0', 525),
(1854, '06:30:00', '15:15:00', '#87c256', 0, 'Welcome', '0', '2024-04-24', 0, 1, NULL, NULL, '0', 525),
(1855, '06:30:00', '15:15:00', '#87c256', 0, 'Welcome', '0', '2024-04-24', 0, 1, NULL, NULL, '0', 525),
(1856, '06:30:00', '15:15:00', '#87c256', 0, 'Welcome', '0', '2024-04-24', 0, 1, NULL, NULL, '0', 525),
(1857, '06:30:00', '15:15:00', '#87c256', 0, 'Welcome', '0', '2024-04-25', 0, 1, NULL, NULL, '0', 525),
(1858, '06:30:00', '15:15:00', '#87c256', 0, 'Welcome', '0', '2024-04-25', 0, 1, NULL, NULL, '0', 525),
(1859, '06:30:00', '15:15:00', '#87c256', 0, 'Welcome', '0', '2024-04-25', 0, 1, NULL, NULL, '0', 525),
(1860, '06:30:00', '15:15:00', '#87c256', 0, 'Welcome', '0', '2024-04-25', 0, 1, NULL, NULL, '0', 525),
(1861, '06:30:00', '15:15:00', '#87c256', 0, 'Welcome', '0', '2024-04-25', 0, 1, NULL, NULL, '0', 525),
(1862, '06:30:00', '15:15:00', '#87c256', 0, 'Welcome', '0', '2024-04-25', 0, 1, NULL, NULL, '0', 525),
(1863, '06:30:00', '15:15:00', '#87c256', 0, 'Welcome', '0', '2024-04-25', 0, 1, NULL, NULL, '0', 525),
(1864, '06:30:00', '15:15:00', '#87c256', 0, 'Welcome', '0', '2024-04-25', 0, 1, NULL, NULL, '0', 525),
(1865, '06:30:00', '15:15:00', '#87c256', 0, 'Welcome', '0', '2024-04-25', 0, 1, NULL, NULL, '0', 525),
(1866, '06:30:00', '15:15:00', '#87c256', 0, 'Welcome', '0', '2024-04-25', 0, 1, NULL, NULL, '0', 525),
(1867, '06:30:00', '15:15:00', '#87c256', 0, 'Welcome', '0', '2024-04-25', 0, 1, NULL, NULL, '0', 525),
(1868, '06:30:00', '15:15:00', '#87c256', 0, 'Welcome', '0', '2024-04-25', 0, 1, NULL, NULL, '0', 525),
(1869, '06:30:00', '15:15:00', '#87c256', 0, 'Welcome', '0', '2024-04-25', 0, 1, NULL, NULL, '0', 525),
(1870, '06:30:00', '15:15:00', '#87c256', 0, 'Welcome', '0', '2024-04-25', 0, 1, NULL, NULL, '0', 525),
(1871, '06:30:00', '15:15:00', '#87c256', 0, 'Welcome', '0', '2024-04-25', 0, 1, NULL, NULL, '0', 525),
(1872, '06:30:00', '15:15:00', '#87c256', 0, 'Welcome', '0', '2024-04-25', 0, 1, NULL, NULL, '0', 525),
(1873, '06:30:00', '15:15:00', '#87c256', 0, 'Welcome', '0', '2024-04-25', 0, 1, NULL, NULL, '0', 525),
(1874, '06:30:00', '15:15:00', '#87c256', 0, 'Welcome', '0', '2024-04-25', 0, 1, NULL, NULL, '0', 525),
(1875, '06:30:00', '15:15:00', '#87c256', 0, 'Welcome', '0', '2024-04-25', 0, 1, NULL, NULL, '0', 525),
(1876, '06:30:00', '15:15:00', '#87c256', 0, 'Welcome', '0', '2024-04-25', 0, 1, NULL, NULL, '0', 525),
(1877, '06:30:00', '15:15:00', '#87c256', 0, 'Welcome', '0', '2024-04-25', 0, 1, NULL, NULL, '0', 525),
(1878, '06:30:00', '15:15:00', '#87c256', 0, 'Welcome', '0', '2024-04-25', 0, 1, NULL, NULL, '0', 525),
(1879, '06:30:00', '15:15:00', '#87c256', 0, 'Welcome', '0', '2024-04-25', 0, 1, NULL, NULL, '0', 525),
(1880, '06:30:00', '15:15:00', '#87c256', 0, 'Welcome', '0', '2024-04-25', 0, 1, NULL, NULL, '0', 525),
(1881, '06:30:00', '15:15:00', '#87c256', 0, 'Welcome', '0', '2024-04-25', 0, 1, NULL, NULL, '0', 525),
(1882, '06:30:00', '15:15:00', '#87c256', 0, 'Welcome', '0', '2024-04-25', 0, 1, NULL, NULL, '0', 525),
(1883, '06:30:00', '15:15:00', '#87c256', 0, 'Welcome', '0', '2024-04-25', 0, 1, NULL, NULL, '0', 525),
(1884, '06:30:00', '15:15:00', '#87c256', 0, 'Welcome', '0', '2024-04-25', 0, 1, NULL, NULL, '0', 525),
(1885, '06:30:00', '15:15:00', '#87c256', 0, 'Welcome', '0', '2024-04-25', 0, 1, NULL, NULL, '0', 525),
(1886, '06:30:00', '15:15:00', '#87c256', 0, 'Welcome', '0', '2024-04-25', 0, 1, NULL, NULL, '0', 525),
(1887, '06:30:00', '15:15:00', '#87c256', 0, 'Welcome', '0', '2024-04-25', 0, 1, NULL, NULL, '0', 525),
(1888, '06:30:00', '15:15:00', '#87c256', 0, 'Welcome', '0', '2024-04-25', 0, 1, NULL, NULL, '0', 525),
(1889, '06:30:00', '15:15:00', '#87c256', 0, 'Welcome', '0', '2024-04-25', 0, 1, NULL, NULL, '0', 525),
(1890, '06:30:00', '15:15:00', '#87c256', 0, 'Welcome', '0', '2024-04-25', 0, 1, NULL, NULL, '0', 525),
(1891, '06:30:00', '15:15:00', '#87c256', 0, 'Welcome', '0', '2024-04-25', 0, 1, NULL, NULL, '0', 525),
(1892, '06:30:00', '15:15:00', '#87c256', 0, 'Welcome', '0', '2024-04-25', 0, 1, NULL, NULL, '0', 525),
(1893, '06:30:00', '15:15:00', '#87c256', 0, 'Welcome', '0', '2024-04-25', 0, 1, NULL, NULL, '0', 525),
(1894, '06:30:00', '15:15:00', '#87c256', 0, 'Welcome', '0', '2024-04-25', 0, 1, NULL, NULL, '0', 525),
(1895, '06:30:00', '15:15:00', '#87c256', 0, 'Welcome', '0', '2024-04-25', 0, 1, NULL, NULL, '0', 525),
(1896, '06:30:00', '15:15:00', '#87c256', 0, 'Welcome', '0', '2024-04-25', 0, 1, NULL, NULL, '0', 525),
(1897, '06:30:00', '15:15:00', '#87c256', 0, 'Welcome', '0', '2024-04-25', 0, 1, NULL, NULL, '0', 525),
(1898, '06:30:00', '15:15:00', '#87c256', 0, 'Welcome', '0', '2024-04-25', 0, 1, NULL, NULL, '0', 525),
(1899, '06:30:00', '15:15:00', '#87c256', 0, 'Welcome', '0', '2024-04-25', 0, 1, NULL, NULL, '0', 525),
(1900, '06:30:00', '15:15:00', '#87c256', 0, 'Welcome', '0', '2024-04-25', 0, 1, NULL, NULL, '0', 525),
(1901, '06:30:00', '15:15:00', '#87c256', 0, 'Welcome', '0', '2024-04-25', 0, 1, NULL, NULL, '0', 525),
(1902, '06:30:00', '15:15:00', '#87c256', 0, 'Welcome', '0', '2024-04-25', 0, 1, NULL, NULL, '0', 525),
(1903, '06:30:00', '15:15:00', '#87c256', 0, 'Welcome', '0', '2024-04-25', 0, 1, NULL, NULL, '0', 525),
(1904, '06:30:00', '15:15:00', '#87c256', 0, 'Welcome', '0', '2024-04-25', 0, 1, NULL, NULL, '0', 525),
(1905, '06:30:00', '15:15:00', '#87c256', 0, 'Welcome', '0', '2024-04-25', 0, 1, NULL, NULL, '0', 525),
(1906, '06:30:00', '15:15:00', '#87c256', 0, 'Welcome', '0', '2024-04-25', 0, 1, NULL, NULL, '0', 525),
(1907, '06:30:00', '15:15:00', '#87c256', 0, 'Welcome', '0', '2024-04-25', 0, 1, NULL, NULL, '0', 525),
(1908, '06:30:00', '15:15:00', '#87c256', 0, 'Welcome', '0', '2024-04-25', 0, 1, NULL, NULL, '0', 525),
(1909, '06:30:00', '15:15:00', '#87c256', 0, 'Welcome', '0', '2024-04-25', 0, 1, NULL, NULL, '0', 525),
(1910, '06:30:00', '15:15:00', '#87c256', 0, 'Welcome', '0', '2024-04-25', 0, 1, NULL, NULL, '0', 525),
(1911, '06:30:00', '15:15:00', '#87c256', 0, 'Welcome', '0', '2024-04-25', 0, 1, NULL, NULL, '0', 525),
(1912, '06:30:00', '15:15:00', '#87c256', 0, 'Welcome', '0', '2024-04-25', 0, 1, NULL, NULL, '0', 525),
(1913, '06:30:00', '15:15:00', '#87c256', 0, 'Welcome', '0', '2024-04-25', 0, 1, NULL, NULL, '0', 525),
(1914, '06:30:00', '15:15:00', '#87c256', 0, 'Welcome', '0', '2024-04-25', 0, 1, NULL, NULL, '0', 525),
(1915, '06:30:00', '15:15:00', '#87c256', 0, 'Welcome', '0', '2024-04-25', 0, 1, NULL, NULL, '0', 525),
(1916, '06:30:00', '15:15:00', '#87c256', 0, 'Welcome', '0', '2024-04-25', 0, 1, NULL, NULL, '0', 525),
(1917, '06:30:00', '15:15:00', '#87c256', 0, 'Welcome', '0', '2024-04-25', 0, 1, NULL, NULL, '0', 525),
(1918, '06:30:00', '15:15:00', '#87c256', 0, 'Welcome', '0', '2024-04-25', 0, 1, NULL, NULL, '0', 525),
(1919, '06:30:00', '15:15:00', '#87c256', 0, 'Welcome', '0', '2024-04-25', 0, 1, NULL, NULL, '0', 525),
(1920, '06:30:00', '15:15:00', '#87c256', 0, 'Welcome', '0', '2024-04-25', 0, 1, NULL, NULL, '0', 525),
(1921, '06:30:00', '15:15:00', '#87c256', 0, 'Welcome', '0', '2024-04-25', 0, 1, NULL, NULL, '0', 525),
(1922, '06:30:00', '15:15:00', '#87c256', 0, 'Welcome', '0', '2024-04-26', 0, 1, NULL, NULL, '0', 525),
(1923, '06:30:00', '15:15:00', '#87c256', 0, 'Welcome', '0', '2024-04-26', 0, 1, NULL, NULL, '0', 525),
(1924, '06:30:00', '15:15:00', '#87c256', 0, 'Welcome', '0', '2024-04-26', 0, 1, NULL, NULL, '0', 525),
(1925, '06:30:00', '15:15:00', '#87c256', 0, 'Welcome', '0', '2024-04-26', 0, 1, NULL, NULL, '0', 525),
(1926, '06:30:00', '15:15:00', '#87c256', 0, 'Welcome', '0', '2024-04-26', 0, 1, NULL, NULL, '0', 525),
(1927, '06:30:00', '15:15:00', '#87c256', 0, 'Welcome', '0', '2024-04-26', 0, 1, NULL, NULL, '0', 525),
(1928, '06:30:00', '15:15:00', '#87c256', 0, 'Welcome', '0', '2024-04-26', 0, 1, NULL, NULL, '0', 525),
(1929, '06:30:00', '15:15:00', '#87c256', 0, 'Welcome', '0', '2024-04-26', 0, 1, NULL, NULL, '0', 525),
(1930, '06:30:00', '15:15:00', '#87c256', 0, 'Welcome', '0', '2024-04-26', 0, 1, NULL, NULL, '0', 525),
(1931, '06:30:00', '15:15:00', '#87c256', 0, 'Welcome', '0', '2024-04-26', 0, 1, NULL, NULL, '0', 525),
(1932, '06:30:00', '15:15:00', '#87c256', 0, 'Welcome', '0', '2024-04-26', 0, 1, NULL, NULL, '0', 525),
(1933, '06:30:00', '15:15:00', '#87c256', 0, 'Welcome', '0', '2024-04-26', 0, 1, NULL, NULL, '0', 525),
(1934, '06:30:00', '15:15:00', '#87c256', 0, 'Welcome', '0', '2024-04-26', 0, 1, NULL, NULL, '0', 525),
(1935, '06:30:00', '15:15:00', '#87c256', 0, 'Welcome', '0', '2024-04-26', 0, 1, NULL, NULL, '0', 525),
(1936, '06:30:00', '15:15:00', '#87c256', 0, 'Welcome', '0', '2024-04-26', 0, 1, NULL, NULL, '0', 525),
(1937, '06:30:00', '15:15:00', '#87c256', 0, 'Welcome', '0', '2024-04-26', 0, 1, NULL, NULL, '0', 525),
(1938, '06:30:00', '15:15:00', '#87c256', 0, 'Welcome', '0', '2024-04-26', 0, 1, NULL, NULL, '0', 525),
(1939, '06:30:00', '15:15:00', '#87c256', 0, 'Welcome', '0', '2024-04-26', 0, 1, NULL, NULL, '0', 525),
(1940, '06:30:00', '15:15:00', '#87c256', 0, 'Welcome', '0', '2024-04-26', 0, 1, NULL, NULL, '0', 525),
(1941, '06:30:00', '15:15:00', '#87c256', 0, 'Welcome', '0', '2024-04-26', 0, 1, NULL, NULL, '0', 525),
(1942, '06:30:00', '15:15:00', '#87c256', 0, 'Welcome', '0', '2024-04-26', 0, 1, NULL, NULL, '0', 525),
(1943, '06:30:00', '15:15:00', '#87c256', 0, 'Welcome', '0', '2024-04-26', 0, 1, NULL, NULL, '0', 525),
(1944, '06:30:00', '15:15:00', '#87c256', 0, 'Welcome', '0', '2024-04-26', 0, 1, NULL, NULL, '0', 525),
(1945, '06:30:00', '15:15:00', '#87c256', 0, 'Welcome', '0', '2024-04-26', 0, 1, NULL, NULL, '0', 525),
(1946, '06:30:00', '15:15:00', '#87c256', 0, 'Welcome', '0', '2024-04-26', 0, 1, NULL, NULL, '0', 525),
(1947, '06:30:00', '15:15:00', '#87c256', 0, 'Welcome', '0', '2024-04-26', 0, 1, NULL, NULL, '0', 525),
(1948, '06:30:00', '15:15:00', '#87c256', 0, 'Welcome', '0', '2024-04-26', 0, 1, NULL, NULL, '0', 525);
INSERT INTO `roster_templates` (`id`, `start_time`, `end_time`, `color_code`, `break_minutes`, `shift_notes`, `repeat_shift`, `end_date`, `is_saved`, `created_by`, `created_at`, `updated_at`, `repeat_every`, `working_hours`) VALUES
(1949, '06:30:00', '15:15:00', '#87c256', 0, 'Welcome', '0', '2024-04-26', 0, 1, NULL, NULL, '0', 525),
(1950, '06:30:00', '15:15:00', '#87c256', 0, 'Welcome', '0', '2024-04-26', 0, 1, NULL, NULL, '0', 525),
(1951, '06:30:00', '15:15:00', '#87c256', 0, 'Welcome', '0', '2024-04-26', 0, 1, NULL, NULL, '0', 525),
(1952, '06:30:00', '15:15:00', '#87c256', 0, 'Welcome', '0', '2024-04-26', 0, 1, NULL, NULL, '0', 525),
(1953, '06:30:00', '15:15:00', '#87c256', 0, 'Welcome', '0', '2024-04-26', 0, 1, NULL, NULL, '0', 525),
(1954, '06:30:00', '15:15:00', '#87c256', 0, 'Welcome', '0', '2024-04-26', 0, 1, NULL, NULL, '0', 525),
(1955, '06:30:00', '15:15:00', '#87c256', 0, 'Welcome', '0', '2024-04-26', 0, 1, NULL, NULL, '0', 525),
(1956, '06:30:00', '15:15:00', '#87c256', 0, 'Welcome', '0', '2024-04-26', 0, 1, NULL, NULL, '0', 525),
(1957, '06:30:00', '15:15:00', '#87c256', 0, 'Welcome', '0', '2024-04-26', 0, 1, NULL, NULL, '0', 525),
(1958, '06:30:00', '15:15:00', '#87c256', 0, 'Welcome', '0', '2024-04-26', 0, 1, NULL, NULL, '0', 525),
(1959, '06:30:00', '15:15:00', '#87c256', 0, 'Welcome', '0', '2024-04-26', 0, 1, NULL, NULL, '0', 525),
(1960, '06:30:00', '15:15:00', '#87c256', 0, 'Welcome', '0', '2024-04-26', 0, 1, NULL, NULL, '0', 525),
(1961, '06:30:00', '15:15:00', '#87c256', 0, 'Welcome', '0', '2024-04-26', 0, 1, NULL, NULL, '0', 525),
(1962, '06:30:00', '15:15:00', '#87c256', 0, 'Welcome', '0', '2024-04-26', 0, 1, NULL, NULL, '0', 525),
(1963, '06:30:00', '15:15:00', '#87c256', 0, 'Welcome', '0', '2024-04-26', 0, 1, NULL, NULL, '0', 525),
(1964, '06:30:00', '15:15:00', '#87c256', 0, 'Welcome', '0', '2024-04-26', 0, 1, NULL, NULL, '0', 525),
(1965, '06:30:00', '15:15:00', '#87c256', 0, 'Welcome', '0', '2024-04-26', 0, 1, NULL, NULL, '0', 525),
(1966, '06:30:00', '15:15:00', '#87c256', 0, 'Welcome', '0', '2024-04-26', 0, 1, NULL, NULL, '0', 525),
(1967, '06:30:00', '15:15:00', '#87c256', 0, 'Welcome', '0', '2024-04-26', 0, 1, NULL, NULL, '0', 525),
(1968, '06:30:00', '15:15:00', '#87c256', 0, 'Welcome', '0', '2024-04-26', 0, 1, NULL, NULL, '0', 525),
(1969, '06:30:00', '15:15:00', '#87c256', 0, 'Welcome', '0', '2024-04-26', 0, 1, NULL, NULL, '0', 525),
(1970, '06:30:00', '15:15:00', '#87c256', 0, 'Welcome', '0', '2024-04-26', 0, 1, NULL, NULL, '0', 525),
(1971, '06:30:00', '15:15:00', '#87c256', 0, 'Welcome', '0', '2024-04-26', 0, 1, NULL, NULL, '0', 525),
(1972, '06:30:00', '15:15:00', '#87c256', 0, 'Welcome', '0', '2024-04-26', 0, 1, NULL, NULL, '0', 525),
(1973, '06:30:00', '15:15:00', '#87c256', 0, 'Welcome', '0', '2024-04-26', 0, 1, NULL, NULL, '0', 525),
(1974, '06:30:00', '15:15:00', '#87c256', 0, 'Welcome', '0', '2024-04-26', 0, 1, NULL, NULL, '0', 525),
(1975, '06:30:00', '15:15:00', '#87c256', 0, 'Welcome', '0', '2024-04-26', 0, 1, NULL, NULL, '0', 525),
(1976, '06:30:00', '15:15:00', '#87c256', 0, 'Welcome', '0', '2024-04-26', 0, 1, NULL, NULL, '0', 525),
(1977, '06:30:00', '15:15:00', '#87c256', 0, 'Welcome', '0', '2024-04-26', 0, 1, NULL, NULL, '0', 525),
(1978, '06:30:00', '15:15:00', '#87c256', 0, 'Welcome', '0', '2024-04-26', 0, 1, NULL, NULL, '0', 525),
(1979, '06:30:00', '15:15:00', '#87c256', 0, 'Welcome', '0', '2024-04-26', 0, 1, NULL, NULL, '0', 525),
(1980, '06:30:00', '15:15:00', '#87c256', 0, 'Welcome', '0', '2024-04-26', 0, 1, NULL, NULL, '0', 525),
(1981, '06:30:00', '15:15:00', '#87c256', 0, 'Welcome', '0', '2024-04-26', 0, 1, NULL, NULL, '0', 525),
(1982, '06:30:00', '15:15:00', '#87c256', 0, 'Welcome', '0', '2024-04-26', 0, 1, NULL, NULL, '0', 525),
(1983, '06:30:00', '15:15:00', '#87c256', 0, 'Welcome', '0', '2024-04-26', 0, 1, NULL, NULL, '0', 525),
(1984, '06:30:00', '15:15:00', '#87c256', 0, 'Welcome', '0', '2024-04-26', 0, 1, NULL, NULL, '0', 525),
(1985, '06:30:00', '15:15:00', '#87c256', 0, 'Welcome', '0', '2024-04-26', 0, 1, NULL, NULL, '0', 525),
(1986, '06:30:00', '15:15:00', '#87c256', 0, 'Welcome', '0', '2024-04-26', 0, 1, NULL, NULL, '0', 525),
(1987, '06:30:00', '15:15:00', '#87c256', 0, 'Welcome', '0', '2024-04-27', 0, 1, NULL, NULL, '0', 525),
(1988, '06:30:00', '15:15:00', '#87c256', 0, 'Welcome', '0', '2024-04-27', 0, 1, NULL, NULL, '0', 525),
(1989, '06:30:00', '15:15:00', '#87c256', 0, 'Welcome', '0', '2024-04-27', 0, 1, NULL, NULL, '0', 525),
(1990, '06:30:00', '15:15:00', '#87c256', 0, 'Welcome', '0', '2024-04-27', 0, 1, NULL, NULL, '0', 525),
(1991, '06:30:00', '15:15:00', '#87c256', 0, 'Welcome', '0', '2024-04-27', 0, 1, NULL, NULL, '0', 525),
(1992, '06:30:00', '15:15:00', '#87c256', 0, 'Welcome', '0', '2024-04-27', 0, 1, NULL, NULL, '0', 525),
(1993, '06:30:00', '15:15:00', '#87c256', 0, 'Welcome', '0', '2024-04-27', 0, 1, NULL, NULL, '0', 525),
(1994, '06:30:00', '15:15:00', '#87c256', 0, 'Welcome', '0', '2024-04-27', 0, 1, NULL, NULL, '0', 525),
(1995, '06:30:00', '15:15:00', '#87c256', 0, 'Welcome', '0', '2024-04-27', 0, 1, NULL, NULL, '0', 525),
(1996, '06:30:00', '15:15:00', '#87c256', 0, 'Welcome', '0', '2024-04-27', 0, 1, NULL, NULL, '0', 525),
(1997, '06:30:00', '15:15:00', '#87c256', 0, 'Welcome', '0', '2024-04-27', 0, 1, NULL, NULL, '0', 525),
(1998, '06:30:00', '15:15:00', '#87c256', 0, 'Welcome', '0', '2024-04-27', 0, 1, NULL, NULL, '0', 525),
(1999, '06:30:00', '15:15:00', '#87c256', 0, 'Welcome', '0', '2024-04-27', 0, 1, NULL, NULL, '0', 525),
(2000, '06:30:00', '15:15:00', '#87c256', 0, 'Welcome', '0', '2024-04-27', 0, 1, NULL, NULL, '0', 525),
(2001, '06:30:00', '15:15:00', '#87c256', 0, 'Welcome', '0', '2024-04-27', 0, 1, NULL, NULL, '0', 525),
(2002, '06:30:00', '15:15:00', '#87c256', 0, 'Welcome', '0', '2024-04-27', 0, 1, NULL, NULL, '0', 525),
(2003, '06:30:00', '15:15:00', '#87c256', 0, 'Welcome', '0', '2024-04-27', 0, 1, NULL, NULL, '0', 525),
(2004, '06:30:00', '15:15:00', '#87c256', 0, 'Welcome', '0', '2024-04-27', 0, 1, NULL, NULL, '0', 525),
(2005, '06:30:00', '15:15:00', '#87c256', 0, 'Welcome', '0', '2024-04-27', 0, 1, NULL, NULL, '0', 525),
(2006, '06:30:00', '15:15:00', '#87c256', 0, 'Welcome', '0', '2024-04-27', 0, 1, NULL, NULL, '0', 525),
(2007, '06:30:00', '15:15:00', '#87c256', 0, 'Welcome', '0', '2024-04-27', 0, 1, NULL, NULL, '0', 525),
(2008, '06:30:00', '15:15:00', '#87c256', 0, 'Welcome', '0', '2024-04-27', 0, 1, NULL, NULL, '0', 525),
(2009, '06:30:00', '15:15:00', '#87c256', 0, 'Welcome', '0', '2024-04-27', 0, 1, NULL, NULL, '0', 525),
(2010, '06:30:00', '15:15:00', '#87c256', 0, 'Welcome', '0', '2024-04-27', 0, 1, NULL, NULL, '0', 525),
(2011, '06:30:00', '15:15:00', '#87c256', 0, 'Welcome', '0', '2024-04-27', 0, 1, NULL, NULL, '0', 525),
(2012, '06:30:00', '15:15:00', '#87c256', 0, 'Welcome', '0', '2024-04-27', 0, 1, NULL, NULL, '0', 525),
(2013, '06:30:00', '15:15:00', '#87c256', 0, 'Welcome', '0', '2024-04-27', 0, 1, NULL, NULL, '0', 525),
(2014, '06:30:00', '15:15:00', '#87c256', 0, 'Welcome', '0', '2024-04-27', 0, 1, NULL, NULL, '0', 525),
(2015, '06:30:00', '15:15:00', '#87c256', 0, 'Welcome', '0', '2024-04-27', 0, 1, NULL, NULL, '0', 525),
(2016, '06:30:00', '15:15:00', '#87c256', 0, 'Welcome', '0', '2024-04-27', 0, 1, NULL, NULL, '0', 525),
(2017, '06:30:00', '15:15:00', '#87c256', 0, 'Welcome', '0', '2024-04-27', 0, 1, NULL, NULL, '0', 525),
(2018, '06:30:00', '15:15:00', '#87c256', 0, 'Welcome', '0', '2024-04-27', 0, 1, NULL, NULL, '0', 525),
(2019, '06:30:00', '15:15:00', '#87c256', 0, 'Welcome', '0', '2024-04-27', 0, 1, NULL, NULL, '0', 525),
(2020, '06:30:00', '15:15:00', '#87c256', 0, 'Welcome', '0', '2024-04-27', 0, 1, NULL, NULL, '0', 525),
(2021, '06:30:00', '15:15:00', '#87c256', 0, 'Welcome', '0', '2024-04-27', 0, 1, NULL, NULL, '0', 525),
(2022, '06:30:00', '15:15:00', '#87c256', 0, 'Welcome', '0', '2024-04-27', 0, 1, NULL, NULL, '0', 525),
(2023, '06:30:00', '15:15:00', '#87c256', 0, 'Welcome', '0', '2024-04-27', 0, 1, NULL, NULL, '0', 525),
(2024, '06:30:00', '15:15:00', '#87c256', 0, 'Welcome', '0', '2024-04-27', 0, 1, NULL, NULL, '0', 525),
(2025, '06:30:00', '15:15:00', '#87c256', 0, 'Welcome', '0', '2024-04-27', 0, 1, NULL, NULL, '0', 525),
(2026, '06:30:00', '15:15:00', '#87c256', 0, 'Welcome', '0', '2024-04-27', 0, 1, NULL, NULL, '0', 525),
(2027, '06:30:00', '15:15:00', '#87c256', 0, 'Welcome', '0', '2024-04-27', 0, 1, NULL, NULL, '0', 525),
(2028, '06:30:00', '15:15:00', '#87c256', 0, 'Welcome', '0', '2024-04-27', 0, 1, NULL, NULL, '0', 525),
(2029, '06:30:00', '15:15:00', '#87c256', 0, 'Welcome', '0', '2024-04-27', 0, 1, NULL, NULL, '0', 525),
(2030, '06:30:00', '15:15:00', '#87c256', 0, 'Welcome', '0', '2024-04-27', 0, 1, NULL, NULL, '0', 525),
(2031, '06:30:00', '15:15:00', '#87c256', 0, 'Welcome', '0', '2024-04-27', 0, 1, NULL, NULL, '0', 525),
(2032, '06:30:00', '15:15:00', '#87c256', 0, 'Welcome', '0', '2024-04-27', 0, 1, NULL, NULL, '0', 525),
(2033, '06:30:00', '15:15:00', '#87c256', 0, 'Welcome', '0', '2024-04-27', 0, 1, NULL, NULL, '0', 525),
(2034, '06:30:00', '15:15:00', '#87c256', 0, 'Welcome', '0', '2024-04-27', 0, 1, NULL, NULL, '0', 525),
(2035, '06:30:00', '15:15:00', '#87c256', 0, 'Welcome', '0', '2024-04-27', 0, 1, NULL, NULL, '0', 525),
(2036, '06:30:00', '15:15:00', '#87c256', 0, 'Welcome', '0', '2024-04-27', 0, 1, NULL, NULL, '0', 525),
(2037, '06:30:00', '15:15:00', '#87c256', 0, 'Welcome', '0', '2024-04-27', 0, 1, NULL, NULL, '0', 525),
(2038, '06:30:00', '15:15:00', '#87c256', 0, 'Welcome', '0', '2024-04-27', 0, 1, NULL, NULL, '0', 525),
(2039, '06:30:00', '15:15:00', '#87c256', 0, 'Welcome', '0', '2024-04-27', 0, 1, NULL, NULL, '0', 525),
(2040, '06:30:00', '15:15:00', '#87c256', 0, 'Welcome', '0', '2024-04-27', 0, 1, NULL, NULL, '0', 525),
(2041, '06:30:00', '15:15:00', '#87c256', 0, 'Welcome', '0', '2024-04-27', 0, 1, NULL, NULL, '0', 525),
(2042, '06:30:00', '15:15:00', '#87c256', 0, 'Welcome', '0', '2024-04-27', 0, 1, NULL, NULL, '0', 525),
(2043, '06:30:00', '15:15:00', '#87c256', 0, 'Welcome', '0', '2024-04-27', 0, 1, NULL, NULL, '0', 525),
(2044, '06:30:00', '15:15:00', '#87c256', 0, 'Welcome', '0', '2024-04-27', 0, 1, NULL, NULL, '0', 525),
(2045, '06:30:00', '15:15:00', '#87c256', 0, 'Welcome', '0', '2024-04-27', 0, 1, NULL, NULL, '0', 525),
(2046, '06:30:00', '15:15:00', '#87c256', 0, 'Welcome', '0', '2024-04-27', 0, 1, NULL, NULL, '0', 525),
(2047, '06:30:00', '15:15:00', '#87c256', 0, 'Welcome', '0', '2024-04-27', 0, 1, NULL, NULL, '0', 525),
(2048, '06:30:00', '15:15:00', '#87c256', 0, 'Welcome', '0', '2024-04-27', 0, 1, NULL, NULL, '0', 525),
(2049, '06:30:00', '15:15:00', '#87c256', 0, 'Welcome', '0', '2024-04-27', 0, 1, NULL, NULL, '0', 525),
(2050, '06:30:00', '15:15:00', '#87c256', 0, 'Welcome', '0', '2024-04-27', 0, 1, NULL, NULL, '0', 525),
(2051, '06:30:00', '15:15:00', '#87c256', 0, 'Welcome', '0', '2024-04-27', 0, 1, NULL, NULL, '0', 525),
(2052, '06:30:00', '15:15:00', '#87c256', 0, 'Welcome', '0', '2024-04-28', 0, 1, NULL, NULL, '0', 525),
(2053, '06:30:00', '15:15:00', '#87c256', 0, 'Welcome', '0', '2024-04-28', 0, 1, NULL, NULL, '0', 525),
(2054, '06:30:00', '15:15:00', '#87c256', 0, 'Welcome', '0', '2024-04-28', 0, 1, NULL, NULL, '0', 525),
(2055, '06:30:00', '15:15:00', '#87c256', 0, 'Welcome', '0', '2024-04-28', 0, 1, NULL, NULL, '0', 525),
(2056, '06:30:00', '15:15:00', '#87c256', 0, 'Welcome', '0', '2024-04-28', 0, 1, NULL, NULL, '0', 525),
(2057, '06:30:00', '15:15:00', '#87c256', 0, 'Welcome', '0', '2024-04-28', 0, 1, NULL, NULL, '0', 525),
(2058, '06:30:00', '15:15:00', '#87c256', 0, 'Welcome', '0', '2024-04-28', 0, 1, NULL, NULL, '0', 525),
(2059, '06:30:00', '15:15:00', '#87c256', 0, 'Welcome', '0', '2024-04-28', 0, 1, NULL, NULL, '0', 525),
(2060, '06:30:00', '15:15:00', '#87c256', 0, 'Welcome', '0', '2024-04-28', 0, 1, NULL, NULL, '0', 525),
(2061, '06:30:00', '15:15:00', '#87c256', 0, 'Welcome', '0', '2024-04-28', 0, 1, NULL, NULL, '0', 525),
(2062, '06:30:00', '15:15:00', '#87c256', 0, 'Welcome', '0', '2024-04-28', 0, 1, NULL, NULL, '0', 525),
(2063, '06:30:00', '15:15:00', '#87c256', 0, 'Welcome', '0', '2024-04-28', 0, 1, NULL, NULL, '0', 525),
(2064, '06:30:00', '15:15:00', '#87c256', 0, 'Welcome', '0', '2024-04-28', 0, 1, NULL, NULL, '0', 525),
(2065, '06:30:00', '15:15:00', '#87c256', 0, 'Welcome', '0', '2024-04-28', 0, 1, NULL, NULL, '0', 525),
(2066, '06:30:00', '15:15:00', '#87c256', 0, 'Welcome', '0', '2024-04-28', 0, 1, NULL, NULL, '0', 525),
(2067, '06:30:00', '15:15:00', '#87c256', 0, 'Welcome', '0', '2024-04-28', 0, 1, NULL, NULL, '0', 525),
(2068, '06:30:00', '15:15:00', '#87c256', 0, 'Welcome', '0', '2024-04-28', 0, 1, NULL, NULL, '0', 525),
(2069, '06:30:00', '15:15:00', '#87c256', 0, 'Welcome', '0', '2024-04-28', 0, 1, NULL, NULL, '0', 525),
(2070, '06:30:00', '15:15:00', '#87c256', 0, 'Welcome', '0', '2024-04-28', 0, 1, NULL, NULL, '0', 525),
(2071, '06:30:00', '15:15:00', '#87c256', 0, 'Welcome', '0', '2024-04-28', 0, 1, NULL, NULL, '0', 525),
(2072, '06:30:00', '15:15:00', '#87c256', 0, 'Welcome', '0', '2024-04-28', 0, 1, NULL, NULL, '0', 525),
(2073, '06:30:00', '15:15:00', '#87c256', 0, 'Welcome', '0', '2024-04-28', 0, 1, NULL, NULL, '0', 525),
(2074, '06:30:00', '15:15:00', '#87c256', 0, 'Welcome', '0', '2024-04-28', 0, 1, NULL, NULL, '0', 525),
(2075, '06:30:00', '15:15:00', '#87c256', 0, 'Welcome', '0', '2024-04-28', 0, 1, NULL, NULL, '0', 525),
(2076, '06:30:00', '15:15:00', '#87c256', 0, 'Welcome', '0', '2024-04-28', 0, 1, NULL, NULL, '0', 525),
(2077, '06:30:00', '15:15:00', '#87c256', 0, 'Welcome', '0', '2024-04-28', 0, 1, NULL, NULL, '0', 525),
(2078, '06:30:00', '15:15:00', '#87c256', 0, 'Welcome', '0', '2024-04-28', 0, 1, NULL, NULL, '0', 525),
(2079, '06:30:00', '15:15:00', '#87c256', 0, 'Welcome', '0', '2024-04-28', 0, 1, NULL, NULL, '0', 525),
(2080, '06:30:00', '15:15:00', '#87c256', 0, 'Welcome', '0', '2024-04-28', 0, 1, NULL, NULL, '0', 525),
(2081, '06:30:00', '15:15:00', '#87c256', 0, 'Welcome', '0', '2024-04-28', 0, 1, NULL, NULL, '0', 525),
(2082, '06:30:00', '15:15:00', '#87c256', 0, 'Welcome', '0', '2024-04-28', 0, 1, NULL, NULL, '0', 525),
(2083, '06:30:00', '15:15:00', '#87c256', 0, 'Welcome', '0', '2024-04-28', 0, 1, NULL, NULL, '0', 525),
(2084, '06:30:00', '15:15:00', '#87c256', 0, 'Welcome', '0', '2024-04-28', 0, 1, NULL, NULL, '0', 525),
(2085, '06:30:00', '15:15:00', '#87c256', 0, 'Welcome', '0', '2024-04-28', 0, 1, NULL, NULL, '0', 525),
(2086, '06:30:00', '15:15:00', '#87c256', 0, 'Welcome', '0', '2024-04-28', 0, 1, NULL, NULL, '0', 525),
(2087, '06:30:00', '15:15:00', '#87c256', 0, 'Welcome', '0', '2024-04-28', 0, 1, NULL, NULL, '0', 525),
(2088, '06:30:00', '15:15:00', '#87c256', 0, 'Welcome', '0', '2024-04-28', 0, 1, NULL, NULL, '0', 525),
(2089, '06:30:00', '15:15:00', '#87c256', 0, 'Welcome', '0', '2024-04-28', 0, 1, NULL, NULL, '0', 525),
(2090, '06:30:00', '15:15:00', '#87c256', 0, 'Welcome', '0', '2024-04-28', 0, 1, NULL, NULL, '0', 525),
(2091, '06:30:00', '15:15:00', '#87c256', 0, 'Welcome', '0', '2024-04-28', 0, 1, NULL, NULL, '0', 525),
(2092, '06:30:00', '15:15:00', '#87c256', 0, 'Welcome', '0', '2024-04-28', 0, 1, NULL, NULL, '0', 525),
(2093, '06:30:00', '15:15:00', '#87c256', 0, 'Welcome', '0', '2024-04-28', 0, 1, NULL, NULL, '0', 525),
(2094, '06:30:00', '15:15:00', '#87c256', 0, 'Welcome', '0', '2024-04-28', 0, 1, NULL, NULL, '0', 525),
(2095, '06:30:00', '15:15:00', '#87c256', 0, 'Welcome', '0', '2024-04-28', 0, 1, NULL, NULL, '0', 525),
(2096, '06:30:00', '15:15:00', '#87c256', 0, 'Welcome', '0', '2024-04-28', 0, 1, NULL, NULL, '0', 525),
(2097, '06:30:00', '15:15:00', '#87c256', 0, 'Welcome', '0', '2024-04-28', 0, 1, NULL, NULL, '0', 525),
(2098, '06:30:00', '15:15:00', '#87c256', 0, 'Welcome', '0', '2024-04-28', 0, 1, NULL, NULL, '0', 525),
(2099, '06:30:00', '15:15:00', '#87c256', 0, 'Welcome', '0', '2024-04-28', 0, 1, NULL, NULL, '0', 525),
(2100, '06:30:00', '15:15:00', '#87c256', 0, 'Welcome', '0', '2024-04-28', 0, 1, NULL, NULL, '0', 525),
(2101, '06:30:00', '15:15:00', '#87c256', 0, 'Welcome', '0', '2024-04-28', 0, 1, NULL, NULL, '0', 525),
(2102, '06:30:00', '15:15:00', '#87c256', 0, 'Welcome', '0', '2024-04-28', 0, 1, NULL, NULL, '0', 525),
(2103, '06:30:00', '15:15:00', '#87c256', 0, 'Welcome', '0', '2024-04-28', 0, 1, NULL, NULL, '0', 525),
(2104, '06:30:00', '15:15:00', '#87c256', 0, 'Welcome', '0', '2024-04-28', 0, 1, NULL, NULL, '0', 525),
(2105, '06:30:00', '15:15:00', '#87c256', 0, 'Welcome', '0', '2024-04-28', 0, 1, NULL, NULL, '0', 525),
(2106, '06:30:00', '15:15:00', '#87c256', 0, 'Welcome', '0', '2024-04-28', 0, 1, NULL, NULL, '0', 525),
(2107, '06:30:00', '15:15:00', '#87c256', 0, 'Welcome', '0', '2024-04-28', 0, 1, NULL, NULL, '0', 525),
(2108, '06:30:00', '15:15:00', '#87c256', 0, 'Welcome', '0', '2024-04-28', 0, 1, NULL, NULL, '0', 525),
(2109, '06:30:00', '15:15:00', '#87c256', 0, 'Welcome', '0', '2024-04-28', 0, 1, NULL, NULL, '0', 525),
(2110, '06:30:00', '15:15:00', '#87c256', 0, 'Welcome', '0', '2024-04-28', 0, 1, NULL, NULL, '0', 525),
(2111, '06:30:00', '15:15:00', '#87c256', 0, 'Welcome', '0', '2024-04-28', 0, 1, NULL, NULL, '0', 525),
(2112, '06:30:00', '15:15:00', '#87c256', 0, 'Welcome', '0', '2024-04-28', 0, 1, NULL, NULL, '0', 525),
(2113, '06:30:00', '15:15:00', '#87c256', 0, 'Welcome', '0', '2024-04-28', 0, 1, NULL, NULL, '0', 525),
(2114, '06:30:00', '15:15:00', '#87c256', 0, 'Welcome', '0', '2024-04-28', 0, 1, NULL, NULL, '0', 525),
(2115, '06:30:00', '15:15:00', '#87c256', 0, 'Welcome', '0', '2024-04-28', 0, 1, NULL, NULL, '0', 525),
(2116, '06:30:00', '15:15:00', '#87c256', 0, 'Welcome', '0', '2024-04-28', 0, 1, NULL, NULL, '0', 525),
(2117, '06:30:00', '15:15:00', '#87c256', 0, 'Welcome', '0', '2024-04-29', 0, 1, NULL, NULL, '0', 525),
(2118, '06:30:00', '15:15:00', '#87c256', 0, 'Welcome', '0', '2024-04-29', 0, 1, NULL, NULL, '0', 525),
(2119, '06:30:00', '15:15:00', '#87c256', 0, 'Welcome', '0', '2024-04-29', 0, 1, NULL, NULL, '0', 525),
(2120, '06:30:00', '15:15:00', '#87c256', 0, 'Welcome', '0', '2024-04-29', 0, 1, NULL, NULL, '0', 525),
(2121, '06:30:00', '15:15:00', '#87c256', 0, 'Welcome', '0', '2024-04-29', 0, 1, NULL, NULL, '0', 525),
(2122, '06:30:00', '15:15:00', '#87c256', 0, 'Welcome', '0', '2024-04-29', 0, 1, NULL, NULL, '0', 525),
(2123, '06:30:00', '15:15:00', '#87c256', 0, 'Welcome', '0', '2024-04-29', 0, 1, NULL, NULL, '0', 525),
(2124, '06:30:00', '15:15:00', '#87c256', 0, 'Welcome', '0', '2024-04-29', 0, 1, NULL, NULL, '0', 525),
(2125, '06:30:00', '15:15:00', '#87c256', 0, 'Welcome', '0', '2024-04-29', 0, 1, NULL, NULL, '0', 525),
(2126, '06:30:00', '15:15:00', '#87c256', 0, 'Welcome', '0', '2024-04-29', 0, 1, NULL, NULL, '0', 525),
(2127, '06:30:00', '15:15:00', '#87c256', 0, 'Welcome', '0', '2024-04-29', 0, 1, NULL, NULL, '0', 525),
(2128, '06:30:00', '15:15:00', '#87c256', 0, 'Welcome', '0', '2024-04-29', 0, 1, NULL, NULL, '0', 525),
(2129, '06:30:00', '15:15:00', '#87c256', 0, 'Welcome', '0', '2024-04-29', 0, 1, NULL, NULL, '0', 525),
(2130, '06:30:00', '15:15:00', '#87c256', 0, 'Welcome', '0', '2024-04-29', 0, 1, NULL, NULL, '0', 525),
(2131, '06:30:00', '15:15:00', '#87c256', 0, 'Welcome', '0', '2024-04-29', 0, 1, NULL, NULL, '0', 525),
(2132, '06:30:00', '15:15:00', '#87c256', 0, 'Welcome', '0', '2024-04-29', 0, 1, NULL, NULL, '0', 525),
(2133, '06:30:00', '15:15:00', '#87c256', 0, 'Welcome', '0', '2024-04-29', 0, 1, NULL, NULL, '0', 525),
(2134, '06:30:00', '15:15:00', '#87c256', 0, 'Welcome', '0', '2024-04-29', 0, 1, NULL, NULL, '0', 525),
(2135, '06:30:00', '15:15:00', '#87c256', 0, 'Welcome', '0', '2024-04-29', 0, 1, NULL, NULL, '0', 525),
(2136, '06:30:00', '15:15:00', '#87c256', 0, 'Welcome', '0', '2024-04-29', 0, 1, NULL, NULL, '0', 525),
(2137, '06:30:00', '15:15:00', '#87c256', 0, 'Welcome', '0', '2024-04-29', 0, 1, NULL, NULL, '0', 525),
(2138, '06:30:00', '15:15:00', '#87c256', 0, 'Welcome', '0', '2024-04-29', 0, 1, NULL, NULL, '0', 525),
(2139, '06:30:00', '15:15:00', '#87c256', 0, 'Welcome', '0', '2024-04-29', 0, 1, NULL, NULL, '0', 525),
(2140, '06:30:00', '15:15:00', '#87c256', 0, 'Welcome', '0', '2024-04-29', 0, 1, NULL, NULL, '0', 525),
(2141, '06:30:00', '15:15:00', '#87c256', 0, 'Welcome', '0', '2024-04-29', 0, 1, NULL, NULL, '0', 525),
(2142, '06:30:00', '15:15:00', '#87c256', 0, 'Welcome', '0', '2024-04-29', 0, 1, NULL, NULL, '0', 525),
(2143, '06:30:00', '15:15:00', '#87c256', 0, 'Welcome', '0', '2024-04-29', 0, 1, NULL, NULL, '0', 525),
(2144, '06:30:00', '15:15:00', '#87c256', 0, 'Welcome', '0', '2024-04-29', 0, 1, NULL, NULL, '0', 525),
(2145, '06:30:00', '15:15:00', '#87c256', 0, 'Welcome', '0', '2024-04-29', 0, 1, NULL, NULL, '0', 525),
(2146, '06:30:00', '15:15:00', '#87c256', 0, 'Welcome', '0', '2024-04-29', 0, 1, NULL, NULL, '0', 525),
(2147, '06:30:00', '15:15:00', '#87c256', 0, 'Welcome', '0', '2024-04-29', 0, 1, NULL, NULL, '0', 525),
(2148, '06:30:00', '15:15:00', '#87c256', 0, 'Welcome', '0', '2024-04-29', 0, 1, NULL, NULL, '0', 525),
(2149, '06:30:00', '15:15:00', '#87c256', 0, 'Welcome', '0', '2024-04-29', 0, 1, NULL, NULL, '0', 525),
(2150, '06:30:00', '15:15:00', '#87c256', 0, 'Welcome', '0', '2024-04-29', 0, 1, NULL, NULL, '0', 525),
(2151, '06:30:00', '15:15:00', '#87c256', 0, 'Welcome', '0', '2024-04-29', 0, 1, NULL, NULL, '0', 525),
(2152, '06:30:00', '15:15:00', '#87c256', 0, 'Welcome', '0', '2024-04-29', 0, 1, NULL, NULL, '0', 525),
(2153, '06:30:00', '15:15:00', '#87c256', 0, 'Welcome', '0', '2024-04-29', 0, 1, NULL, NULL, '0', 525),
(2154, '06:30:00', '15:15:00', '#87c256', 0, 'Welcome', '0', '2024-04-29', 0, 1, NULL, NULL, '0', 525),
(2155, '06:30:00', '15:15:00', '#87c256', 0, 'Welcome', '0', '2024-04-29', 0, 1, NULL, NULL, '0', 525),
(2156, '06:30:00', '15:15:00', '#87c256', 0, 'Welcome', '0', '2024-04-29', 0, 1, NULL, NULL, '0', 525),
(2157, '06:30:00', '15:15:00', '#87c256', 0, 'Welcome', '0', '2024-04-29', 0, 1, NULL, NULL, '0', 525),
(2158, '06:30:00', '15:15:00', '#87c256', 0, 'Welcome', '0', '2024-04-29', 0, 1, NULL, NULL, '0', 525),
(2159, '06:30:00', '15:15:00', '#87c256', 0, 'Welcome', '0', '2024-04-29', 0, 1, NULL, NULL, '0', 525),
(2160, '06:30:00', '15:15:00', '#87c256', 0, 'Welcome', '0', '2024-04-29', 0, 1, NULL, NULL, '0', 525),
(2161, '06:30:00', '15:15:00', '#87c256', 0, 'Welcome', '0', '2024-04-29', 0, 1, NULL, NULL, '0', 525),
(2162, '06:30:00', '15:15:00', '#87c256', 0, 'Welcome', '0', '2024-04-29', 0, 1, NULL, NULL, '0', 525),
(2163, '06:30:00', '15:15:00', '#87c256', 0, 'Welcome', '0', '2024-04-29', 0, 1, NULL, NULL, '0', 525),
(2164, '06:30:00', '15:15:00', '#87c256', 0, 'Welcome', '0', '2024-04-29', 0, 1, NULL, NULL, '0', 525),
(2165, '06:30:00', '15:15:00', '#87c256', 0, 'Welcome', '0', '2024-04-29', 0, 1, NULL, NULL, '0', 525),
(2166, '06:30:00', '15:15:00', '#87c256', 0, 'Welcome', '0', '2024-04-29', 0, 1, NULL, NULL, '0', 525),
(2167, '06:30:00', '15:15:00', '#87c256', 0, 'Welcome', '0', '2024-04-29', 0, 1, NULL, NULL, '0', 525),
(2168, '06:30:00', '15:15:00', '#87c256', 0, 'Welcome', '0', '2024-04-29', 0, 1, NULL, NULL, '0', 525),
(2169, '06:30:00', '15:15:00', '#87c256', 0, 'Welcome', '0', '2024-04-29', 0, 1, NULL, NULL, '0', 525),
(2170, '06:30:00', '15:15:00', '#87c256', 0, 'Welcome', '0', '2024-04-29', 0, 1, NULL, NULL, '0', 525),
(2171, '06:30:00', '15:15:00', '#87c256', 0, 'Welcome', '0', '2024-04-29', 0, 1, NULL, NULL, '0', 525),
(2172, '06:30:00', '15:15:00', '#87c256', 0, 'Welcome', '0', '2024-04-29', 0, 1, NULL, NULL, '0', 525),
(2173, '06:30:00', '15:15:00', '#87c256', 0, 'Welcome', '0', '2024-04-29', 0, 1, NULL, NULL, '0', 525),
(2174, '06:30:00', '15:15:00', '#87c256', 0, 'Welcome', '0', '2024-04-29', 0, 1, NULL, NULL, '0', 525),
(2175, '06:30:00', '15:15:00', '#87c256', 0, 'Welcome', '0', '2024-04-29', 0, 1, NULL, NULL, '0', 525),
(2176, '06:30:00', '15:15:00', '#87c256', 0, 'Welcome', '0', '2024-04-29', 0, 1, NULL, NULL, '0', 525),
(2177, '06:30:00', '15:15:00', '#87c256', 0, 'Welcome', '0', '2024-04-29', 0, 1, NULL, NULL, '0', 525),
(2178, '06:30:00', '15:15:00', '#87c256', 0, 'Welcome', '0', '2024-04-29', 0, 1, NULL, NULL, '0', 525),
(2179, '06:30:00', '15:15:00', '#87c256', 0, 'Welcome', '0', '2024-04-29', 0, 1, NULL, NULL, '0', 525),
(2180, '06:30:00', '15:15:00', '#87c256', 0, 'Welcome', '0', '2024-04-29', 0, 1, NULL, NULL, '0', 525),
(2181, '06:30:00', '15:15:00', '#87c256', 0, 'Welcome', '0', '2024-04-29', 0, 1, NULL, NULL, '0', 525),
(2182, '06:30:00', '15:15:00', '#87c256', 0, 'Welcome', '0', '2024-04-30', 0, 1, NULL, NULL, '0', 525),
(2183, '06:30:00', '15:15:00', '#87c256', 0, 'Welcome', '0', '2024-04-30', 0, 1, NULL, NULL, '0', 525),
(2184, '06:30:00', '15:15:00', '#87c256', 0, 'Welcome', '0', '2024-04-30', 0, 1, NULL, NULL, '0', 525),
(2185, '06:30:00', '15:15:00', '#87c256', 0, 'Welcome', '0', '2024-04-30', 0, 1, NULL, NULL, '0', 525),
(2186, '06:30:00', '15:15:00', '#87c256', 0, 'Welcome', '0', '2024-04-30', 0, 1, NULL, NULL, '0', 525),
(2187, '06:30:00', '15:15:00', '#87c256', 0, 'Welcome', '0', '2024-04-30', 0, 1, NULL, NULL, '0', 525),
(2188, '06:30:00', '15:15:00', '#87c256', 0, 'Welcome', '0', '2024-04-30', 0, 1, NULL, NULL, '0', 525),
(2189, '06:30:00', '15:15:00', '#87c256', 0, 'Welcome', '0', '2024-04-30', 0, 1, NULL, NULL, '0', 525),
(2190, '06:30:00', '15:15:00', '#87c256', 0, 'Welcome', '0', '2024-04-30', 0, 1, NULL, NULL, '0', 525),
(2191, '06:30:00', '15:15:00', '#87c256', 0, 'Welcome', '0', '2024-04-30', 0, 1, NULL, NULL, '0', 525),
(2192, '06:30:00', '15:15:00', '#87c256', 0, 'Welcome', '0', '2024-04-30', 0, 1, NULL, NULL, '0', 525),
(2193, '06:30:00', '15:15:00', '#87c256', 0, 'Welcome', '0', '2024-04-30', 0, 1, NULL, NULL, '0', 525),
(2194, '06:30:00', '15:15:00', '#87c256', 0, 'Welcome', '0', '2024-04-30', 0, 1, NULL, NULL, '0', 525),
(2195, '06:30:00', '15:15:00', '#87c256', 0, 'Welcome', '0', '2024-04-30', 0, 1, NULL, NULL, '0', 525),
(2196, '06:30:00', '15:15:00', '#87c256', 0, 'Welcome', '0', '2024-04-30', 0, 1, NULL, NULL, '0', 525),
(2197, '06:30:00', '15:15:00', '#87c256', 0, 'Welcome', '0', '2024-04-30', 0, 1, NULL, NULL, '0', 525),
(2198, '06:30:00', '15:15:00', '#87c256', 0, 'Welcome', '0', '2024-04-30', 0, 1, NULL, NULL, '0', 525),
(2199, '06:30:00', '15:15:00', '#87c256', 0, 'Welcome', '0', '2024-04-30', 0, 1, NULL, NULL, '0', 525),
(2200, '06:30:00', '15:15:00', '#87c256', 0, 'Welcome', '0', '2024-04-30', 0, 1, NULL, NULL, '0', 525),
(2201, '06:30:00', '15:15:00', '#87c256', 0, 'Welcome', '0', '2024-04-30', 0, 1, NULL, NULL, '0', 525),
(2202, '06:30:00', '15:15:00', '#87c256', 0, 'Welcome', '0', '2024-04-30', 0, 1, NULL, NULL, '0', 525),
(2203, '06:30:00', '15:15:00', '#87c256', 0, 'Welcome', '0', '2024-04-30', 0, 1, NULL, NULL, '0', 525),
(2204, '06:30:00', '15:15:00', '#87c256', 0, 'Welcome', '0', '2024-04-30', 0, 1, NULL, NULL, '0', 525),
(2205, '06:30:00', '15:15:00', '#87c256', 0, 'Welcome', '0', '2024-04-30', 0, 1, NULL, NULL, '0', 525),
(2206, '06:30:00', '15:15:00', '#87c256', 0, 'Welcome', '0', '2024-04-30', 0, 1, NULL, NULL, '0', 525),
(2207, '06:30:00', '15:15:00', '#87c256', 0, 'Welcome', '0', '2024-04-30', 0, 1, NULL, NULL, '0', 525),
(2208, '06:30:00', '15:15:00', '#87c256', 0, 'Welcome', '0', '2024-04-30', 0, 1, NULL, NULL, '0', 525),
(2209, '06:30:00', '15:15:00', '#87c256', 0, 'Welcome', '0', '2024-04-30', 0, 1, NULL, NULL, '0', 525),
(2210, '06:30:00', '15:15:00', '#87c256', 0, 'Welcome', '0', '2024-04-30', 0, 1, NULL, NULL, '0', 525),
(2211, '06:30:00', '15:15:00', '#87c256', 0, 'Welcome', '0', '2024-04-30', 0, 1, NULL, NULL, '0', 525),
(2212, '06:30:00', '15:15:00', '#87c256', 0, 'Welcome', '0', '2024-04-30', 0, 1, NULL, NULL, '0', 525),
(2213, '06:30:00', '15:15:00', '#87c256', 0, 'Welcome', '0', '2024-04-30', 0, 1, NULL, NULL, '0', 525),
(2214, '06:30:00', '15:15:00', '#87c256', 0, 'Welcome', '0', '2024-04-30', 0, 1, NULL, NULL, '0', 525),
(2215, '06:30:00', '15:15:00', '#87c256', 0, 'Welcome', '0', '2024-04-30', 0, 1, NULL, NULL, '0', 525),
(2216, '06:30:00', '15:15:00', '#87c256', 0, 'Welcome', '0', '2024-04-30', 0, 1, NULL, NULL, '0', 525),
(2217, '06:30:00', '15:15:00', '#87c256', 0, 'Welcome', '0', '2024-04-30', 0, 1, NULL, NULL, '0', 525),
(2218, '06:30:00', '15:15:00', '#87c256', 0, 'Welcome', '0', '2024-04-30', 0, 1, NULL, NULL, '0', 525),
(2219, '06:30:00', '15:15:00', '#87c256', 0, 'Welcome', '0', '2024-04-30', 0, 1, NULL, NULL, '0', 525),
(2220, '06:30:00', '15:15:00', '#87c256', 0, 'Welcome', '0', '2024-04-30', 0, 1, NULL, NULL, '0', 525),
(2221, '06:30:00', '15:15:00', '#87c256', 0, 'Welcome', '0', '2024-04-30', 0, 1, NULL, NULL, '0', 525),
(2222, '06:30:00', '15:15:00', '#87c256', 0, 'Welcome', '0', '2024-04-30', 0, 1, NULL, NULL, '0', 525),
(2223, '06:30:00', '15:15:00', '#87c256', 0, 'Welcome', '0', '2024-04-30', 0, 1, NULL, NULL, '0', 525),
(2224, '06:30:00', '15:15:00', '#87c256', 0, 'Welcome', '0', '2024-04-30', 0, 1, NULL, NULL, '0', 525),
(2225, '06:30:00', '15:15:00', '#87c256', 0, 'Welcome', '0', '2024-04-30', 0, 1, NULL, NULL, '0', 525),
(2226, '06:30:00', '15:15:00', '#87c256', 0, 'Welcome', '0', '2024-04-30', 0, 1, NULL, NULL, '0', 525),
(2227, '06:30:00', '15:15:00', '#87c256', 0, 'Welcome', '0', '2024-04-30', 0, 1, NULL, NULL, '0', 525),
(2228, '06:30:00', '15:15:00', '#87c256', 0, 'Welcome', '0', '2024-04-30', 0, 1, NULL, NULL, '0', 525),
(2229, '06:30:00', '15:15:00', '#87c256', 0, 'Welcome', '0', '2024-04-30', 0, 1, NULL, NULL, '0', 525),
(2230, '06:30:00', '15:15:00', '#87c256', 0, 'Welcome', '0', '2024-04-30', 0, 1, NULL, NULL, '0', 525),
(2231, '06:30:00', '15:15:00', '#87c256', 0, 'Welcome', '0', '2024-04-30', 0, 1, NULL, NULL, '0', 525),
(2232, '06:30:00', '15:15:00', '#87c256', 0, 'Welcome', '0', '2024-04-30', 0, 1, NULL, NULL, '0', 525),
(2233, '06:30:00', '15:15:00', '#87c256', 0, 'Welcome', '0', '2024-04-30', 0, 1, NULL, NULL, '0', 525),
(2234, '06:30:00', '15:15:00', '#87c256', 0, 'Welcome', '0', '2024-04-30', 0, 1, NULL, NULL, '0', 525),
(2235, '06:30:00', '15:15:00', '#87c256', 0, 'Welcome', '0', '2024-04-30', 0, 1, NULL, NULL, '0', 525),
(2236, '06:30:00', '15:15:00', '#87c256', 0, 'Welcome', '0', '2024-04-30', 0, 1, NULL, NULL, '0', 525),
(2237, '06:30:00', '15:15:00', '#87c256', 0, 'Welcome', '0', '2024-04-30', 0, 1, NULL, NULL, '0', 525),
(2238, '06:30:00', '15:15:00', '#87c256', 0, 'Welcome', '0', '2024-04-30', 0, 1, NULL, NULL, '0', 525),
(2239, '06:30:00', '15:15:00', '#87c256', 0, 'Welcome', '0', '2024-04-30', 0, 1, NULL, NULL, '0', 525),
(2240, '06:30:00', '15:15:00', '#87c256', 0, 'Welcome', '0', '2024-04-30', 0, 1, NULL, NULL, '0', 525),
(2241, '06:30:00', '15:15:00', '#87c256', 0, 'Welcome', '0', '2024-04-30', 0, 1, NULL, NULL, '0', 525),
(2242, '06:30:00', '15:15:00', '#87c256', 0, 'Welcome', '0', '2024-04-30', 0, 1, NULL, NULL, '0', 525),
(2243, '06:30:00', '15:15:00', '#87c256', 0, 'Welcome', '0', '2024-04-30', 0, 1, NULL, NULL, '0', 525),
(2244, '06:30:00', '15:15:00', '#87c256', 0, 'Welcome', '0', '2024-04-30', 0, 1, NULL, NULL, '0', 525),
(2245, '06:30:00', '15:15:00', '#87c256', 0, 'Welcome', '0', '2024-04-30', 0, 1, NULL, NULL, '0', 525),
(2246, '06:30:00', '15:15:00', '#87c256', 0, 'Welcome', '0', '2024-04-30', 0, 1, NULL, NULL, '0', 525),
(2247, '06:30:00', '15:15:00', '#ff0000', 0, 'test', '0', '2024-03-25', 0, 1, NULL, NULL, '', 525);

-- --------------------------------------------------------

--
-- Table structure for table `settings`
--

CREATE TABLE `settings` (
  `id` bigint(20) UNSIGNED NOT NULL,
  `option` varchar(255) COLLATE utf8mb4_unicode_ci NOT NULL,
  `value` varchar(255) COLLATE utf8mb4_unicode_ci NOT NULL,
  `created_at` timestamp NULL DEFAULT NULL,
  `updated_at` timestamp NULL DEFAULT NULL
) ENGINE=InnoDB DEFAULT CHARSET=utf8mb4 COLLATE=utf8mb4_unicode_ci;

--
-- Dumping data for table `settings`
--

INSERT INTO `settings` (`id`, `option`, `value`, `created_at`, `updated_at`) VALUES
(1, '_financial_year_end_date', '15', NULL, NULL),
(2, '_financial_year_start_date', '30', NULL, NULL),
(3, '_financial_year_end_month', 'April', NULL, NULL),
(4, '_financial_year_start_month', 'March', NULL, NULL),
(5, '_working_days', 'Monday,Tuesday,Wednesday,Thursday,Friday,Saturday', NULL, NULL),
(6, '_time_zone', '(GMT+10:00) Canberra, Melbourne, Sydney', NULL, NULL),
(7, '_web_logo', 'upload/images/1708317170.png', NULL, NULL);

-- --------------------------------------------------------

--
-- Table structure for table `sites`
--

CREATE TABLE `sites` (
  `id` bigint(20) UNSIGNED NOT NULL,
  `title` varchar(255) COLLATE utf8mb4_unicode_ci NOT NULL,
  `description` text COLLATE utf8mb4_unicode_ci,
  `longitude` varchar(255) COLLATE utf8mb4_unicode_ci NOT NULL,
  `latitude` varchar(255) COLLATE utf8mb4_unicode_ci NOT NULL,
  `area_radius` varchar(255) COLLATE utf8mb4_unicode_ci NOT NULL,
  `active` varchar(255) COLLATE utf8mb4_unicode_ci NOT NULL DEFAULT '1',
  `company_client` varchar(255) COLLATE utf8mb4_unicode_ci NOT NULL,
  `external_id` varchar(255) COLLATE utf8mb4_unicode_ci DEFAULT NULL,
  `project_id` varchar(255) COLLATE utf8mb4_unicode_ci DEFAULT NULL,
  `supervisor_id` varchar(255) COLLATE utf8mb4_unicode_ci NOT NULL,
  `site_state` varchar(255) COLLATE utf8mb4_unicode_ci NOT NULL,
  `street_address` varchar(255) COLLATE utf8mb4_unicode_ci NOT NULL,
  `created_by` varchar(255) COLLATE utf8mb4_unicode_ci NOT NULL,
  `del` varchar(255) COLLATE utf8mb4_unicode_ci NOT NULL DEFAULT '0',
  `created_at` timestamp NULL DEFAULT NULL,
  `updated_at` timestamp NULL DEFAULT NULL
) ENGINE=InnoDB DEFAULT CHARSET=utf8mb4 COLLATE=utf8mb4_unicode_ci;

--
-- Dumping data for table `sites`
--

INSERT INTO `sites` (`id`, `title`, `description`, `longitude`, `latitude`, `area_radius`, `active`, `company_client`, `external_id`, `project_id`, `supervisor_id`, `site_state`, `street_address`, `created_by`, `del`, `created_at`, `updated_at`) VALUES
(1, 'AIC', 'sdfsdf', '70.330878', '28.414409', '0.5', '1', '1', '242342323', NULL, '4', 'ryk', 'sdfdsf', '1', '0', '2024-02-21 03:57:06', '2024-02-21 03:57:06'),
(2, 'test site', 'test', '-123.099342', '49.250453', '0.1', '1', '2', '2', NULL, '4', 'South Australia', 'ryk', '1', '0', '2024-02-21 05:09:01', '2024-02-21 23:41:40'),
(3, '154 - Parkview Parramatta', 'Formwork Contractors', '151.008823', '-33.815566', '0.15', '1', '3', '154', NULL, '11', 'NSW', '5 charles Street Parramatta', '1', '0', '2024-02-22 19:08:26', '2024-04-01 21:06:36'),
(4, '152 - Viva City stage 2', 'Formwork', '151.060512', '-33.849026', '0.02', '1', '4', NULL, NULL, '4', 'Nsw', '5b Uhrig Rd, Sydney Olympic Park NSW 2127', '1', '0', '2024-02-22 21:30:22', '2024-04-01 21:05:53'),
(5, 'DHA 2', 'aSDF', '73.15574', '33.522814', '0.5', '1', '1', '123', NULL, '4', 'NSW', 'dha 2', '1', '0', '2024-02-23 00:01:04', '2024-02-23 00:01:04'),
(6, 'Fastform HQ', NULL, '150.886427', '-33.938303', '0.030', '1', '2', NULL, NULL, '11', 'NSW', '14 Enterprise Circuit', '1', '0', '2024-02-25 21:31:07', '2024-04-01 21:02:38'),
(7, 'Fastform HQ', NULL, '150.886471', '-33.938185', '0.04', '1', '2', NULL, NULL, '11', 'NSW', '14 Enterprise Circuit', '1', '0', '2024-02-25 21:31:07', '2024-04-02 17:46:44'),
(8, 'Deicorp HQ', NULL, '151.199656', '-33.892419', '0.1', '1', '2', NULL, NULL, '4', 'NSW', '161 Redfern Street,\r\nRedfern NSW 2016', '1', '0', '2024-02-27 16:11:53', '2024-02-27 16:11:53'),
(9, 'ICTech HQ', NULL, '151.044756', '-33.900338', '0.05', '1', '3', NULL, NULL, '4', 'NSW', '2B', '1', '0', '2024-02-27 16:29:44', '2024-02-27 16:29:44'),
(10, '157 Melrose Park', 'Melrose Park Stage 4', '151.068503', '-33.809385', '.05', '1', '3', '157', NULL, '47', 'NSW', '2 Appleroth Street Melrose Park 2114', '1', '0', '2024-04-04 16:47:51', '2024-04-07 19:22:48'),
(11, '155 Mason and Main', 'Mason and Main', '150.98828', '-33.83573', '0.07', '1', '7', '155', NULL, '36', 'NSW', '249 Merrylands Rd, Merrylands New South Wales 2160', '1', '0', '2024-04-08 21:25:40', '2024-04-08 22:44:13');

-- --------------------------------------------------------

--
-- Table structure for table `site_hisotry`
--

CREATE TABLE `site_hisotry` (
  `id` bigint(20) UNSIGNED NOT NULL,
  `site_id` varchar(255) COLLATE utf8mb4_unicode_ci NOT NULL,
  `description` varchar(255) COLLATE utf8mb4_unicode_ci NOT NULL,
  `updated_by` varchar(255) COLLATE utf8mb4_unicode_ci NOT NULL,
  `created_at` timestamp NULL DEFAULT NULL,
  `updated_at` timestamp NULL DEFAULT NULL
) ENGINE=InnoDB DEFAULT CHARSET=utf8mb4 COLLATE=utf8mb4_unicode_ci;

--
-- Dumping data for table `site_hisotry`
--

INSERT INTO `site_hisotry` (`id`, `site_id`, `description`, `updated_by`, `created_at`, `updated_at`) VALUES
(1, '3', '<a href=\'https://dev-fastform.gtechsol.au/user-profile/1\' style=\'text-transform: capitalize;\' role=\'button\' class=\'primary text-decoration-none\'> Main  Admin</a>  change the site detail: \'Home - Parkview\'.', '1', '2024-02-22 19:11:23', '2024-02-22 19:11:23'),
(2, '3', '<a href=\'https://dev-fastform.gtechsol.au/user-profile/1\' style=\'text-transform: capitalize;\' role=\'button\' class=\'primary text-decoration-none\'> Main  Admin</a>  change the site detail: \'Home - Parkview\'.', '1', '2024-02-22 19:14:27', '2024-02-22 19:14:27'),
(3, '4', '<a href=\'https://dev-fastform.gtechsol.au/user-profile/1\' style=\'text-transform: capitalize;\' role=\'button\' class=\'primary text-decoration-none\'> Main  Admin</a>  change the site detail: \'JQZ Viva City stage 2\'.', '1', '2024-02-26 14:31:20', '2024-02-26 14:31:20'),
(4, '4', '<a href=\'https://dev-fastform.gtechsol.au/user-profile/1\' style=\'text-transform: capitalize;\' role=\'button\' class=\'primary text-decoration-none\'> Main  Admin</a>  change the site detail: \'JQZ Viva City stage 2\'.', '1', '2024-02-26 14:34:47', '2024-02-26 14:34:47'),
(5, '3', '<a href=\'https://dev-fastform.gtechsol.au/user-profile/1\' style=\'text-transform: capitalize;\' role=\'button\' class=\'primary text-decoration-none\'> Main  Admin</a>  change the site detail: \'Home - Parkview\'.', '1', '2024-02-28 16:46:11', '2024-02-28 16:46:11'),
(6, '3', '<a href=\'https://dev-fastform.gtechsol.au/user-profile/1\' style=\'text-transform: capitalize;\' role=\'button\' class=\'primary text-decoration-none\'> Main  Admin</a>  change the site detail: \'Home - Parkview\'.', '1', '2024-03-05 14:27:51', '2024-03-05 14:27:51'),
(7, '3', '<a href=\'https://dev-fastform.gtechsol.au/user-profile/1\' style=\'text-transform: capitalize;\' role=\'button\' class=\'primary text-decoration-none\'> Main  Admin</a>  change the site detail: \'Home - Parkview\'.', '1', '2024-03-07 18:04:37', '2024-03-07 18:04:37'),
(8, '3', '<a href=\'https://dev-fastform.gtechsol.au/user-profile/1\' style=\'text-transform: capitalize;\' role=\'button\' class=\'primary text-decoration-none\'> Main  Admin</a>  change the site detail: \'Home - Parkview\'.', '1', '2024-03-07 19:03:49', '2024-03-07 19:03:49'),
(9, '3', '<a href=\'https://dev-fastform.gtechsol.au/user-profile/1\' style=\'text-transform: capitalize;\' role=\'button\' class=\'primary text-decoration-none\'> Main  Admin</a>  change the site detail: \'Home - Parkview\'.', '1', '2024-03-24 16:09:22', '2024-03-24 16:09:22'),
(10, '3', '<a href=\'https://dev-fastform.gtechsol.au/user-profile/1\' style=\'text-transform: capitalize;\' role=\'button\' class=\'primary text-decoration-none\'> Main  Admin</a>  change the site detail: \'Home - Parkview\'.', '1', '2024-03-24 16:16:13', '2024-03-24 16:16:13'),
(11, '3', '<a href=\'https://dev-fastform.gtechsol.au/user-profile/1\' style=\'text-transform: capitalize;\' role=\'button\' class=\'primary text-decoration-none\'> Main  Admin</a>  change the site detail: \'Home - Parkview\'.', '1', '2024-03-24 16:21:02', '2024-03-24 16:21:02'),
(12, '3', '<a href=\'https://dev-fastform.gtechsol.au/user-profile/1\' style=\'text-transform: capitalize;\' role=\'button\' class=\'primary text-decoration-none\'> Main  Admin</a>  change the site detail: \'Home - Parkview\'.', '1', '2024-03-24 19:33:40', '2024-03-24 19:33:40'),
(13, '3', '<a href=\'https://dev-fastform.gtechsol.au/user-profile/1\' style=\'text-transform: capitalize;\' role=\'button\' class=\'primary text-decoration-none\'> Main  Admin</a>  change the site detail: \'Home - Parkview\'.', '1', '2024-03-24 19:36:28', '2024-03-24 19:36:28'),
(14, '3', '<a href=\'https://dev-fastform.gtechsol.au/user-profile/1\' style=\'text-transform: capitalize;\' role=\'button\' class=\'primary text-decoration-none\'> Main  Admin</a>  change the site detail: \'Home - Parkview\'.', '1', '2024-03-24 19:37:29', '2024-03-24 19:37:29'),
(15, '3', '<a href=\'https://dev-fastform.gtechsol.au/user-profile/1\' style=\'text-transform: capitalize;\' role=\'button\' class=\'primary text-decoration-none\'> Main  Admin</a>  change the site detail: \'Home - Parkview\'.', '1', '2024-04-01 21:00:38', '2024-04-01 21:00:38'),
(16, '6', '<a href=\'https://dev-fastform.gtechsol.au/user-profile/1\' style=\'text-transform: capitalize;\' role=\'button\' class=\'primary text-decoration-none\'> Main  Admin</a>  change the site detail: \'Fastform HQ\'.', '1', '2024-04-01 21:02:38', '2024-04-01 21:02:38'),
(17, '3', '<a href=\'https://dev-fastform.gtechsol.au/user-profile/1\' style=\'text-transform: capitalize;\' role=\'button\' class=\'primary text-decoration-none\'> Main  Admin</a>  change the site detail: \'Parkview - 154\'.', '1', '2024-04-01 21:05:21', '2024-04-01 21:05:21'),
(18, '4', '<a href=\'https://dev-fastform.gtechsol.au/user-profile/1\' style=\'text-transform: capitalize;\' role=\'button\' class=\'primary text-decoration-none\'> Main  Admin</a>  change the site detail: \'152 - Viva City stage 2\'.', '1', '2024-04-01 21:05:53', '2024-04-01 21:05:53'),
(19, '3', '<a href=\'https://dev-fastform.gtechsol.au/user-profile/1\' style=\'text-transform: capitalize;\' role=\'button\' class=\'primary text-decoration-none\'> Main  Admin</a>  change the site detail: \'154 - Parkview Parramatta\'.', '1', '2024-04-01 21:06:36', '2024-04-01 21:06:36'),
(20, '7', '<a href=\'https://dev-fastform.gtechsol.au/user-profile/1\' style=\'text-transform: capitalize;\' role=\'button\' class=\'primary text-decoration-none\'> Main  Admin</a>  change the site detail: \'Fastform HQ\'.', '1', '2024-04-02 17:46:44', '2024-04-02 17:46:44'),
(21, '10', '<a href=\'https://dev-fastform.gtechsol.au/user-profile/1\' style=\'text-transform: capitalize;\' role=\'button\' class=\'primary text-decoration-none\'> Main  Admin</a>  change the site detail: \'157 Melrose Park\'.', '1', '2024-04-04 16:49:26', '2024-04-04 16:49:26'),
(22, '10', '<a href=\'https://dev-fastform.gtechsol.au/user-profile/1\' style=\'text-transform: capitalize;\' role=\'button\' class=\'primary text-decoration-none\'> Main  Admin</a>  change the site detail: \'157 Melrose Park\'.', '1', '2024-04-07 19:22:48', '2024-04-07 19:22:48'),
(23, '11', '<a href=\'https://dev-fastform.gtechsol.au/user-profile/1\' style=\'text-transform: capitalize;\' role=\'button\' class=\'primary text-decoration-none\'> Main  Admin</a>  change the site detail: \'155 Mason and Main\'.', '1', '2024-04-08 21:27:39', '2024-04-08 21:27:39'),
(24, '11', '<a href=\'https://dev-fastform.gtechsol.au/user-profile/1\' style=\'text-transform: capitalize;\' role=\'button\' class=\'primary text-decoration-none\'> Main  Admin</a>  change the site detail: \'155 Mason and Main\'.', '1', '2024-04-08 22:44:13', '2024-04-08 22:44:13');

-- --------------------------------------------------------

--
-- Table structure for table `team_histories`
--

CREATE TABLE `team_histories` (
  `id` bigint(20) UNSIGNED NOT NULL,
  `emp_id` varchar(255) COLLATE utf8mb4_unicode_ci NOT NULL,
  `team_id` varchar(255) COLLATE utf8mb4_unicode_ci NOT NULL,
  `description` varchar(255) COLLATE utf8mb4_unicode_ci NOT NULL,
  `del` varchar(255) COLLATE utf8mb4_unicode_ci NOT NULL DEFAULT '0',
  `created_at` timestamp NULL DEFAULT NULL,
  `updated_at` timestamp NULL DEFAULT NULL
) ENGINE=InnoDB DEFAULT CHARSET=utf8mb4 COLLATE=utf8mb4_unicode_ci;

--
-- Dumping data for table `team_histories`
--

INSERT INTO `team_histories` (`id`, `emp_id`, `team_id`, `description`, `del`, `created_at`, `updated_at`) VALUES
(49, '1', '1', '<a href=\'http://127.0.0.1:8000/user-profile/1\' style=\'text-transform: capitalize;\' role=\'button\' class=\'primary text-decoration-none\'> Main Admin</a> added the memeber: \'Main Admin\'  in  \'Admin\' team.', '0', '2023-12-05 12:32:53', '2023-12-05 12:32:53'),
(50, '3', '1', '<a href=\'https://dev-fastform.gtechsol.au/user-profile/1\' style=\'text-transform: capitalize;\' role=\'button\' class=\'primary text-decoration-none\'> Main  Admin</a> added the memeber: \'tester  qa\'  in  \'Admin\' team.', '0', '2024-02-21 03:17:52', '2024-02-21 03:17:52'),
(51, '2', '1', '<a href=\'https://dev-fastform.gtechsol.au/user-profile/1\' style=\'text-transform: capitalize;\' role=\'button\' class=\'primary text-decoration-none\'> Main  Admin</a> added the memeber: \'Umair  Azam\'  in  \'Admin\' team.', '0', '2024-02-21 03:36:21', '2024-02-21 03:36:21'),
(52, '4', '1', '<a href=\'https://dev-fastform.gtechsol.au/user-profile/1\' style=\'text-transform: capitalize;\' role=\'button\' class=\'primary text-decoration-none\'> Main  Admin</a> added the memeber: \'Mehtab  Ahmed\'  in  \'Admin\' team.', '0', '2024-02-21 03:55:14', '2024-02-21 03:55:14'),
(53, '5', '1', '<a href=\'https://dev-fastform.gtechsol.au/user-profile/1\' style=\'text-transform: capitalize;\' role=\'button\' class=\'primary text-decoration-none\'> Main  Admin</a> added the memeber: \'tester  qa\'  in  \'Admin\' team.', '0', '2024-02-21 04:15:11', '2024-02-21 04:15:11'),
(54, '7', '1', '<a href=\'https://dev-fastform.gtechsol.au/user-profile/1\' style=\'text-transform: capitalize;\' role=\'button\' class=\'primary text-decoration-none\'> Main  Admin</a> added the memeber: \'Abdul Rehman Khan\'  in  \'Admin\' team.', '0', '2024-02-21 23:33:52', '2024-02-21 23:33:52'),
(55, '3', '1', '<a href=\'https://dev-fastform.gtechsol.au/user-profile/1\' style=\'text-transform: capitalize;\' role=\'button\' class=\'primary text-decoration-none\'> Main  Admin</a> deleted the memeber: \'tester  samina\'  from  \'Admin\' team.', '0', '2024-02-22 04:00:04', '2024-02-22 04:00:04'),
(56, '8', '1', '<a href=\'https://dev-fastform.gtechsol.au/user-profile/1\' style=\'text-transform: capitalize;\' role=\'button\' class=\'primary text-decoration-none\'> Main  Admin</a> added the memeber: \'Haysam  ElBacha\'  in  \'Admin\' team.', '0', '2024-02-22 18:20:33', '2024-02-22 18:20:33'),
(57, '9', '1', '<a href=\'https://dev-fastform.gtechsol.au/user-profile/1\' style=\'text-transform: capitalize;\' role=\'button\' class=\'primary text-decoration-none\'> Main  Admin</a> added the memeber: \'Ahmad  Elsayed\'  in  \'Admin\' team.', '0', '2024-02-22 18:25:16', '2024-02-22 18:25:16'),
(58, '10', '1', '<a href=\'https://dev-fastform.gtechsol.au/user-profile/1\' style=\'text-transform: capitalize;\' role=\'button\' class=\'primary text-decoration-none\'> Main  Admin</a> added the memeber: \'Mahmoud  Massri\'  in  \'Admin\' team.', '0', '2024-02-22 18:48:56', '2024-02-22 18:48:56'),
(59, '12', '1', '<a href=\'https://dev-fastform.gtechsol.au/user-profile/1\' style=\'text-transform: capitalize;\' role=\'button\' class=\'primary text-decoration-none\'> Main  Admin</a> added the memeber: \'Khodr  HEJAZI\'  in  \'Admin\' team.', '0', '2024-02-22 19:28:34', '2024-02-22 19:28:34'),
(60, '11', '1', '<a href=\'https://dev-fastform.gtechsol.au/user-profile/1\' style=\'text-transform: capitalize;\' role=\'button\' class=\'primary text-decoration-none\'> Main  Admin</a> added the memeber: \'Kaled  Massri\'  in  \'Admin\' team.', '0', '2024-02-22 19:30:59', '2024-02-22 19:30:59'),
(61, '13', '1', '<a href=\'https://dev-fastform.gtechsol.au/user-profile/1\' style=\'text-transform: capitalize;\' role=\'button\' class=\'primary text-decoration-none\'> Main  Admin</a> added the memeber: \'Muhammad Saad Tanveer\'  in  \'Admin\' team.', '0', '2024-02-22 21:56:53', '2024-02-22 21:56:53'),
(62, '16', '1', '<a href=\'https://dev-fastform.gtechsol.au/user-profile/1\' style=\'text-transform: capitalize;\' role=\'button\' class=\'primary text-decoration-none\'> Main  Admin</a> added the memeber: \'Abdul  Rehman\'  in  \'Admin\' team.', '0', '2024-02-26 23:01:31', '2024-02-26 23:01:31'),
(63, '20', '1', '<a href=\'https://dev-fastform.gtechsol.au/user-profile/1\' style=\'text-transform: capitalize;\' role=\'button\' class=\'primary text-decoration-none\'> Main  Admin</a> added the memeber: \'Dev  Ops\'  in  \'Admin\' team.', '0', '2024-02-27 14:10:19', '2024-02-27 14:10:19'),
(64, '21', '1', '<a href=\'https://dev-fastform.gtechsol.au/user-profile/1\' style=\'text-transform: capitalize;\' role=\'button\' class=\'primary text-decoration-none\'> Main  Admin</a> added the memeber: \'Yonnas Kiros BERHEMELES\'  in  \'Admin\' team.', '0', '2024-02-28 17:32:34', '2024-02-28 17:32:34'),
(65, '22', '1', '<a href=\'https://dev-fastform.gtechsol.au/user-profile/1\' style=\'text-transform: capitalize;\' role=\'button\' class=\'primary text-decoration-none\'> Main  Admin</a> added the memeber: \'Abusaleh  SHEIKH\'  in  \'Admin\' team.', '0', '2024-02-28 17:55:26', '2024-02-28 17:55:26'),
(66, '23', '1', '<a href=\'https://dev-fastform.gtechsol.au/user-profile/1\' style=\'text-transform: capitalize;\' role=\'button\' class=\'primary text-decoration-none\'> Main  Admin</a> added the memeber: \'David  McSWEENEY\'  in  \'Admin\' team.', '0', '2024-02-28 18:09:47', '2024-02-28 18:09:47'),
(67, '24', '1', '<a href=\'https://dev-fastform.gtechsol.au/user-profile/1\' style=\'text-transform: capitalize;\' role=\'button\' class=\'primary text-decoration-none\'> Main  Admin</a> added the memeber: \'Ahmed  Doud\'  in  \'Admin\' team.', '0', '2024-02-28 18:18:17', '2024-02-28 18:18:17'),
(68, '25', '1', '<a href=\'https://dev-fastform.gtechsol.au/user-profile/1\' style=\'text-transform: capitalize;\' role=\'button\' class=\'primary text-decoration-none\'> Main  Admin</a> added the memeber: \'Jahid Hassan AKON\'  in  \'Admin\' team.', '0', '2024-02-28 18:26:12', '2024-02-28 18:26:12'),
(69, '26', '1', '<a href=\'https://dev-fastform.gtechsol.au/user-profile/1\' style=\'text-transform: capitalize;\' role=\'button\' class=\'primary text-decoration-none\'> Main  Admin</a> added the memeber: \'Yousif Abaker HARAN\'  in  \'Admin\' team.', '0', '2024-02-28 18:37:17', '2024-02-28 18:37:17'),
(70, '28', '1', '<a href=\'https://dev-fastform.gtechsol.au/user-profile/1\' style=\'text-transform: capitalize;\' role=\'button\' class=\'primary text-decoration-none\'> Main  Admin</a> added the memeber: \'Hamad  MOUBARAK\'  in  \'Admin\' team.', '0', '2024-02-28 18:50:20', '2024-02-28 18:50:20'),
(71, '27', '1', '<a href=\'https://dev-fastform.gtechsol.au/user-profile/1\' style=\'text-transform: capitalize;\' role=\'button\' class=\'primary text-decoration-none\'> Main  Admin</a> added the memeber: \'Mahmoud  Fachikh\'  in  \'Admin\' team.', '0', '2024-02-28 18:51:18', '2024-02-28 18:51:18'),
(72, '29', '1', '<a href=\'https://dev-fastform.gtechsol.au/user-profile/1\' style=\'text-transform: capitalize;\' role=\'button\' class=\'primary text-decoration-none\'> Main  Admin</a> added the memeber: \'Samoi  FATFAT\'  in  \'Admin\' team.', '0', '2024-02-28 19:17:56', '2024-02-28 19:17:56'),
(73, '30', '1', '<a href=\'https://dev-fastform.gtechsol.au/user-profile/1\' style=\'text-transform: capitalize;\' role=\'button\' class=\'primary text-decoration-none\'> Main  Admin</a> added the memeber: \'Akot Majok DUT\'  in  \'Admin\' team.', '0', '2024-02-28 19:27:45', '2024-02-28 19:27:45'),
(74, '31', '1', '<a href=\'https://dev-fastform.gtechsol.au/user-profile/1\' style=\'text-transform: capitalize;\' role=\'button\' class=\'primary text-decoration-none\'> Main  Admin</a> added the memeber: \'Mohamad  Fachikh\'  in  \'Admin\' team.', '0', '2024-02-28 19:31:12', '2024-02-28 19:31:12'),
(75, '32', '1', '<a href=\'https://dev-fastform.gtechsol.au/user-profile/1\' style=\'text-transform: capitalize;\' role=\'button\' class=\'primary text-decoration-none\'> Main  Admin</a> added the memeber: \'James Akot AKOT\'  in  \'Admin\' team.', '0', '2024-02-28 19:34:58', '2024-02-28 19:34:58'),
(76, '33', '1', '<a href=\'https://dev-fastform.gtechsol.au/user-profile/1\' style=\'text-transform: capitalize;\' role=\'button\' class=\'primary text-decoration-none\'> Main  Admin</a> added the memeber: \'Ahmed Yahya ADAM\'  in  \'Admin\' team.', '0', '2024-02-28 19:50:58', '2024-02-28 19:50:58'),
(77, '34', '1', '<a href=\'https://dev-fastform.gtechsol.au/user-profile/1\' style=\'text-transform: capitalize;\' role=\'button\' class=\'primary text-decoration-none\'> Main  Admin</a> added the memeber: \'Khon  Gai\'  in  \'Admin\' team.', '0', '2024-02-28 20:03:48', '2024-02-28 20:03:48'),
(78, '36', '1', '<a href=\'https://dev-fastform.gtechsol.au/user-profile/1\' style=\'text-transform: capitalize;\' role=\'button\' class=\'primary text-decoration-none\'> Main  Admin</a> added the memeber: \'Tarek  Massri\'  in  \'Admin\' team.', '0', '2024-02-28 20:59:25', '2024-02-28 20:59:25'),
(79, '39', '1', '<a href=\'https://dev-fastform.gtechsol.au/user-profile/1\' style=\'text-transform: capitalize;\' role=\'button\' class=\'primary text-decoration-none\'> Main  Admin</a> added the memeber: \'Umair Azam Tester\'  in  \'Admin\' team.', '0', '2024-02-29 23:29:35', '2024-02-29 23:29:35'),
(80, '41', '1', '<a href=\'https://dev-fastform.gtechsol.au/user-profile/1\' style=\'text-transform: capitalize;\' role=\'button\' class=\'primary text-decoration-none\'> Main  Admin</a> added the memeber: \'Mahmoud  Massri\'  in  \'Admin\' team.', '0', '2024-03-21 15:31:49', '2024-03-21 15:31:49'),
(81, '42', '1', '<a href=\'https://dev-fastform.gtechsol.au/user-profile/1\' style=\'text-transform: capitalize;\' role=\'button\' class=\'primary text-decoration-none\'> Main  Admin</a> added the memeber: \'Gerang  Bak\'  in  \'Admin\' team.', '0', '2024-03-24 14:36:52', '2024-03-24 14:36:52'),
(82, '43', '1', '<a href=\'https://dev-fastform.gtechsol.au/user-profile/1\' style=\'text-transform: capitalize;\' role=\'button\' class=\'primary text-decoration-none\'> Main  Admin</a> added the memeber: \'Laltu  Laltu\'  in  \'Admin\' team.', '0', '2024-03-24 17:37:23', '2024-03-24 17:37:23'),
(83, '44', '1', '<a href=\'https://dev-fastform.gtechsol.au/user-profile/1\' style=\'text-transform: capitalize;\' role=\'button\' class=\'primary text-decoration-none\'> Main  Admin</a> added the memeber: \'Hayssam  ElSayed\'  in  \'Admin\' team.', '0', '2024-03-24 19:22:11', '2024-03-24 19:22:11'),
(84, '45', '1', '<a href=\'https://dev-fastform.gtechsol.au/user-profile/1\' style=\'text-transform: capitalize;\' role=\'button\' class=\'primary text-decoration-none\'> Main  Admin</a> added the memeber: \'Md  Hosen\'  in  \'Admin\' team.', '0', '2024-03-24 20:04:33', '2024-03-24 20:04:33'),
(85, '35', '1', '<a href=\'https://dev-fastform.gtechsol.au/user-profile/1\' style=\'text-transform: capitalize;\' role=\'button\' class=\'primary text-decoration-none\'> Main  Admin</a> added the memeber: \'Ghassan  Khalil\'  in  \'Admin\' team.', '0', '2024-03-26 13:59:08', '2024-03-26 13:59:08'),
(86, '47', '3', '<a href=\'https://dev-fastform.gtechsol.au/user-profile/1\' style=\'text-transform: capitalize;\' role=\'button\' class=\'primary text-decoration-none\'> Main  Admin</a> added the memeber: \'Khalil  Charbaji\'  in  \'T I GROUP\' team.', '0', '2024-04-03 15:52:05', '2024-04-03 15:52:05'),
(87, '48', '6', '<a href=\'https://dev-fastform.gtechsol.au/user-profile/1\' style=\'text-transform: capitalize;\' role=\'button\' class=\'primary text-decoration-none\'> Main  Admin</a> added the memeber: \'Jamille  Nemra\'  in  \'Fastform Labour Pty Ltd Employees\' team.', '0', '2024-04-04 14:34:26', '2024-04-04 14:34:26'),
(88, '49', '3', '<a href=\'https://dev-fastform.gtechsol.au/user-profile/1\' style=\'text-transform: capitalize;\' role=\'button\' class=\'primary text-decoration-none\'> Main  Admin</a> added the memeber: \'Samer  Zaatar\'  in  \'T I GROUP\' team.', '0', '2024-04-04 15:22:46', '2024-04-04 15:22:46'),
(89, '50', '3', '<a href=\'https://dev-fastform.gtechsol.au/user-profile/1\' style=\'text-transform: capitalize;\' role=\'button\' class=\'primary text-decoration-none\'> Main  Admin</a> added the memeber: \'Samer  Zaatar\'  in  \'T I GROUP\' team.', '0', '2024-04-04 15:30:04', '2024-04-04 15:30:04'),
(90, '51', '4', '<a href=\'https://dev-fastform.gtechsol.au/user-profile/1\' style=\'text-transform: capitalize;\' role=\'button\' class=\'primary text-decoration-none\'> Main  Admin</a> added the memeber: \'STEPHEN  GABRIEL\'  in  \'KC NSW PTY LTD\' team.', '0', '2024-04-04 16:12:26', '2024-04-04 16:12:26'),
(91, '52', '6', '<a href=\'https://dev-fastform.gtechsol.au/user-profile/1\' style=\'text-transform: capitalize;\' role=\'button\' class=\'primary text-decoration-none\'> Main  Admin</a> added the memeber: \'Zakariyah  Nemra\'  in  \'Fastform Labour Pty Ltd Employees\' team.', '0', '2024-04-04 17:09:14', '2024-04-04 17:09:14'),
(92, '53', '6', '<a href=\'https://dev-fastform.gtechsol.au/user-profile/1\' style=\'text-transform: capitalize;\' role=\'button\' class=\'primary text-decoration-none\'> Main  Admin</a> added the memeber: \'mohamed  kataieh\'  in  \'Fastform Labour Pty Ltd Employees\' team.', '0', '2024-04-04 18:04:32', '2024-04-04 18:04:32'),
(93, '54', '4', '<a href=\'https://dev-fastform.gtechsol.au/user-profile/1\' style=\'text-transform: capitalize;\' role=\'button\' class=\'primary text-decoration-none\'> Main  Admin</a> added the memeber: \'Joma  Housayri\'  in  \'KC NSW PTY LTD\' team.', '0', '2024-04-07 16:35:49', '2024-04-07 16:35:49'),
(94, '55', '3', '<a href=\'https://dev-fastform.gtechsol.au/user-profile/1\' style=\'text-transform: capitalize;\' role=\'button\' class=\'primary text-decoration-none\'> Main  Admin</a> added the memeber: \'Khaled Ibrahim ElMasri\'  in  \'T I GROUP\' team.', '0', '2024-04-07 17:02:11', '2024-04-07 17:02:11'),
(95, '56', '4', '<a href=\'https://dev-fastform.gtechsol.au/user-profile/1\' style=\'text-transform: capitalize;\' role=\'button\' class=\'primary text-decoration-none\'> Main  Admin</a> added the memeber: \'Omar  Awwad\'  in  \'KC NSW PTY LTD\' team.', '0', '2024-04-07 17:24:01', '2024-04-07 17:24:01'),
(96, '57', '6', '<a href=\'https://dev-fastform.gtechsol.au/user-profile/1\' style=\'text-transform: capitalize;\' role=\'button\' class=\'primary text-decoration-none\'> Main  Admin</a> added the memeber: \'Nader  Derbas\'  in  \'Fastform Labour Pty Ltd Employees\' team.', '0', '2024-04-07 18:14:25', '2024-04-07 18:14:25'),
(97, '58', '5', '<a href=\'https://dev-fastform.gtechsol.au/user-profile/1\' style=\'text-transform: capitalize;\' role=\'button\' class=\'primary text-decoration-none\'> Main  Admin</a> added the memeber: \'Tarek  Nemra\'  in  \'Azer Pty Ltd Employees\' team.', '0', '2024-04-07 18:31:39', '2024-04-07 18:31:39'),
(98, '59', '4', '<a href=\'https://dev-fastform.gtechsol.au/user-profile/1\' style=\'text-transform: capitalize;\' role=\'button\' class=\'primary text-decoration-none\'> Main  Admin</a> added the memeber: \'Nader  ElLababaidi\'  in  \'KC NSW PTY LTD\' team.', '0', '2024-04-07 18:54:44', '2024-04-07 18:54:44'),
(99, '60', '4', '<a href=\'https://dev-fastform.gtechsol.au/user-profile/1\' style=\'text-transform: capitalize;\' role=\'button\' class=\'primary text-decoration-none\'> Main  Admin</a> added the memeber: \'Bilal  kataieh\'  in  \'KC NSW PTY LTD\' team.', '0', '2024-04-07 19:18:15', '2024-04-07 19:18:15'),
(100, '61', '3', '<a href=\'https://dev-fastform.gtechsol.au/user-profile/1\' style=\'text-transform: capitalize;\' role=\'button\' class=\'primary text-decoration-none\'> Main  Admin</a> added the memeber: \'Eisa Adam Ginawi\'  in  \'T I GROUP\' team.', '0', '2024-04-07 19:38:20', '2024-04-07 19:38:20'),
(101, '62', '5', '<a href=\'https://dev-fastform.gtechsol.au/user-profile/1\' style=\'text-transform: capitalize;\' role=\'button\' class=\'primary text-decoration-none\'> Main  Admin</a> added the memeber: \'Mohamad  ISSA\'  in  \'Azer Pty Ltd Employees\' team.', '0', '2024-04-07 20:51:17', '2024-04-07 20:51:17'),
(102, '63', '4', '<a href=\'https://dev-fastform.gtechsol.au/user-profile/1\' style=\'text-transform: capitalize;\' role=\'button\' class=\'primary text-decoration-none\'> Main  Admin</a> added the memeber: \'Nabilbankdetails NabilEDIT Dalla\'  in  \'KC NSW PTY LTD\' team.', '0', '2024-04-07 21:51:35', '2024-04-07 21:51:35'),
(103, '64', '5', '<a href=\'https://dev-fastform.gtechsol.au/user-profile/1\' style=\'text-transform: capitalize;\' role=\'button\' class=\'primary text-decoration-none\'> Main  Admin</a> added the memeber: \'Adam  Derbas\'  in  \'Azer Pty Ltd Employees\' team.', '0', '2024-04-07 22:19:35', '2024-04-07 22:19:35'),
(104, '65', '5', '<a href=\'https://dev-fastform.gtechsol.au/user-profile/1\' style=\'text-transform: capitalize;\' role=\'button\' class=\'primary text-decoration-none\'> Main  Admin</a> added the memeber: \'Tarek  ElMaghchouch\'  in  \'Azer Pty Ltd Employees\' team.', '0', '2024-04-07 22:34:20', '2024-04-07 22:34:20'),
(105, '66', '6', '<a href=\'https://dev-fastform.gtechsol.au/user-profile/1\' style=\'text-transform: capitalize;\' role=\'button\' class=\'primary text-decoration-none\'> Main  Admin</a> added the memeber: \'Hoang  Nguyen\'  in  \'Fastform Labour Pty Ltd Employees\' team.', '0', '2024-04-07 23:05:03', '2024-04-07 23:05:03'),
(106, '67', '5', '<a href=\'https://dev-fastform.gtechsol.au/user-profile/1\' style=\'text-transform: capitalize;\' role=\'button\' class=\'primary text-decoration-none\'> Main  Admin</a> added the memeber: \'Abdelmenim tax Osman\'  in  \'Azer Pty Ltd Employees\' team.', '0', '2024-04-07 23:31:05', '2024-04-07 23:31:05'),
(107, '68', '5', '<a href=\'https://dev-fastform.gtechsol.au/user-profile/1\' style=\'text-transform: capitalize;\' role=\'button\' class=\'primary text-decoration-none\'> Main  Admin</a> added the memeber: \'Abdelmenim tax Osman\'  in  \'Azer Pty Ltd Employees\' team.', '0', '2024-04-07 23:36:18', '2024-04-07 23:36:18'),
(108, '69', '3', '<a href=\'https://dev-fastform.gtechsol.au/user-profile/1\' style=\'text-transform: capitalize;\' role=\'button\' class=\'primary text-decoration-none\'> Main  Admin</a> added the memeber: \'Hamze startdate Elmoubayed\'  in  \'T I GROUP\' team.', '0', '2024-04-08 16:24:36', '2024-04-08 16:24:36'),
(109, '70', '3', '<a href=\'https://dev-fastform.gtechsol.au/user-profile/1\' style=\'text-transform: capitalize;\' role=\'button\' class=\'primary text-decoration-none\'> Main  Admin</a> added the memeber: \'Mohammad licence Saraifie\'  in  \'T I GROUP\' team.', '0', '2024-04-08 17:08:04', '2024-04-08 17:08:04'),
(110, '71', '5', '<a href=\'https://dev-fastform.gtechsol.au/user-profile/1\' style=\'text-transform: capitalize;\' role=\'button\' class=\'primary text-decoration-none\'> Main  Admin</a> added the memeber: \'Mostafa  ElSayed\'  in  \'Azer Pty Ltd Employees\' team.', '0', '2024-04-08 17:31:01', '2024-04-08 17:31:01'),
(111, '72', '5', '<a href=\'https://dev-fastform.gtechsol.au/user-profile/1\' style=\'text-transform: capitalize;\' role=\'button\' class=\'primary text-decoration-none\'> Main  Admin</a> added the memeber: \'Youssef  BouMerhi\'  in  \'Azer Pty Ltd Employees\' team.', '0', '2024-04-08 17:55:48', '2024-04-08 17:55:48'),
(112, '73', '4', '<a href=\'https://dev-fastform.gtechsol.au/user-profile/1\' style=\'text-transform: capitalize;\' role=\'button\' class=\'primary text-decoration-none\'> Main  Admin</a> added the memeber: \'Sameh Abdelghani Asar\'  in  \'KC NSW PTY LTD\' team.', '0', '2024-04-08 18:25:28', '2024-04-08 18:25:28'),
(113, '74', '5', '<a href=\'https://dev-fastform.gtechsol.au/user-profile/1\' style=\'text-transform: capitalize;\' role=\'button\' class=\'primary text-decoration-none\'> Main  Admin</a> added the memeber: \'Adam Yehia Elmir\'  in  \'Azer Pty Ltd Employees\' team.', '0', '2024-04-08 18:52:51', '2024-04-08 18:52:51'),
(114, '75', '4', '<a href=\'https://dev-fastform.gtechsol.au/user-profile/1\' style=\'text-transform: capitalize;\' role=\'button\' class=\'primary text-decoration-none\'> Main  Admin</a> added the memeber: \'Ali EMPLOYEE Youqoup\'  in  \'KC NSW PTY LTD\' team.', '0', '2024-04-08 19:14:45', '2024-04-08 19:14:45'),
(115, '76', '5', '<a href=\'https://dev-fastform.gtechsol.au/user-profile/1\' style=\'text-transform: capitalize;\' role=\'button\' class=\'primary text-decoration-none\'> Main  Admin</a> added the memeber: \'Hani Abdelhamid Hammouda\'  in  \'Azer Pty Ltd Employees\' team.', '0', '2024-04-08 19:34:41', '2024-04-08 19:34:41'),
(116, '77', '8', '<a href=\'https://dev-fastform.gtechsol.au/user-profile/1\' style=\'text-transform: capitalize;\' role=\'button\' class=\'primary text-decoration-none\'> Main  Admin</a> added the memeber: \'Ahmad  Hawchar\'  in  \'Workforce Sydney Services Pty Ltd Employees\' team.', '0', '2024-04-08 19:42:45', '2024-04-08 19:42:45'),
(117, '78', '3', '<a href=\'https://dev-fastform.gtechsol.au/user-profile/1\' style=\'text-transform: capitalize;\' role=\'button\' class=\'primary text-decoration-none\'> Main  Admin</a> added the memeber: \'Saud Abdullah Aljorani\'  in  \'T I GROUP\' team.', '0', '2024-04-08 20:04:54', '2024-04-08 20:04:54'),
(118, '79', '3', '<a href=\'https://dev-fastform.gtechsol.au/user-profile/1\' style=\'text-transform: capitalize;\' role=\'button\' class=\'primary text-decoration-none\'> Main  Admin</a> added the memeber: \'Mehdi taxandstartdate Heydari\'  in  \'T I GROUP\' team.', '0', '2024-04-08 20:20:29', '2024-04-08 20:20:29'),
(119, '80', '6', '<a href=\'https://dev-fastform.gtechsol.au/user-profile/1\' style=\'text-transform: capitalize;\' role=\'button\' class=\'primary text-decoration-none\'> Main  Admin</a> added the memeber: \'Nabil  Zainal\'  in  \'Fastform Labour Pty Ltd Employees\' team.', '0', '2024-04-08 21:16:05', '2024-04-08 21:16:05'),
(120, '81', '3', '<a href=\'https://dev-fastform.gtechsol.au/user-profile/1\' style=\'text-transform: capitalize;\' role=\'button\' class=\'primary text-decoration-none\'> Main  Admin</a> added the memeber: \'Hamed Gholam Hosseini\'  in  \'T I GROUP\' team.', '0', '2024-04-08 21:49:54', '2024-04-08 21:49:54'),
(121, '82', '6', '<a href=\'https://dev-fastform.gtechsol.au/user-profile/1\' style=\'text-transform: capitalize;\' role=\'button\' class=\'primary text-decoration-none\'> Main  Admin</a> added the memeber: \'Isam  Massri\'  in  \'Fastform Labour Pty Ltd Employees\' team.', '0', '2024-04-08 22:24:11', '2024-04-08 22:24:11'),
(122, '83', '3', '<a href=\'https://dev-fastform.gtechsol.au/user-profile/1\' style=\'text-transform: capitalize;\' role=\'button\' class=\'primary text-decoration-none\'> Main  Admin</a> added the memeber: \'Khoder  khoderkattar\'  in  \'T I GROUP\' team.', '0', '2024-04-08 22:37:01', '2024-04-08 22:37:01'),
(123, '84', '5', '<a href=\'https://dev-fastform.gtechsol.au/user-profile/1\' style=\'text-transform: capitalize;\' role=\'button\' class=\'primary text-decoration-none\'> Main  Admin</a> added the memeber: \'Ehab Gadban Koudi\'  in  \'Azer Pty Ltd Employees\' team.', '0', '2024-04-08 23:19:35', '2024-04-08 23:19:35'),
(124, '85', '3', '<a href=\'https://dev-fastform.gtechsol.au/user-profile/1\' style=\'text-transform: capitalize;\' role=\'button\' class=\'primary text-decoration-none\'> Main  Admin</a> added the memeber: \'Abdulrahman Alisalem Hamed\'  in  \'T I GROUP\' team.', '0', '2024-04-11 16:29:24', '2024-04-11 16:29:24'),
(125, '86', '8', '<a href=\'https://dev-fastform.gtechsol.au/user-profile/1\' style=\'text-transform: capitalize;\' role=\'button\' class=\'primary text-decoration-none\'> Main  Admin</a> added the memeber: \'Boshor  Nor\'  in  \'Workforce Sydney Services Pty Ltd Employees\' team.', '0', '2024-04-11 16:57:52', '2024-04-11 16:57:52'),
(126, '87', '5', '<a href=\'https://dev-fastform.gtechsol.au/user-profile/1\' style=\'text-transform: capitalize;\' role=\'button\' class=\'primary text-decoration-none\'> Main  Admin</a> added the memeber: \'mousa licences warwar\'  in  \'Azer Pty Ltd Employees\' team.', '0', '2024-04-11 17:14:49', '2024-04-11 17:14:49'),
(127, '88', '8', '<a href=\'https://dev-fastform.gtechsol.au/user-profile/1\' style=\'text-transform: capitalize;\' role=\'button\' class=\'primary text-decoration-none\'> Main  Admin</a> added the memeber: \'Fares WC Angelo\'  in  \'Workforce Sydney Services Pty Ltd Employees\' team.', '0', '2024-04-11 17:29:54', '2024-04-11 17:29:54'),
(128, '89', '4', '<a href=\'https://dev-fastform.gtechsol.au/user-profile/1\' style=\'text-transform: capitalize;\' role=\'button\' class=\'primary text-decoration-none\'> Main  Admin</a> added the memeber: \'Hamid  Ullah\'  in  \'KC NSW PTY LTD\' team.', '0', '2024-04-14 16:32:03', '2024-04-14 16:32:03'),
(129, '89', '8', '<a href=\'https://dev-fastform.gtechsol.au/user-profile/1\' style=\'text-transform: capitalize;\' role=\'button\' class=\'primary text-decoration-none\'> Main  Admin</a> added the memeber: \'Hamid  Ullah\'  in  \'Workforce Sydney Services Pty Ltd Employees\' team.', '0', '2024-04-14 16:32:03', '2024-04-14 16:32:03');

-- --------------------------------------------------------

--
-- Table structure for table `tiers`
--

CREATE TABLE `tiers` (
  `id` bigint(20) UNSIGNED NOT NULL,
  `title` varchar(255) COLLATE utf8mb4_unicode_ci NOT NULL,
  `description` text COLLATE utf8mb4_unicode_ci,
  `created_at` timestamp NULL DEFAULT NULL,
  `updated_at` timestamp NULL DEFAULT NULL
) ENGINE=InnoDB DEFAULT CHARSET=utf8mb4 COLLATE=utf8mb4_unicode_ci;

--
-- Dumping data for table `tiers`
--

INSERT INTO `tiers` (`id`, `title`, `description`, `created_at`, `updated_at`) VALUES
(1, 'Tier 1  CFO COO', 'CFO COO', '2023-12-03 19:50:00', '2024-04-03 14:53:39'),
(2, 'Tier2 Payrol', 'Payroll', NULL, '2024-04-03 14:52:46'),
(4, 'Tier 3  Safety MNGR', 'Safety Manager and Office Management', NULL, '2024-04-03 14:52:23'),
(5, 'Tier 4 Site MNG', 'Site Managers', NULL, '2024-04-03 14:52:04'),
(6, 'Tier 5 SSO LH', 'Site Safety Officer and Leading Hand', NULL, '2024-04-03 14:51:44'),
(7, 'Tier 6 Worker', 'Workers', NULL, '2024-04-03 14:51:31');

-- --------------------------------------------------------

--
-- Table structure for table `tier_employees`
--

CREATE TABLE `tier_employees` (
  `id` bigint(20) UNSIGNED NOT NULL,
  `tier_id` int(11) NOT NULL,
  `employee_id` int(11) NOT NULL
) ENGINE=InnoDB DEFAULT CHARSET=utf8mb4 COLLATE=utf8mb4_unicode_ci;

-- --------------------------------------------------------

--
-- Table structure for table `tier_packages`
--

CREATE TABLE `tier_packages` (
  `id` bigint(20) UNSIGNED NOT NULL,
  `tier_id` int(11) NOT NULL,
  `allowance_package_id` int(11) DEFAULT NULL
) ENGINE=InnoDB DEFAULT CHARSET=utf8mb4 COLLATE=utf8mb4_unicode_ci;

--
-- Dumping data for table `tier_packages`
--

INSERT INTO `tier_packages` (`id`, `tier_id`, `allowance_package_id`) VALUES
(1, 1, 1),
(2, 2, NULL);

-- --------------------------------------------------------

--
-- Table structure for table `tier_permissions`
--

CREATE TABLE `tier_permissions` (
  `id` bigint(20) UNSIGNED NOT NULL,
  `tier_id` varchar(255) COLLATE utf8mb4_unicode_ci NOT NULL,
  `sub_module_id` varchar(255) COLLATE utf8mb4_unicode_ci NOT NULL,
  `view` varchar(255) COLLATE utf8mb4_unicode_ci NOT NULL,
  `maintain` varchar(255) COLLATE utf8mb4_unicode_ci NOT NULL,
  `del` varchar(255) COLLATE utf8mb4_unicode_ci NOT NULL DEFAULT '0',
  `created_at` timestamp NULL DEFAULT NULL,
  `updated_at` timestamp NULL DEFAULT NULL
) ENGINE=InnoDB DEFAULT CHARSET=utf8mb4 COLLATE=utf8mb4_unicode_ci;

--
-- Dumping data for table `tier_permissions`
--

INSERT INTO `tier_permissions` (`id`, `tier_id`, `sub_module_id`, `view`, `maintain`, `del`, `created_at`, `updated_at`) VALUES
(287, '1', '5', '1', '1', '0', NULL, NULL),
(288, '1', '1', '1', '1', '0', NULL, NULL),
(289, '1', '2', '1', '1', '0', NULL, NULL),
(290, '1', '3', '1', '1', '0', NULL, NULL),
(291, '1', '4', '1', '1', '0', NULL, NULL),
(292, '1', '6', '1', '1', '0', NULL, NULL),
(293, '1', '7', '1', '1', '0', NULL, NULL),
(294, '1', '8', '1', '1', '0', NULL, NULL),
(295, '1', '9', '1', '1', '0', NULL, NULL),
(296, '1', '10', '1', '1', '0', NULL, NULL),
(297, '1', '11', '1', '1', '0', NULL, NULL),
(298, '1', '12', '1', '1', '0', NULL, NULL),
(299, '1', '13', '1', '1', '0', NULL, NULL),
(300, '1', '14', '1', '1', '0', NULL, NULL),
(301, '1', '15', '1', '1', '0', NULL, NULL),
(302, '1', '16', '1', '1', '0', NULL, NULL),
(303, '1', '17', '1', '1', '0', NULL, NULL),
(304, '1', '18', '1', '1', '0', NULL, NULL),
(305, '1', '19', '1', '1', '0', NULL, NULL),
(306, '1', '20', '1', '1', '0', NULL, NULL),
(307, '1', '21', '1', '1', '0', NULL, NULL),
(308, '1', '22', '1', '1', '0', NULL, NULL),
(309, '1', '23', '1', '1', '0', NULL, NULL),
(333, '2', '5', '1', '1', '0', NULL, NULL),
(334, '2', '1', '1', '1', '0', NULL, NULL),
(335, '2', '2', '1', '1', '0', NULL, NULL),
(336, '2', '3', '1', '1', '0', NULL, NULL),
(337, '2', '4', '1', '1', '0', NULL, NULL),
(338, '2', '6', '1', '1', '0', NULL, NULL),
(339, '2', '7', '1', '1', '0', NULL, NULL),
(340, '2', '8', '1', '1', '0', NULL, NULL),
(341, '2', '9', '1', '1', '0', NULL, NULL),
(342, '2', '10', '1', '1', '0', NULL, NULL),
(343, '2', '11', '1', '1', '0', NULL, NULL),
(344, '2', '12', '1', '1', '0', NULL, NULL),
(345, '2', '13', '1', '1', '0', NULL, NULL),
(346, '2', '14', '1', '1', '0', NULL, NULL),
(347, '2', '15', '1', '1', '0', NULL, NULL),
(348, '2', '16', '1', '1', '0', NULL, NULL),
(349, '2', '17', '1', '1', '0', NULL, NULL),
(350, '2', '18', '1', '1', '0', NULL, NULL),
(351, '2', '19', '1', '1', '0', NULL, NULL),
(352, '2', '20', '1', '1', '0', NULL, NULL),
(353, '2', '21', '1', '1', '0', NULL, NULL),
(354, '2', '22', '1', '1', '0', NULL, NULL),
(355, '2', '23', '1', '1', '0', NULL, NULL),
(356, '4', '5', '1', '1', '0', NULL, NULL),
(357, '4', '1', '1', '1', '0', NULL, NULL),
(358, '4', '2', '1', '1', '0', NULL, NULL),
(359, '4', '3', '1', '1', '0', NULL, NULL),
(360, '4', '4', '1', '1', '0', NULL, NULL),
(361, '4', '6', '0', '0', '0', NULL, NULL),
(362, '4', '7', '0', '0', '0', NULL, NULL),
(363, '4', '8', '0', '0', '0', NULL, NULL),
(364, '4', '9', '0', '0', '0', NULL, NULL),
(365, '4', '10', '0', '0', '0', NULL, NULL),
(366, '4', '11', '0', '0', '0', NULL, NULL),
(367, '4', '12', '0', '0', '0', NULL, NULL),
(368, '4', '13', '0', '0', '0', NULL, NULL),
(369, '4', '14', '0', '0', '0', NULL, NULL),
(370, '4', '15', '0', '0', '0', NULL, NULL),
(371, '4', '16', '1', '1', '0', NULL, NULL),
(372, '4', '17', '1', '1', '0', NULL, NULL),
(373, '4', '18', '0', '0', '0', NULL, NULL),
(374, '4', '19', '1', '1', '0', NULL, NULL),
(375, '4', '20', '1', '1', '0', NULL, NULL),
(376, '4', '21', '0', '0', '0', NULL, NULL),
(377, '4', '22', '0', '0', '0', NULL, NULL),
(378, '4', '23', '0', '0', '0', NULL, NULL);

-- --------------------------------------------------------

--
-- Table structure for table `user_meta`
--

CREATE TABLE `user_meta` (
  `id` bigint(20) UNSIGNED NOT NULL,
  `emp_id` varchar(255) COLLATE utf8mb4_unicode_ci NOT NULL,
  `option` varchar(255) COLLATE utf8mb4_unicode_ci NOT NULL,
  `value` varchar(255) COLLATE utf8mb4_unicode_ci NOT NULL,
  `del` varchar(255) COLLATE utf8mb4_unicode_ci NOT NULL DEFAULT '0',
  `created_at` timestamp NULL DEFAULT NULL,
  `updated_at` timestamp NULL DEFAULT NULL
) ENGINE=InnoDB DEFAULT CHARSET=utf8mb4 COLLATE=utf8mb4_unicode_ci;

--
-- Dumping data for table `user_meta`
--

INSERT INTO `user_meta` (`id`, `emp_id`, `option`, `value`, `del`, `created_at`, `updated_at`) VALUES
(226, '3', 'account_title', 'gtech', '0', NULL, NULL),
(227, '3', 'account_number', '1414141414', '0', NULL, NULL),
(228, '3', 'bank_name', 'National Australia Bank', '0', NULL, NULL),
(249, '5', 'account_title', 'gtech', '0', NULL, NULL),
(250, '5', 'account_number', '1414141414', '0', NULL, NULL),
(251, '5', 'bank_name', 'National Australia Bank', '0', NULL, NULL),
(255, '7', 'account_title', 'Abdul Rehman Khan', '0', NULL, NULL),
(256, '7', 'account_number', '245151515', '0', NULL, NULL),
(257, '7', 'bank_name', 'Gbh', '0', NULL, NULL),
(271, '16', 'account_title', 'Abdul Rehman', '0', NULL, NULL),
(272, '16', 'account_number', '0034343437575858', '0', NULL, NULL),
(273, '16', 'bank_name', 'Al Baraka', '0', NULL, NULL),
(274, '2', 'account_title', 'Umair azam', '0', NULL, NULL),
(275, '2', 'account_number', '0033565535558', '0', NULL, NULL),
(276, '2', 'bank_name', 'Mcb', '0', NULL, NULL),
(277, '20', 'employee_payroll_or_external_id', '5454', '0', NULL, NULL),
(278, '13', 'employee_payroll_or_external_id', '12', '0', NULL, NULL),
(279, '21', 'employee_payroll_or_external_id', '43', '0', NULL, NULL),
(281, '22', 'employee_payroll_or_external_id', '118', '0', NULL, NULL),
(282, '25', 'employee_payroll_or_external_id', '390', '0', NULL, NULL),
(284, '26', 'employee_payroll_or_external_id', '576', '0', NULL, NULL),
(304, '37', 'employee_payroll_or_external_id', 'ddddd', '0', NULL, NULL),
(305, '38', 'employee_payroll_or_external_id', 'ddddd', '0', NULL, NULL),
(310, '6', 'account_title', 'Umair azam', '0', NULL, NULL),
(311, '6', 'account_number', '00043434616', '0', NULL, NULL),
(312, '6', 'bank_name', 'Hshsjsj', '0', NULL, NULL),
(316, '33', 'employee_payroll_or_external_id', '739', '0', NULL, NULL),
(317, '30', 'employee_payroll_or_external_id', '672', '0', NULL, NULL),
(320, '24', 'employee_payroll_or_external_id', '51', '0', NULL, NULL),
(321, '28', 'employee_payroll_or_external_id', '624', '0', NULL, NULL),
(322, '29', 'employee_payroll_or_external_id', '663', '0', NULL, NULL),
(323, '11', 'employee_payroll_or_external_id', '132', '0', NULL, NULL),
(325, '27', 'employee_payroll_or_external_id', '137', '0', NULL, NULL),
(326, '34', 'employee_payroll_or_external_id', '757', '0', NULL, NULL),
(337, '39', 'account_title', 'Hahabsh', '0', NULL, NULL),
(338, '39', 'account_number', '64646', '0', NULL, NULL),
(339, '39', 'bank_name', 'Hshshsh', '0', NULL, NULL),
(340, '39', 'employee_payroll_or_external_id', 'ddddd', '0', NULL, NULL),
(343, '41', 'employee_payroll_or_external_id', '305', '0', NULL, NULL),
(344, '32', 'employee_payroll_or_external_id', '703', '0', NULL, NULL),
(345, '42', 'employee_payroll_or_external_id', '9999', '0', NULL, NULL),
(346, '31', 'employee_payroll_or_external_id', '138', '0', NULL, NULL),
(348, '43', 'employee_payroll_or_external_id', '9999', '0', NULL, NULL),
(349, '44', 'employee_payroll_or_external_id', '9998', '0', NULL, NULL),
(350, '45', 'employee_payroll_or_external_id', '9999', '0', NULL, NULL),
(363, '46', 'employee_payroll_or_external_id', 'ddddd', '0', NULL, NULL),
(364, '46', 'account_title', 'uahah', '0', NULL, NULL),
(365, '46', 'account_number', '649494848', '0', NULL, NULL),
(366, '46', 'bank_name', 'hhh', '0', NULL, NULL),
(368, '35', 'employee_payroll_or_external_id', '760', '0', NULL, NULL),
(370, '40', 'employee_payroll_or_external_id', '32', '0', NULL, NULL),
(380, '12', 'employee_payroll_or_external_id', '476', '0', NULL, NULL),
(381, '12', 'account_title', 'Commonwealth Bank', '0', NULL, NULL),
(382, '12', 'account_number', '0101', '0', NULL, NULL),
(383, '12', 'bank_name', '0101', '0', NULL, NULL),
(386, '36', 'employee_payroll_or_external_id', '1001', '0', NULL, NULL),
(387, '47', 'employee_payroll_or_external_id', '543', '0', NULL, NULL),
(388, '47', 'account_title', 'unknown', '0', NULL, NULL),
(389, '48', 'employee_payroll_or_external_id', '144', '0', NULL, NULL),
(390, '49', 'employee_payroll_or_external_id', '146', '0', NULL, NULL),
(397, '49', 'account_title', 'Samer Zaatar', '0', NULL, NULL),
(398, '49', 'account_number', '10688540', '0', NULL, NULL),
(399, '49', 'bank_name', 'bsb 062424', '0', NULL, NULL),
(400, '50', 'employee_payroll_or_external_id', '146', '0', NULL, NULL),
(401, '50', 'account_title', 'Samer Zaatar', '0', NULL, NULL),
(402, '50', 'account_number', '10688540', '0', NULL, NULL),
(403, '50', 'bank_name', 'bsb 062424', '0', NULL, NULL),
(404, '51', 'employee_payroll_or_external_id', '641', '0', NULL, NULL),
(408, '51', 'account_title', 'stephen gabriel', '0', NULL, NULL),
(409, '51', 'account_number', '16949047', '0', NULL, NULL),
(410, '51', 'bank_name', 'BSB  No - 067167', '0', NULL, NULL),
(411, '52', 'employee_payroll_or_external_id', '724', '0', NULL, NULL),
(412, '52', 'account_title', 'Zakariyah Nemra', '0', NULL, NULL),
(413, '52', 'account_number', '155741305', '0', NULL, NULL),
(414, '52', 'bank_name', '012272 - BSB', '0', NULL, NULL),
(419, '53', 'employee_payroll_or_external_id', '591', '0', NULL, NULL),
(420, '53', 'account_title', 'mohamed kataieh', '0', NULL, NULL),
(421, '53', 'account_number', '1052 8245', '0', NULL, NULL),
(422, '53', 'bank_name', 'BSB - 062329', '0', NULL, NULL),
(428, '55', 'employee_payroll_or_external_id', '558', '0', NULL, NULL),
(429, '55', 'account_title', 'Khaled ElMasri', '0', NULL, NULL),
(430, '55', 'account_number', '10449360', '0', NULL, NULL),
(431, '55', 'bank_name', 'BSB - 062 329', '0', NULL, NULL),
(440, '56', 'employee_payroll_or_external_id', '40', '0', NULL, NULL),
(441, '56', 'account_title', 'Omar Awwad', '0', NULL, NULL),
(442, '56', 'account_number', '472038445', '0', NULL, NULL),
(443, '56', 'bank_name', 'BSB - 012226', '0', NULL, NULL),
(444, '57', 'employee_payroll_or_external_id', '133', '0', NULL, NULL),
(445, '57', 'account_title', 'Neder Derbas', '0', NULL, NULL),
(446, '57', 'account_number', '11083514', '0', NULL, NULL),
(447, '57', 'bank_name', 'BSB - 062334', '0', NULL, NULL),
(448, '58', 'employee_payroll_or_external_id', '9999', '0', NULL, NULL),
(449, '58', 'account_title', 'Tarek Nemra', '0', NULL, NULL),
(450, '58', 'account_number', '10507540', '0', NULL, NULL),
(451, '58', 'bank_name', 'BSB - 062329', '0', NULL, NULL),
(452, '59', 'employee_payroll_or_external_id', '813', '0', NULL, NULL),
(453, '59', 'account_title', 'Nader El-Lababaidi', '0', NULL, NULL),
(454, '59', 'account_number', '94 216 0737', '0', NULL, NULL),
(455, '59', 'bank_name', 'BSB 082-141', '0', NULL, NULL),
(456, '60', 'employee_payroll_or_external_id', '446', '0', NULL, NULL),
(457, '60', 'account_title', 'Bilal Kataieh', '0', NULL, NULL),
(458, '60', 'account_number', '10298091', '0', NULL, NULL),
(459, '60', 'bank_name', 'BSB - 062424', '0', NULL, NULL),
(464, '61', 'employee_payroll_or_external_id', '30', '0', NULL, NULL),
(465, '61', 'account_title', 'Eisa Ginawi', '0', NULL, NULL),
(466, '61', 'account_number', '10808733', '0', NULL, NULL),
(467, '61', 'bank_name', 'BSB  066 134', '0', NULL, NULL),
(468, '62', 'employee_payroll_or_external_id', '161', '0', NULL, NULL),
(469, '62', 'account_title', 'Mohamad ISSA', '0', NULL, NULL),
(470, '62', 'account_number', '10402485', '0', NULL, NULL),
(471, '62', 'bank_name', 'BSB 062 176', '0', NULL, NULL),
(481, '63', 'employee_payroll_or_external_id', '48', '0', NULL, NULL),
(482, '63', 'account_title', 'Nabil Dalla', '0', NULL, NULL),
(483, '63', 'account_number', '0123456789', '0', NULL, NULL),
(484, '63', 'bank_name', '0123456789', '0', NULL, NULL),
(485, '54', 'employee_payroll_or_external_id', '80', '0', NULL, NULL),
(486, '54', 'account_title', 'Joma Housayri', '0', NULL, NULL),
(487, '54', 'account_number', '11577559', '0', NULL, NULL),
(488, '54', 'bank_name', 'BSB - 062 265', '0', NULL, NULL),
(489, '64', 'employee_payroll_or_external_id', '777', '0', NULL, NULL),
(490, '64', 'account_title', 'Adam Derbas', '0', NULL, NULL),
(491, '64', 'account_number', '29913713', '0', NULL, NULL),
(492, '64', 'bank_name', 'BSB 062 948', '0', NULL, NULL),
(493, '65', 'employee_payroll_or_external_id', '57', '0', NULL, NULL),
(494, '65', 'account_title', 'Tarek ElMaghchouch', '0', NULL, NULL),
(495, '65', 'account_number', '10363033', '0', NULL, NULL),
(496, '65', 'bank_name', 'BSB 062 141', '0', NULL, NULL),
(497, '8', 'employee_payroll_or_external_id', '305', '0', NULL, NULL),
(498, '66', 'employee_payroll_or_external_id', '279', '0', NULL, NULL),
(499, '66', 'account_title', 'Hoang Nguyen', '0', NULL, NULL),
(500, '66', 'account_number', '213470217', '0', NULL, NULL),
(501, '66', 'bank_name', 'BSB 012292', '0', NULL, NULL),
(502, '67', 'employee_payroll_or_external_id', '669', '0', NULL, NULL),
(503, '67', 'account_title', 'Abdel Menin Osman', '0', NULL, NULL),
(504, '67', 'account_number', '2517291906149961', '0', NULL, NULL),
(505, '67', 'bank_name', '062-709', '0', NULL, NULL),
(506, '68', 'employee_payroll_or_external_id', '669', '0', NULL, NULL),
(507, '68', 'account_title', 'Abdel Menin Osman', '0', NULL, NULL),
(508, '68', 'account_number', '2517291906149961', '0', NULL, NULL),
(509, '68', 'bank_name', '062-709', '0', NULL, NULL),
(510, '69', 'employee_payroll_or_external_id', '058', '0', NULL, NULL),
(511, '69', 'account_title', 'Hamze Elmoubayed', '0', NULL, NULL),
(512, '69', 'account_number', '879480', '0', NULL, NULL),
(513, '69', 'bank_name', '732-361', '0', NULL, NULL),
(522, '70', 'employee_payroll_or_external_id', '110', '0', NULL, NULL),
(529, '70', 'account_title', 'Mohammad Saraifie', '0', NULL, NULL),
(530, '70', 'account_number', '421 908 105', '0', NULL, NULL),
(531, '70', 'bank_name', '012-325', '0', NULL, NULL),
(532, '72', 'employee_payroll_or_external_id', '768', '0', NULL, NULL),
(533, '71', 'employee_payroll_or_external_id', '764', '0', NULL, NULL),
(534, '71', 'account_title', 'Mostafa El-Sayed', '0', NULL, NULL),
(535, '71', 'account_number', '1068 3205', '0', NULL, NULL),
(536, '71', 'bank_name', '062-424', '0', NULL, NULL),
(537, '72', 'account_title', 'Youssef Bou Merhi', '0', NULL, NULL),
(538, '72', 'account_number', '449212951', '0', NULL, NULL),
(539, '72', 'bank_name', '112-879', '0', NULL, NULL),
(540, '73', 'employee_payroll_or_external_id', '772', '0', NULL, NULL),
(541, '73', 'account_title', 'Sameh Asar', '0', NULL, NULL),
(542, '73', 'account_number', '11862999', '0', NULL, NULL),
(543, '73', 'bank_name', '062-334', '0', NULL, NULL),
(544, '74', 'employee_payroll_or_external_id', '695', '0', NULL, NULL),
(545, '74', 'account_title', 'Adam Elmir', '0', NULL, NULL),
(546, '74', 'account_number', '10530708', '0', NULL, NULL),
(547, '74', 'bank_name', '062-329', '0', NULL, NULL),
(552, '76', 'employee_payroll_or_external_id', '799', '0', NULL, NULL),
(553, '76', 'account_title', 'Hani Hammouda', '0', NULL, NULL),
(554, '76', 'account_number', '11872863', '0', NULL, NULL),
(555, '76', 'bank_name', '062-334', '0', NULL, NULL),
(556, '77', 'employee_payroll_or_external_id', '9999', '0', NULL, NULL),
(557, '77', 'account_title', 'Ahmad Hawchar', '0', NULL, NULL),
(558, '77', 'account_number', '10369793', '0', NULL, NULL),
(559, '77', 'bank_name', '062-176', '0', NULL, NULL),
(560, '78', 'employee_payroll_or_external_id', '017', '0', NULL, NULL),
(561, '78', 'account_title', 'Saud Al jorani', '0', NULL, NULL),
(562, '78', 'account_number', '859053', '0', NULL, NULL),
(563, '78', 'bank_name', '732-072', '0', NULL, NULL),
(568, '80', 'employee_payroll_or_external_id', '450', '0', NULL, NULL),
(569, '80', 'account_title', 'Nabil Zainal', '0', NULL, NULL),
(570, '80', 'account_number', '855535', '0', NULL, NULL),
(571, '80', 'bank_name', '732076', '0', NULL, NULL),
(580, '81', 'employee_payroll_or_external_id', '079', '0', NULL, NULL),
(581, '81', 'account_title', 'Hamed Hosseini', '0', NULL, NULL),
(582, '81', 'account_number', '457326975', '0', NULL, NULL),
(583, '81', 'bank_name', '012-083', '0', NULL, NULL),
(588, '82', 'employee_payroll_or_external_id', '149', '0', NULL, NULL),
(589, '82', 'account_title', 'isam massri', '0', NULL, NULL),
(590, '82', 'account_number', '10249457', '0', NULL, NULL),
(591, '82', 'bank_name', '062 329', '0', NULL, NULL),
(592, '83', 'employee_payroll_or_external_id', '441', '0', NULL, NULL),
(593, '83', 'account_title', 'khoder khoder kattar', '0', NULL, NULL),
(594, '83', 'account_number', '888651', '0', NULL, NULL),
(595, '83', 'bank_name', '732361', '0', NULL, NULL),
(596, '79', 'employee_payroll_or_external_id', '269', '0', NULL, NULL),
(597, '79', 'account_title', 'Mehdi Heydari', '0', NULL, NULL),
(598, '79', 'account_number', '10409134', '0', NULL, NULL),
(599, '79', 'bank_name', '062-176', '0', NULL, NULL),
(602, '84', 'employee_payroll_or_external_id', '752', '0', NULL, NULL),
(604, '84', 'account_title', 'Ehab Koudi', '0', NULL, NULL),
(605, '84', 'account_number', '34424885', '0', NULL, NULL),
(606, '84', 'bank_name', '062-948', '0', NULL, NULL),
(607, '85', 'employee_payroll_or_external_id', '284', '0', NULL, NULL),
(608, '85', 'account_title', 'Abdulrahman Salem', '0', NULL, NULL),
(609, '85', 'account_number', '10272862', '0', NULL, NULL),
(610, '85', 'bank_name', '066-110', '0', NULL, NULL),
(611, '86', 'employee_payroll_or_external_id', '698', '0', NULL, NULL),
(612, '86', 'account_title', 'Boshor Nor', '0', NULL, NULL),
(613, '86', 'account_number', '10698154', '0', NULL, NULL),
(614, '86', 'bank_name', '062-908', '0', NULL, NULL),
(626, '89', 'employee_payroll_or_external_id', '784', '0', NULL, NULL),
(627, '89', 'account_title', 'Hamid Ullah', '0', NULL, NULL),
(628, '89', 'account_number', '82265681', '0', NULL, NULL),
(629, '89', 'bank_name', '063 097', '0', NULL, NULL),
(630, '88', 'employee_payroll_or_external_id', '570', '0', NULL, NULL),
(631, '88', 'account_title', 'Fares Angelo', '0', NULL, NULL),
(632, '88', 'account_number', '10502724', '0', NULL, NULL),
(633, '88', 'bank_name', '066-131', '0', NULL, NULL),
(639, '87', 'employee_payroll_or_external_id', '824', '0', NULL, NULL),
(640, '87', 'account_title', 'Mousa Warwar', '0', NULL, NULL),
(641, '87', 'account_number', '10768863', '0', NULL, NULL),
(642, '87', 'bank_name', '062-468', '0', NULL, NULL),
(647, '75', 'employee_payroll_or_external_id', '651', '0', NULL, NULL),
(648, '75', 'account_title', 'Ali Youqoup', '0', NULL, NULL),
(649, '75', 'account_number', '10604537', '0', NULL, NULL),
(650, '75', 'bank_name', '063-009', '0', NULL, NULL);

--
-- Indexes for dumped tables
--

--
-- Indexes for table `all_notifications`
--
ALTER TABLE `all_notifications`
  ADD PRIMARY KEY (`id`);

--
-- Indexes for table `company`
--
ALTER TABLE `company`
  ADD PRIMARY KEY (`id`);

--
-- Indexes for table `company_documents`
--
ALTER TABLE `company_documents`
  ADD PRIMARY KEY (`id`);

--
-- Indexes for table `employee_attendances`
--
ALTER TABLE `employee_attendances`
  ADD PRIMARY KEY (`id`);

--
-- Indexes for table `employee_breaks`
--
ALTER TABLE `employee_breaks`
  ADD PRIMARY KEY (`id`);

--
-- Indexes for table `employee_signed_documents`
--
ALTER TABLE `employee_signed_documents`
  ADD PRIMARY KEY (`id`);

--
-- Indexes for table `emp_access`
--
ALTER TABLE `emp_access`
  ADD PRIMARY KEY (`id`);

--
-- Indexes for table `emp_company_details`
--
ALTER TABLE `emp_company_details`
  ADD PRIMARY KEY (`id`);

--
-- Indexes for table `emp_documents`
--
ALTER TABLE `emp_documents`
  ADD PRIMARY KEY (`id`);

--
-- Indexes for table `emp_emergency_contacts`
--
ALTER TABLE `emp_emergency_contacts`
  ADD PRIMARY KEY (`id`);

--
-- Indexes for table `emp_permits`
--
ALTER TABLE `emp_permits`
  ADD PRIMARY KEY (`id`);

--
-- Indexes for table `emp_personal_details`
--
ALTER TABLE `emp_personal_details`
  ADD PRIMARY KEY (`id`);

--
-- Indexes for table `emp_teams`
--
ALTER TABLE `emp_teams`
  ADD PRIMARY KEY (`id`);

--
-- Indexes for table `emp_teams_members`
--
ALTER TABLE `emp_teams_members`
  ADD PRIMARY KEY (`id`);

--
-- Indexes for table `emp_types`
--
ALTER TABLE `emp_types`
  ADD PRIMARY KEY (`id`);

--
-- Indexes for table `failed_jobs`
--
ALTER TABLE `failed_jobs`
  ADD PRIMARY KEY (`id`),
  ADD UNIQUE KEY `failed_jobs_uuid_unique` (`uuid`);

--
-- Indexes for table `funds`
--
ALTER TABLE `funds`
  ADD PRIMARY KEY (`id`);

--
-- Indexes for table `funds_meta`
--
ALTER TABLE `funds_meta`
  ADD PRIMARY KEY (`id`);

--
-- Indexes for table `jobs`
--
ALTER TABLE `jobs`
  ADD PRIMARY KEY (`id`),
  ADD KEY `jobs_queue_index` (`queue`);

--
-- Indexes for table `leave_packages`
--
ALTER TABLE `leave_packages`
  ADD PRIMARY KEY (`id`);

--
-- Indexes for table `leave_requests`
--
ALTER TABLE `leave_requests`
  ADD PRIMARY KEY (`id`);

--
-- Indexes for table `leave_types`
--
ALTER TABLE `leave_types`
  ADD PRIMARY KEY (`id`);

--
-- Indexes for table `meetings`
--
ALTER TABLE `meetings`
  ADD PRIMARY KEY (`id`);

--
-- Indexes for table `meeting_attendances`
--
ALTER TABLE `meeting_attendances`
  ADD PRIMARY KEY (`id`);

--
-- Indexes for table `meeting_documents`
--
ALTER TABLE `meeting_documents`
  ADD PRIMARY KEY (`id`);

--
-- Indexes for table `meeting_guest_users`
--
ALTER TABLE `meeting_guest_users`
  ADD PRIMARY KEY (`id`);

--
-- Indexes for table `meeting_histories`
--
ALTER TABLE `meeting_histories`
  ADD PRIMARY KEY (`id`);

--
-- Indexes for table `meeting_organisers`
--
ALTER TABLE `meeting_organisers`
  ADD PRIMARY KEY (`id`);

--
-- Indexes for table `meeting_users`
--
ALTER TABLE `meeting_users`
  ADD PRIMARY KEY (`id`);

--
-- Indexes for table `migrations`
--
ALTER TABLE `migrations`
  ADD PRIMARY KEY (`id`);

--
-- Indexes for table `notifications`
--
ALTER TABLE `notifications`
  ADD PRIMARY KEY (`id`);

--
-- Indexes for table `password_resets`
--
ALTER TABLE `password_resets`
  ADD KEY `password_resets_email_index` (`email`);

--
-- Indexes for table `permissions_modules`
--
ALTER TABLE `permissions_modules`
  ADD PRIMARY KEY (`id`);

--
-- Indexes for table `permissions_sub_modules`
--
ALTER TABLE `permissions_sub_modules`
  ADD PRIMARY KEY (`id`);

--
-- Indexes for table `personal_access_tokens`
--
ALTER TABLE `personal_access_tokens`
  ADD PRIMARY KEY (`id`),
  ADD UNIQUE KEY `personal_access_tokens_token_unique` (`token`),
  ADD KEY `personal_access_tokens_tokenable_type_tokenable_id_index` (`tokenable_type`,`tokenable_id`);

--
-- Indexes for table `porfile_submitted_logs`
--
ALTER TABLE `porfile_submitted_logs`
  ADD PRIMARY KEY (`id`);

--
-- Indexes for table `projects`
--
ALTER TABLE `projects`
  ADD PRIMARY KEY (`id`);

--
-- Indexes for table `projects_meta`
--
ALTER TABLE `projects_meta`
  ADD PRIMARY KEY (`id`);

--
-- Indexes for table `project_documents`
--
ALTER TABLE `project_documents`
  ADD PRIMARY KEY (`id`);

--
-- Indexes for table `project_document_history`
--
ALTER TABLE `project_document_history`
  ADD PRIMARY KEY (`id`);

--
-- Indexes for table `project_history`
--
ALTER TABLE `project_history`
  ADD PRIMARY KEY (`id`);

--
-- Indexes for table `project_sites`
--
ALTER TABLE `project_sites`
  ADD PRIMARY KEY (`id`);

--
-- Indexes for table `public_holidays`
--
ALTER TABLE `public_holidays`
  ADD PRIMARY KEY (`id`);

--
-- Indexes for table `required_documents`
--
ALTER TABLE `required_documents`
  ADD PRIMARY KEY (`id`);

--
-- Indexes for table `roles`
--
ALTER TABLE `roles`
  ADD PRIMARY KEY (`id`);

--
-- Indexes for table `roles_history`
--
ALTER TABLE `roles_history`
  ADD PRIMARY KEY (`id`);

--
-- Indexes for table `role_history`
--
ALTER TABLE `role_history`
  ADD PRIMARY KEY (`id`);

--
-- Indexes for table `role_permissions`
--
ALTER TABLE `role_permissions`
  ADD PRIMARY KEY (`id`);

--
-- Indexes for table `roster_assigns`
--
ALTER TABLE `roster_assigns`
  ADD PRIMARY KEY (`id`);

--
-- Indexes for table `roster_histories`
--
ALTER TABLE `roster_histories`
  ADD PRIMARY KEY (`id`);

--
-- Indexes for table `roster_templates`
--
ALTER TABLE `roster_templates`
  ADD PRIMARY KEY (`id`);

--
-- Indexes for table `settings`
--
ALTER TABLE `settings`
  ADD PRIMARY KEY (`id`);

--
-- Indexes for table `sites`
--
ALTER TABLE `sites`
  ADD PRIMARY KEY (`id`);

--
-- Indexes for table `site_hisotry`
--
ALTER TABLE `site_hisotry`
  ADD PRIMARY KEY (`id`);

--
-- Indexes for table `team_histories`
--
ALTER TABLE `team_histories`
  ADD PRIMARY KEY (`id`);

--
-- Indexes for table `tiers`
--
ALTER TABLE `tiers`
  ADD PRIMARY KEY (`id`);

--
-- Indexes for table `tier_employees`
--
ALTER TABLE `tier_employees`
  ADD PRIMARY KEY (`id`);

--
-- Indexes for table `tier_packages`
--
ALTER TABLE `tier_packages`
  ADD PRIMARY KEY (`id`);

--
-- Indexes for table `tier_permissions`
--
ALTER TABLE `tier_permissions`
  ADD PRIMARY KEY (`id`);

--
-- Indexes for table `user_meta`
--
ALTER TABLE `user_meta`
  ADD PRIMARY KEY (`id`);

--
-- AUTO_INCREMENT for dumped tables
--

--
-- AUTO_INCREMENT for table `all_notifications`
--
ALTER TABLE `all_notifications`
  MODIFY `id` bigint(20) UNSIGNED NOT NULL AUTO_INCREMENT, AUTO_INCREMENT=189;

--
-- AUTO_INCREMENT for table `company`
--
ALTER TABLE `company`
  MODIFY `id` bigint(20) UNSIGNED NOT NULL AUTO_INCREMENT, AUTO_INCREMENT=8;

--
-- AUTO_INCREMENT for table `company_documents`
--
ALTER TABLE `company_documents`
  MODIFY `id` bigint(20) UNSIGNED NOT NULL AUTO_INCREMENT, AUTO_INCREMENT=2;

--
-- AUTO_INCREMENT for table `employee_attendances`
--
ALTER TABLE `employee_attendances`
  MODIFY `id` bigint(20) UNSIGNED NOT NULL AUTO_INCREMENT, AUTO_INCREMENT=204;

--
-- AUTO_INCREMENT for table `employee_breaks`
--
ALTER TABLE `employee_breaks`
  MODIFY `id` bigint(20) UNSIGNED NOT NULL AUTO_INCREMENT, AUTO_INCREMENT=28;

--
-- AUTO_INCREMENT for table `employee_signed_documents`
--
ALTER TABLE `employee_signed_documents`
  MODIFY `id` bigint(20) UNSIGNED NOT NULL AUTO_INCREMENT, AUTO_INCREMENT=16;

--
-- AUTO_INCREMENT for table `emp_access`
--
ALTER TABLE `emp_access`
  MODIFY `id` bigint(20) UNSIGNED NOT NULL AUTO_INCREMENT, AUTO_INCREMENT=100;

--
-- AUTO_INCREMENT for table `emp_company_details`
--
ALTER TABLE `emp_company_details`
  MODIFY `id` bigint(20) UNSIGNED NOT NULL AUTO_INCREMENT, AUTO_INCREMENT=90;

--
-- AUTO_INCREMENT for table `emp_documents`
--
ALTER TABLE `emp_documents`
  MODIFY `id` bigint(20) UNSIGNED NOT NULL AUTO_INCREMENT, AUTO_INCREMENT=834;

--
-- AUTO_INCREMENT for table `emp_emergency_contacts`
--
ALTER TABLE `emp_emergency_contacts`
  MODIFY `id` bigint(20) UNSIGNED NOT NULL AUTO_INCREMENT, AUTO_INCREMENT=92;

--
-- AUTO_INCREMENT for table `emp_permits`
--
ALTER TABLE `emp_permits`
  MODIFY `id` bigint(20) UNSIGNED NOT NULL AUTO_INCREMENT, AUTO_INCREMENT=5;

--
-- AUTO_INCREMENT for table `emp_personal_details`
--
ALTER TABLE `emp_personal_details`
  MODIFY `id` bigint(20) UNSIGNED NOT NULL AUTO_INCREMENT, AUTO_INCREMENT=84;

--
-- AUTO_INCREMENT for table `emp_teams`
--
ALTER TABLE `emp_teams`
  MODIFY `id` bigint(20) UNSIGNED NOT NULL AUTO_INCREMENT, AUTO_INCREMENT=14;

--
-- AUTO_INCREMENT for table `emp_teams_members`
--
ALTER TABLE `emp_teams_members`
  MODIFY `id` bigint(20) UNSIGNED NOT NULL AUTO_INCREMENT, AUTO_INCREMENT=272;

--
-- AUTO_INCREMENT for table `emp_types`
--
ALTER TABLE `emp_types`
  MODIFY `id` bigint(20) UNSIGNED NOT NULL AUTO_INCREMENT, AUTO_INCREMENT=4;

--
-- AUTO_INCREMENT for table `failed_jobs`
--
ALTER TABLE `failed_jobs`
  MODIFY `id` bigint(20) UNSIGNED NOT NULL AUTO_INCREMENT;

--
-- AUTO_INCREMENT for table `funds`
--
ALTER TABLE `funds`
  MODIFY `id` bigint(20) UNSIGNED NOT NULL AUTO_INCREMENT, AUTO_INCREMENT=4;

--
-- AUTO_INCREMENT for table `funds_meta`
--
ALTER TABLE `funds_meta`
  MODIFY `id` bigint(20) UNSIGNED NOT NULL AUTO_INCREMENT, AUTO_INCREMENT=78;

--
-- AUTO_INCREMENT for table `jobs`
--
ALTER TABLE `jobs`
  MODIFY `id` bigint(20) UNSIGNED NOT NULL AUTO_INCREMENT;

--
-- AUTO_INCREMENT for table `leave_packages`
--
ALTER TABLE `leave_packages`
  MODIFY `id` bigint(20) UNSIGNED NOT NULL AUTO_INCREMENT, AUTO_INCREMENT=4;

--
-- AUTO_INCREMENT for table `leave_requests`
--
ALTER TABLE `leave_requests`
  MODIFY `id` bigint(20) UNSIGNED NOT NULL AUTO_INCREMENT, AUTO_INCREMENT=20;

--
-- AUTO_INCREMENT for table `leave_types`
--
ALTER TABLE `leave_types`
  MODIFY `id` bigint(20) UNSIGNED NOT NULL AUTO_INCREMENT, AUTO_INCREMENT=3;

--
-- AUTO_INCREMENT for table `meetings`
--
ALTER TABLE `meetings`
  MODIFY `id` bigint(20) UNSIGNED NOT NULL AUTO_INCREMENT, AUTO_INCREMENT=126;

--
-- AUTO_INCREMENT for table `meeting_attendances`
--
ALTER TABLE `meeting_attendances`
  MODIFY `id` bigint(20) UNSIGNED NOT NULL AUTO_INCREMENT, AUTO_INCREMENT=136;

--
-- AUTO_INCREMENT for table `meeting_documents`
--
ALTER TABLE `meeting_documents`
  MODIFY `id` bigint(20) UNSIGNED NOT NULL AUTO_INCREMENT, AUTO_INCREMENT=27;

--
-- AUTO_INCREMENT for table `meeting_guest_users`
--
ALTER TABLE `meeting_guest_users`
  MODIFY `id` bigint(20) UNSIGNED NOT NULL AUTO_INCREMENT, AUTO_INCREMENT=6;

--
-- AUTO_INCREMENT for table `meeting_histories`
--
ALTER TABLE `meeting_histories`
  MODIFY `id` bigint(20) UNSIGNED NOT NULL AUTO_INCREMENT, AUTO_INCREMENT=172;

--
-- AUTO_INCREMENT for table `meeting_organisers`
--
ALTER TABLE `meeting_organisers`
  MODIFY `id` bigint(20) UNSIGNED NOT NULL AUTO_INCREMENT, AUTO_INCREMENT=137;

--
-- AUTO_INCREMENT for table `meeting_users`
--
ALTER TABLE `meeting_users`
  MODIFY `id` bigint(20) UNSIGNED NOT NULL AUTO_INCREMENT, AUTO_INCREMENT=35;

--
-- AUTO_INCREMENT for table `migrations`
--
ALTER TABLE `migrations`
  MODIFY `id` int(10) UNSIGNED NOT NULL AUTO_INCREMENT, AUTO_INCREMENT=174;

--
-- AUTO_INCREMENT for table `notifications`
--
ALTER TABLE `notifications`
  MODIFY `id` bigint(20) UNSIGNED NOT NULL AUTO_INCREMENT;

--
-- AUTO_INCREMENT for table `permissions_modules`
--
ALTER TABLE `permissions_modules`
  MODIFY `id` bigint(20) UNSIGNED NOT NULL AUTO_INCREMENT, AUTO_INCREMENT=14;

--
-- AUTO_INCREMENT for table `permissions_sub_modules`
--
ALTER TABLE `permissions_sub_modules`
  MODIFY `id` bigint(20) UNSIGNED NOT NULL AUTO_INCREMENT, AUTO_INCREMENT=24;

--
-- AUTO_INCREMENT for table `personal_access_tokens`
--
ALTER TABLE `personal_access_tokens`
  MODIFY `id` bigint(20) UNSIGNED NOT NULL AUTO_INCREMENT, AUTO_INCREMENT=563;

--
-- AUTO_INCREMENT for table `porfile_submitted_logs`
--
ALTER TABLE `porfile_submitted_logs`
  MODIFY `id` bigint(20) UNSIGNED NOT NULL AUTO_INCREMENT, AUTO_INCREMENT=3;

--
-- AUTO_INCREMENT for table `projects`
--
ALTER TABLE `projects`
  MODIFY `id` bigint(20) UNSIGNED NOT NULL AUTO_INCREMENT, AUTO_INCREMENT=4;

--
-- AUTO_INCREMENT for table `projects_meta`
--
ALTER TABLE `projects_meta`
  MODIFY `id` bigint(20) UNSIGNED NOT NULL AUTO_INCREMENT, AUTO_INCREMENT=13;

--
-- AUTO_INCREMENT for table `project_documents`
--
ALTER TABLE `project_documents`
  MODIFY `id` bigint(20) UNSIGNED NOT NULL AUTO_INCREMENT, AUTO_INCREMENT=3;

--
-- AUTO_INCREMENT for table `project_document_history`
--
ALTER TABLE `project_document_history`
  MODIFY `id` bigint(20) UNSIGNED NOT NULL AUTO_INCREMENT, AUTO_INCREMENT=4;

--
-- AUTO_INCREMENT for table `project_history`
--
ALTER TABLE `project_history`
  MODIFY `id` bigint(20) UNSIGNED NOT NULL AUTO_INCREMENT, AUTO_INCREMENT=2;

--
-- AUTO_INCREMENT for table `project_sites`
--
ALTER TABLE `project_sites`
  MODIFY `id` bigint(20) UNSIGNED NOT NULL AUTO_INCREMENT, AUTO_INCREMENT=8;

--
-- AUTO_INCREMENT for table `public_holidays`
--
ALTER TABLE `public_holidays`
  MODIFY `id` bigint(20) UNSIGNED NOT NULL AUTO_INCREMENT, AUTO_INCREMENT=3;

--
-- AUTO_INCREMENT for table `required_documents`
--
ALTER TABLE `required_documents`
  MODIFY `id` bigint(20) UNSIGNED NOT NULL AUTO_INCREMENT, AUTO_INCREMENT=19;

--
-- AUTO_INCREMENT for table `roles`
--
ALTER TABLE `roles`
  MODIFY `id` bigint(20) UNSIGNED NOT NULL AUTO_INCREMENT, AUTO_INCREMENT=345;

--
-- AUTO_INCREMENT for table `roles_history`
--
ALTER TABLE `roles_history`
  MODIFY `id` bigint(20) UNSIGNED NOT NULL AUTO_INCREMENT;

--
-- AUTO_INCREMENT for table `role_history`
--
ALTER TABLE `role_history`
  MODIFY `id` bigint(20) UNSIGNED NOT NULL AUTO_INCREMENT;

--
-- AUTO_INCREMENT for table `role_permissions`
--
ALTER TABLE `role_permissions`
  MODIFY `id` bigint(20) UNSIGNED NOT NULL AUTO_INCREMENT, AUTO_INCREMENT=333;

--
-- AUTO_INCREMENT for table `roster_assigns`
--
ALTER TABLE `roster_assigns`
  MODIFY `id` bigint(20) UNSIGNED NOT NULL AUTO_INCREMENT, AUTO_INCREMENT=2241;

--
-- AUTO_INCREMENT for table `roster_histories`
--
ALTER TABLE `roster_histories`
  MODIFY `id` bigint(20) UNSIGNED NOT NULL AUTO_INCREMENT, AUTO_INCREMENT=123;

--
-- AUTO_INCREMENT for table `roster_templates`
--
ALTER TABLE `roster_templates`
  MODIFY `id` bigint(20) UNSIGNED NOT NULL AUTO_INCREMENT, AUTO_INCREMENT=2248;

--
-- AUTO_INCREMENT for table `settings`
--
ALTER TABLE `settings`
  MODIFY `id` bigint(20) UNSIGNED NOT NULL AUTO_INCREMENT, AUTO_INCREMENT=8;

--
-- AUTO_INCREMENT for table `sites`
--
ALTER TABLE `sites`
  MODIFY `id` bigint(20) UNSIGNED NOT NULL AUTO_INCREMENT, AUTO_INCREMENT=12;

--
-- AUTO_INCREMENT for table `site_hisotry`
--
ALTER TABLE `site_hisotry`
  MODIFY `id` bigint(20) UNSIGNED NOT NULL AUTO_INCREMENT, AUTO_INCREMENT=25;

--
-- AUTO_INCREMENT for table `team_histories`
--
ALTER TABLE `team_histories`
  MODIFY `id` bigint(20) UNSIGNED NOT NULL AUTO_INCREMENT, AUTO_INCREMENT=130;

--
-- AUTO_INCREMENT for table `tiers`
--
ALTER TABLE `tiers`
  MODIFY `id` bigint(20) UNSIGNED NOT NULL AUTO_INCREMENT, AUTO_INCREMENT=8;

--
-- AUTO_INCREMENT for table `tier_employees`
--
ALTER TABLE `tier_employees`
  MODIFY `id` bigint(20) UNSIGNED NOT NULL AUTO_INCREMENT;

--
-- AUTO_INCREMENT for table `tier_packages`
--
ALTER TABLE `tier_packages`
  MODIFY `id` bigint(20) UNSIGNED NOT NULL AUTO_INCREMENT, AUTO_INCREMENT=3;

--
-- AUTO_INCREMENT for table `tier_permissions`
--
ALTER TABLE `tier_permissions`
  MODIFY `id` bigint(20) UNSIGNED NOT NULL AUTO_INCREMENT, AUTO_INCREMENT=379;

--
-- AUTO_INCREMENT for table `user_meta`
--
ALTER TABLE `user_meta`
  MODIFY `id` bigint(20) UNSIGNED NOT NULL AUTO_INCREMENT, AUTO_INCREMENT=651;
COMMIT;

